000
CXUS54 KEPZ 221200
CF6SRR
PRELIMINARY LOCAL CLIMATOLOGICAL DATA (WS FORM: F-6)

                                          STATION:   RUIDOSO        AWOS
                                          MONTH:     MAY
                                          YEAR:      2019
                                          LATITUDE:   33 28 N
                                          LONGITUDE: 105 32 W

  TEMPERATURE IN F:       :PCPN:    SNOW:  WIND      :SUNSHINE: SKY     :PK WND
================================================================================
1   2   3   4   5  6A  6B    7    8   9   10  11  12  13   14  15   16   17  18
                                     12Z  AVG MX 2MIN
DY MAX MIN AVG DEP HDD CDD  WTR  SNW DPTH SPD SPD DIR MIN PSBL S-S WX    SPD DR
================================================================================

 1  68  48  58   M   7   0 0.00  0.0    0 16.9 30 230   M    M   0        36 230
 2  63  39  51   M  14   0 0.00  0.0    0  8.1 14 120   M    M   0        23  90
 3  72  43  58   M   7   0 0.00  0.0    0  7.9 18 320   M    M   1        23 320
 4  70  41  56   M   9   0 0.00  0.0    0  7.2 16 140   M    M   2        21 130
 5  73  50  62   M   3   0 0.00  0.0    0 10.8 23 230   M    M   0        30 220
 6  75  52  64   M   1   0 0.00  0.0    0 12.8 27 230   M    M   1        32 230
 7  66  46  56   M   9   0 0.00  0.0    0 17.8 28 230   M    M   2        40 230
 8  63  41  52   M  13   0 0.04    M    0 13.2 21 320   M    M   3        32 320
 9  54  37  46   M  19   0 0.00  0.0    0 10.6 17 130   M    M   9 1      24 130
10  43  32  38   M  27   0 0.16    M    0  7.7 16 120   M    M  10 12      M  M
11  57  37  47   M  18   0 0.04    M    0  6.9 22 270   M    M   6 12     28 270
12  59  34  47   M  18   0 0.00  0.0    0  6.8 14 130   M    M   1         M  M
13  66  39  53   M  12   0 0.00  0.0    0  4.9 12 140   M    M   1        16 140
14  72  46  59   M   6   0 0.03    M    0  6.6 15 190   M    M   2        22 190
15  75  48  62   M   3   0 0.00  0.0    0  7.2 27 130   M    M   3        36 130
16  79  50  65   M   0   0 0.00  0.0    0 10.8 24 230   M    M   0        38 210
17  68  55  62   M   3   0 0.00  0.0    0 22.4 36 240   M    M   0        51 250
18  64  45  55   M  10   0 0.00  0.0    0 15.1 25 270   M    M   0        41 260
19  68  41  55   M  10   0 0.00  0.0    0 11.0 22 190   M    M   0        30 210
20  63  37  50   M  15   0 0.00  0.0    0 20.1 40 220   M    M   2        58 220
21  59  36  48   M  17   0 0.00  0.0    0 22.4 35 240   M    M   0        46 230
================================================================================
SM 1377  897       221   0  0.27     0.0 247.2          M       43
================================================================================
AV 65.6 42.7                              11.8 FASTST   M    M   2    MAX(MPH)
                                 MISC ---->  # 40 220               # 58  220
================================================================================
NOTES:
# LAST OF SEVERAL OCCURRENCES

COLUMN 17 PEAK WIND IN M.P.H.

PRELIMINARY LOCAL CLIMATOLOGICAL DATA (WS FORM: F-6) , PAGE 2

                                          STATION:  RUIDOSO        AWOS
                                          MONTH:    MAY
                                          YEAR:     2019
                                          LATITUDE:   33 28 N
                                          LONGITUDE: 105 32 W

[TEMPERATURE DATA]      [PRECIPITATION DATA]       SYMBOLS USED IN COLUMN 16

AVERAGE MONTHLY: 54.1   TOTAL FOR MONTH:   0.27    1 = FOG OR MIST
DPTR FM NORMAL:     M   DPTR FM NORMAL:       M    2 = FOG REDUCING VISIBILITY
HIGHEST:    79 ON 16    GRTST 24HR  0.16 ON 10-10      TO 1/4 MILE OR LESS
LOWEST:     32 ON 10                               3 = THUNDER
                        SNOW, ICE PELLETS, HAIL    4 = ICE PELLETS
                        TOTAL MONTH:   0.0 INCH    5 = HAIL
                        GRTST 24HR     0.0         6 = FREEZING RAIN OR DRIZZLE
                        GRTST DEPTH:   0           7 = DUSTSTORM OR SANDSTORM:
                                                       VSBY 1/2 MILE OR LESS
                                                   8 = SMOKE OR HAZE
[NO. OF DAYS WITH]      [WEATHER - DAYS WITH]      9 = BLOWING SNOW
                                                   X = TORNADO
MAX 32 OR BELOW:   0    0.01 INCH OR MORE:   4
MAX 90 OR ABOVE:   0    0.10 INCH OR MORE:   1
MIN 32 OR BELOW:   1    0.50 INCH OR MORE:   0
MIN  0 OR BELOW:   0    1.00 INCH OR MORE:   0

[HDD (BASE 65) ]
TOTAL THIS MO.   221    CLEAR  (SCALE 0-3)  17
DPTR FM NORMAL     M    PTCLDY (SCALE 4-7)   2
TOTAL FM JUL 1  4308    CLOUDY (SCALE 8-10)  2
DPTR FM NORMAL     M

[CDD (BASE 65) ]
TOTAL THIS MO.     0
DPTR FM NORMAL     M    [PRESSURE DATA]
TOTAL FM JAN 1     0    HIGHEST SLP M ON M
DPTR FM NORMAL     M    LOWEST  SLP M ON M

[REMARKS]
