925
CXUS54 KEWX 250910
CF6SSF
PRELIMINARY LOCAL CLIMATOLOGICAL DATA (WS FORM: F-6)

                                          STATION:   SAN ANTONIO STINSON FIELD
                                          MONTH:     MAY
                                          YEAR:      2019
                                          LATITUDE:   29 19 N
                                          LONGITUDE:  98 29 W

  TEMPERATURE IN F:       :PCPN:    SNOW:  WIND      :SUNSHINE: SKY     :PK WND
================================================================================
1   2   3   4   5  6A  6B    7    8   9   10  11  12  13   14  15   16   17  18
                                     12Z  AVG MX 2MIN
DY MAX MIN AVG DEP HDD CDD  WTR  SNW DPTH SPD SPD DIR MIN PSBL S-S WX    SPD DR
================================================================================

 1  82  76  79   5   0  14    T    M    M  9.5 17 140   M    M  10        23 130
 2  85  68  77   3   0  12 0.01    M    M 10.9 23  70   M    M   9 18     34  80
 3  84  64  74   0   0   9 1.24    M    M  8.9 26 130   M    M   8 13     33 330
 4  88  62  75   1   0  10 0.00    M    M  5.0 12  80   M    M   2 138    17 100
 5  87  63  75   0   0  10 0.00    M    M  6.4 15 130   M    M   1        19 150
 6  79  67  73  -2   0   8 0.21    M    M  6.4 28 150   M    M   6 138    36 150
 7  89  70  80   5   0  15 0.08    M    M  9.9 22 140   M    M   8 18     27 140
 8  85  68  77   1   0  12 0.71    M    M  8.8 17 120   M    M   7 138    23 120
 9  85  66  76   0   0  11 0.02    M    M  6.9 22  10   M    M   6 138    33  30
10  68  60  64 -12   1   0 0.01    M    M 11.0 22  10   M    M  10 3      29  10
11  74  59  67  -9   0   2 0.03    M    M  5.4 13 350   M    M   9 18     17 360
12  83  58  71  -5   0   6    T    M    M  6.3 14 100   M    M   2        23 100
13  82  61  72  -5   0   7 0.00    M    M  5.1 12  60   M    M   5        16  70
14  88  66  77   0   0  12 0.28    M    M  4.3 14 140   M    M   5 138    20  90
15  87  68  78   1   0  13    T    M    M  4.2 13 140   M    M   5 18     16 100
16  89  70  80   2   0  15 0.00    M    M  6.5 15 130   M    M   6 8      21 130
17  91  74  83   5   0  18 0.00    M    M 11.5 23 140   M    M   8        30 140
18  87  77  82   4   0  17 0.05    M    M  8.4 20 140   M    M   9 8      25 130
19  92  74  83   5   0  18 0.00    M    M  6.5 18 130   M    M   7 128    24 120
20  93  79  86   8   0  21 0.00    M    M 15.1 29 130   M    M   7 8      39 130
21  92  73  83   4   0  18    T    M    M  8.0 25 140   M    M   5 8      33 150
22  92  78  85   6   0  20    T    M    M 15.0 23 130   M    M   9 8      31 130
23  94  77  86   7   0  21    T    M    M 16.1 28 120   M    M   7        35 120
24  92  76  84   5   0  19    T    M    M 15.0 25 120   M    M   6        32 150
================================================================================
SM 2068 1654         1 308  2.64    M    211.1          M      157
================================================================================
AV 86.2 68.9                               8.8 FASTST   M    M   7    MAX(MPH)
                                 MISC ---->  # 29 130               # 39  130
================================================================================
NOTES:
# LAST OF SEVERAL OCCURRENCES

COLUMN 17 PEAK WIND IN M.P.H.

PRELIMINARY LOCAL CLIMATOLOGICAL DATA (WS FORM: F-6) , PAGE 2

                                          STATION:  SAN ANTONIO STINSON FIELD
                                          MONTH:    MAY
                                          YEAR:     2019
                                          LATITUDE:   29 19 N
                                          LONGITUDE:  98 29 W

[TEMPERATURE DATA]      [PRECIPITATION DATA]       SYMBOLS USED IN COLUMN 16

AVERAGE MONTHLY: 77.5   TOTAL FOR MONTH:   2.64    1 = FOG OR MIST
DPTR FM NORMAL:   1.0   DPTR FM NORMAL:    0.02    2 = FOG REDUCING VISIBILITY
HIGHEST:    94 ON 23    GRTST 24HR  1.24 ON  3- 3      TO 1/4 MILE OR LESS
LOWEST:     58 ON 12                               3 = THUNDER
                        SNOW, ICE PELLETS, HAIL    4 = ICE PELLETS
                        TOTAL MONTH:    M          5 = HAIL
                        GRTST 24HR    M  ON   M    6 = FREEZING RAIN OR DRIZZLE
                        GRTST DEPTH:  M  ON   M    7 = DUSTSTORM OR SANDSTORM:
                                                       VSBY 1/2 MILE OR LESS
                                                   8 = SMOKE OR HAZE
[NO. OF DAYS WITH]      [WEATHER - DAYS WITH]      9 = BLOWING SNOW
                                                   X = TORNADO
MAX 32 OR BELOW:   0    0.01 INCH OR MORE:  10
MAX 90 OR ABOVE:   7    0.10 INCH OR MORE:   4
MIN 32 OR BELOW:   0    0.50 INCH OR MORE:   2
MIN  0 OR BELOW:   0    1.00 INCH OR MORE:   1

[HDD (BASE 65) ]
TOTAL THIS MO.     1    CLEAR  (SCALE 0-3)   3
DPTR FM NORMAL     1    PTCLDY (SCALE 4-7)  15
TOTAL FM JUL 1  1272    CLOUDY (SCALE 8-10)  6
DPTR FM NORMAL  -138

[CDD (BASE 65) ]
TOTAL THIS MO.   308
DPTR FM NORMAL    28    [PRESSURE DATA]
TOTAL FM JAN 1   650    HIGHEST SLP M ON M
DPTR FM NORMAL    84    LOWEST  SLP 29.50 ON 21

[REMARKS]
