000
CXUS52 KJAX 230800
CF6SSI
PRELIMINARY LOCAL CLIMATOLOGICAL DATA (WS FORM: F-6)

                                          STATION:   ST SIMONS ISLAND GA
                                          MONTH:     MARCH
                                          YEAR:      2019
                                          LATITUDE:   31  9 N
                                          LONGITUDE:  81 23 W

  TEMPERATURE IN F:       :PCPN:    SNOW:  WIND      :SUNSHINE: SKY     :PK WND
================================================================================
1   2   3   4   5  6A  6B    7    8   9   10  11  12  13   14  15   16   17  18
                                     12Z  AVG MX 2MIN
DY MAX MIN AVG DEP HDD CDD  WTR  SNW DPTH SPD SPD DIR MIN PSBL S-S WX    SPD DR
================================================================================

 1  72  61  67  10   0   2 0.50  0.0    0  5.5 13 140   M    M   4 13     23 250
 2  73  60  67  10   0   2 0.12  0.0    0  4.9 14 160   M    M   4 13     24 240
 3  76  64  70  12   0   5 0.31  0.0    0  7.4 18 220   M    M   5 1      24 170
 4  68  50  59   1   6   0 0.00  0.0    0  9.9 20 230   M    M   5        26 290
 5  58  44  51  -7  14   0 0.28  0.0    0  9.4 17 270   M    M   4 1      25 270
 6  55  36  46 -12  19   0 0.00  0.0    0  7.4 17 320   M    M   0        27 350
 7  60  36  48 -10  17   0 0.00  0.0    0  5.1 12 130   M    M   0        19 110
 8  69  46  58  -1   7   0 0.00  0.0    0  5.6 14 170   M    M   0 1      20 150
 9  73  54  64   5   1   0 0.00  0.0    0  6.9 14 150   M    M   0        21 140
10  78  64  71  12   0   6 0.00  0.0    0  7.0 14 180   M    M   3        24 110
11  80  61  71  12   0   6 0.28  0.0    0  6.7 16  30   M    M   3 1      23  20
12  69  58  64   4   1   0 0.00  0.0    0 10.1 18  50   M    M   3        26  40
13  74  61  68   8   0   3 0.00  0.0    0  8.6 14  60   M    M   2        17  70
14  75  61  68   8   0   3 0.00  0.0    0  8.1 15 160   M    M   0        26 150
15  75  65  70  10   0   5 0.00  0.0    0  8.6 16 180   M    M   2        24 180
16  71  56  64   4   1   0    T  0.0    0  6.9 16 360   M    M   7        24 360
17  59  53  56  -5   9   0 0.26  0.0    0  6.6 15  40   M    M   7 1      23 310
18  68  49  59  -2   6   0 0.00  0.0    0  5.7 15  10   M    M   0        20  10
19  60  55  58  -3   7   0 0.00  0.0    0 15.9 26  30   M    M   7        36  30
20  66  47  57  -4   8   0 0.00  0.0    0  7.8 16  90   M    M   4        22 100
21  74  44  59  -2   6   0 0.00  0.0    0  9.3 23 270   M    M   0 1      33 300
22  74  50  62   0   3   0 0.00  0.0    0  8.9 17 270   M    M   0        26 250
================================================================================
SM 1527 1175       105  32  1.75     0.0 172.3          M       60
================================================================================
AV 69.4 53.4                               7.8 FASTST   M    M   3    MAX(MPH)
                                 MISC ---->  # 26  30               # 36   30
================================================================================
NOTES:
# LAST OF SEVERAL OCCURRENCES

COLUMN 17 PEAK WIND IN M.P.H.

PRELIMINARY LOCAL CLIMATOLOGICAL DATA (WS FORM: F-6) , PAGE 2

                                          STATION:  ST SIMONS ISLAND GA
                                          MONTH:    MARCH
                                          YEAR:     2019
                                          LATITUDE:   31  9 N
                                          LONGITUDE:  81 23 W

[TEMPERATURE DATA]      [PRECIPITATION DATA]       SYMBOLS USED IN COLUMN 16

AVERAGE MONTHLY: 61.4   TOTAL FOR MONTH:   1.75    1 = FOG OR MIST
DPTR FM NORMAL:   2.0   DPTR FM NORMAL:   -1.05    2 = FOG REDUCING VISIBILITY
HIGHEST:    80 ON 11    GRTST 24HR  0.50 ON  1- 1      TO 1/4 MILE OR LESS
LOWEST:     36 ON  7, 6                            3 = THUNDER
                        SNOW, ICE PELLETS, HAIL    4 = ICE PELLETS
                        TOTAL MONTH:   0.0 INCH    5 = HAIL
                        GRTST 24HR     0.0         6 = FREEZING RAIN OR DRIZZLE
                        GRTST DEPTH:   0           7 = DUSTSTORM OR SANDSTORM:
                                                       VSBY 1/2 MILE OR LESS
                                                   8 = SMOKE OR HAZE
[NO. OF DAYS WITH]      [WEATHER - DAYS WITH]      9 = BLOWING SNOW
                                                   X = TORNADO
MAX 32 OR BELOW:   0    0.01 INCH OR MORE:   6
MAX 90 OR ABOVE:   0    0.10 INCH OR MORE:   6
MIN 32 OR BELOW:   0    0.50 INCH OR MORE:   1
MIN  0 OR BELOW:   0    1.00 INCH OR MORE:   0

[HDD (BASE 65) ]
TOTAL THIS MO.   105    CLEAR  (SCALE 0-3)  12
DPTR FM NORMAL   -38    PTCLDY (SCALE 4-7)  10
TOTAL FM JUL 1   958    CLOUDY (SCALE 8-10)  0
DPTR FM NORMAL  -436

[CDD (BASE 65) ]
TOTAL THIS MO.    32
DPTR FM NORMAL    11    [PRESSURE DATA]
TOTAL FM JAN 1    83    HIGHEST SLP M ON M
DPTR FM NORMAL    53    LOWEST  SLP 29.79 ON M

[REMARKS]
