000
CXUS52 KJAX 210800
CF6SSI
PRELIMINARY LOCAL CLIMATOLOGICAL DATA (WS FORM: F-6)

                                          STATION:   ST SIMONS ISLAND GA
                                          MONTH:     MAY
                                          YEAR:      2019
                                          LATITUDE:   31  9 N
                                          LONGITUDE:  81 23 W

  TEMPERATURE IN F:       :PCPN:    SNOW:  WIND      :SUNSHINE: SKY     :PK WND
================================================================================
1   2   3   4   5  6A  6B    7    8   9   10  11  12  13   14  15   16   17  18
                                     12Z  AVG MX 2MIN
DY MAX MIN AVG DEP HDD CDD  WTR  SNW DPTH SPD SPD DIR MIN PSBL S-S WX    SPD DR
================================================================================

 1  83  73  78   8   0  13 0.00  0.0    0  9.0 15 100   M    M   2        19 100
 2  84  73  79   8   0  14 0.06  0.0    0 11.7 18  70   M    M   2 1      27  40
 3  82  72  77   6   0  12 0.24  0.0    0  4.6 12 100   M    M   6 13     17  30
 4  89  71  80   9   0  15    T  0.0    0  9.0 17 160   M    M   4 1      24 150
 5  79  71  75   3   0  10 0.43  0.0    0  9.4 18 220   M    M   4 13     24 220
 6  84  69  77   5   0  12 0.00  0.0    0  6.4 14 150   M    M   1        16 140
 7  84  68  76   4   0  11 0.00  0.0    0  6.9 16 100   M    M   1        19  70
 8  83  74  79   7   0  14 0.00  0.0    0  9.5 16 100   M    M   0        20  90
 9  82  68  75   2   0  10 0.00  0.0    0  9.9 20 130   M    M   1        25 130
10  83  75  79   6   0  14 0.00  0.0    0 10.4 16 120   M    M   1        22 150
11  84  73  79   6   0  14 0.00  0.0    0  9.1 16 130   M    M   3        22 170
12  90  71  81   7   0  16 0.98  0.0    0  8.9 28 260   M    M   3 13     39 260
13  82  72  77   3   0  12 0.01  0.0    0  7.3 14 230   M    M   6 3      18 230
14  83  64  74   0   0   9 0.00  0.0    0  6.9 14 310   M    M   1 8      20 330
15  80  63  72  -2   0   7 0.00  0.0    0  7.0 15 120   M    M   1        20 100
16  82  67  75   0   0  10 0.00  0.0    0  7.6 17 160   M    M   2        23 150
17  87  71  79   4   0  14 0.00  0.0    0 10.4 17 160   M    M   1        24 150
18  86  73  80   5   0  15 0.00  0.0    0 10.5 16 150   M    M   1        22 150
19  85  69  77   2   0  12 0.00  0.0    0  8.3 16 130   M    M   1        21 120
20  87  75  81   5   0  16 0.00  0.0    0  8.9 17 130   M    M   1        22 130
================================================================================
SM 1679 1412         0 250  1.72     0.0 171.7          M       42
================================================================================
AV 84.0 70.6                               8.6 FASTST   M    M   2    MAX(MPH)
                                 MISC ---->  # 28 260               # 39  260
================================================================================
NOTES:
# LAST OF SEVERAL OCCURRENCES

COLUMN 17 PEAK WIND IN M.P.H.

PRELIMINARY LOCAL CLIMATOLOGICAL DATA (WS FORM: F-6) , PAGE 2

                                          STATION:  ST SIMONS ISLAND GA
                                          MONTH:    MAY
                                          YEAR:     2019
                                          LATITUDE:   31  9 N
                                          LONGITUDE:  81 23 W

[TEMPERATURE DATA]      [PRECIPITATION DATA]       SYMBOLS USED IN COLUMN 16

AVERAGE MONTHLY: 77.3   TOTAL FOR MONTH:   1.72    1 = FOG OR MIST
DPTR FM NORMAL:   4.2   DPTR FM NORMAL:    0.70    2 = FOG REDUCING VISIBILITY
HIGHEST:    90 ON 12    GRTST 24HR  0.98 ON 12-12      TO 1/4 MILE OR LESS
LOWEST:     63 ON 15                               3 = THUNDER
                        SNOW, ICE PELLETS, HAIL    4 = ICE PELLETS
                        TOTAL MONTH:   0.0 INCH    5 = HAIL
                        GRTST 24HR     0.0         6 = FREEZING RAIN OR DRIZZLE
                        GRTST DEPTH:   0           7 = DUSTSTORM OR SANDSTORM:
                                                       VSBY 1/2 MILE OR LESS
                                                   8 = SMOKE OR HAZE
[NO. OF DAYS WITH]      [WEATHER - DAYS WITH]      9 = BLOWING SNOW
                                                   X = TORNADO
MAX 32 OR BELOW:   0    0.01 INCH OR MORE:   5
MAX 90 OR ABOVE:   1    0.10 INCH OR MORE:   3
MIN 32 OR BELOW:   0    0.50 INCH OR MORE:   1
MIN  0 OR BELOW:   0    1.00 INCH OR MORE:   0

[HDD (BASE 65) ]
TOTAL THIS MO.     0    CLEAR  (SCALE 0-3)  16
DPTR FM NORMAL    -2    PTCLDY (SCALE 4-7)   4
TOTAL FM JUL 1  1010    CLOUDY (SCALE 8-10)  0
DPTR FM NORMAL  -476

[CDD (BASE 65) ]
TOTAL THIS MO.   250
DPTR FM NORMAL    84    [PRESSURE DATA]
TOTAL FM JAN 1   511    HIGHEST SLP  0.00 ON 13
DPTR FM NORMAL   202    LOWEST  SLP 29.79 ON M

[REMARKS]
