000
CXUS53 KMPX 241000
CF6STC
PRELIMINARY LOCAL CLIMATOLOGICAL DATA (WS FORM: F-6)

                                          STATION:   ST CLOUD MN
                                          MONTH:     MAY
                                          YEAR:      2019
                                          LATITUDE:   45 32 N
                                          LONGITUDE:  94  4 W

  TEMPERATURE IN F:       :PCPN:    SNOW:  WIND      :SUNSHINE: SKY     :PK WND
================================================================================
1   2   3   4   5  6A  6B    7    8   9   10  11  12  13   14  15   16   17  18
                                     12Z  AVG MX 2MIN
DY MAX MIN AVG DEP HDD CDD  WTR  SNW DPTH SPD SPD DIR MIN PSBL S-S WX    SPD DR
================================================================================

 1  45  36  41 -11  24   0 0.06  0.0    0  6.5 14  40   M    M  10 1      20  60
 2  53  34  44  -8  21   0 0.00  0.0    0  3.5 17 290   M    M   9 1      24 320
 3  60  28  44  -8  21   0 0.32  0.0    0  6.5 18 150   M    M   5 12     38 190
 4  71  34  53   0  12   0    T  0.0    0  7.4 20 230   M    M   5 12     27 260
 5  61  42  52  -1  13   0 0.13  0.0    0  6.9 14 310   M    M   5 1      20 350
 6  56  39  48  -6  17   0 0.00  0.0    0  8.8 21 300   M    M   4        30 300
 7  60  30  45  -9  20   0 0.00  0.0    0  5.3 12 110   M    M   0        19  30
 8  52  33  43 -11  22   0 0.79  0.4    0 12.3 21  30   M    M  10 1      35  40
 9  53  33  43 -11  22   0 0.07    T    0 11.5 23  10   M    M   8 1      32  20
10  60  29  45 -10  20   0 0.01  0.0    0  4.1 17 240   M    M   2 1      23 260
11  66  38  52  -3  13   0 0.00  0.0    0 11.1 25 160   M    M   2        40 180
12  60  39  50  -5  15   0 0.00  0.0    0  6.4 16 190   M    M   6        21 180
13  66  35  51  -5  14   0 0.00  0.0    0  6.8 18 190   M    M   1 1      24 200
14  76  41  59   3   6   0 0.00  0.0    0  4.3 14 160   M    M   2        21 160
15  75  43  59   3   6   0 0.00  0.0    0  7.0 15 160   M    M   1        22 170
16  75  50  63   6   2   0 0.00  0.0    0 10.4 20 190   M    M   1 3      28 330
17  68  46  57   0   8   0 0.09  0.0    0 10.8 18  50   M    M   3 3      29  80
18  46  42  44 -13  21   0 2.10  0.0    0 13.7 23  80   M    M  10 13     38  50
19  43  35  39 -19  26   0 0.79    T    0 12.0 24  30   M    M   9 1      41  20
20  63  36  50  -8  15   0 0.00  0.0    0  5.1 12 270   M    M   0        16 160
21  62  42  52  -6  13   0 0.74  0.0    0 12.1 26  70   M    M   3 1      44  50
22  57  46  52  -6  13   0 0.62  0.0    0 13.3 28 180   M    M  10 1      40 180
23  57  47  52  -7  13   0 0.01  0.0    0  9.6 20 290   M    M   9        26 280
================================================================================
SM 1385  878       357   0  5.73     0.4 195.4          M      115
================================================================================
AV 60.2 38.2                               8.5 FASTST   M    M   5    MAX(MPH)
                                 MISC ---->  # 28 180               # 44   50
================================================================================
NOTES:
# LAST OF SEVERAL OCCURRENCES

COLUMN 17 PEAK WIND IN M.P.H.

PRELIMINARY LOCAL CLIMATOLOGICAL DATA (WS FORM: F-6) , PAGE 2

                                          STATION:  ST CLOUD MN
                                          MONTH:    MAY
                                          YEAR:     2019
                                          LATITUDE:   45 32 N
                                          LONGITUDE:  94  4 W

[TEMPERATURE DATA]      [PRECIPITATION DATA]       SYMBOLS USED IN COLUMN 16

AVERAGE MONTHLY: 49.2   TOTAL FOR MONTH:   5.73    1 = FOG OR MIST
DPTR FM NORMAL:  -6.2   DPTR FM NORMAL:    3.58    2 = FOG REDUCING VISIBILITY
HIGHEST:    76 ON 14    GRTST 24HR  2.10 ON 18-18      TO 1/4 MILE OR LESS
LOWEST:     28 ON  3                               3 = THUNDER
                        SNOW, ICE PELLETS, HAIL    4 = ICE PELLETS
                        TOTAL MONTH:   0.4 INCH    5 = HAIL
                        GRTST 24HR   0.4 ON  8- 8  6 = FREEZING RAIN OR DRIZZLE
                        GRTST DEPTH:   0           7 = DUSTSTORM OR SANDSTORM:
                                                       VSBY 1/2 MILE OR LESS
                                                   8 = SMOKE OR HAZE
[NO. OF DAYS WITH]      [WEATHER - DAYS WITH]      9 = BLOWING SNOW
                                                   X = TORNADO
MAX 32 OR BELOW:   0    0.01 INCH OR MORE:  12
MAX 90 OR ABOVE:   0    0.10 INCH OR MORE:   7
MIN 32 OR BELOW:   3    0.50 INCH OR MORE:   5
MIN  0 OR BELOW:   0    1.00 INCH OR MORE:   1

[HDD (BASE 65) ]
TOTAL THIS MO.   357    CLEAR  (SCALE 0-3)   9
DPTR FM NORMAL   120    PTCLDY (SCALE 4-7)   7
TOTAL FM JUL 1  9155    CLOUDY (SCALE 8-10)  7
DPTR FM NORMAL   751

[CDD (BASE 65) ]
TOTAL THIS MO.     0
DPTR FM NORMAL   -15    [PRESSURE DATA]
TOTAL FM JAN 1     0    HIGHEST SLP M ON M
DPTR FM NORMAL   -17    LOWEST  SLP 29.51 ON 22

[REMARKS]
