000
CXUS53 KGRB 180936
CF6STE
PRELIMINARY LOCAL CLIMATOLOGICAL DATA (WS FORM: F-6)

                                          STATION:   STEVENS POINT WI
                                          MONTH:     MARCH
                                          YEAR:      2019
                                          LATITUDE:   44 32 N
                                          LONGITUDE:  89 32 W

  TEMPERATURE IN F:       :PCPN:    SNOW:  WIND      :SUNSHINE: SKY     :PK WND
================================================================================
1   2   3   4   5  6A  6B    7    8   9   10  11  12  13   14  15   16   17  18
                                     12Z  AVG MX 2MIN
DY MAX MIN AVG DEP HDD CDD  WTR  SNW DPTH SPD SPD DIR MIN PSBL S-S WX    SPD DR
================================================================================

 1  22  -9   7   M  58   0 0.07    M    0  0.7  5 100   M    M   7         M  M
 2  24  -1  12   M  53   0 0.00  0.0    0  3.3 10 270   M    M   7 1      18 290
 3   9 -10   0   M  65   0 0.00  0.0    0  6.6 14 260   M    M   0        23 270
 4   5 -16  -5   M  70   0 0.00  0.0    0  9.5 15 260   M    M   4 8      23 260
 5  10  -7   2   M  63   0 0.00  0.0    0  7.6 17 280   M    M   5 8      29 280
 6  20 -18   1   M  64   0 0.00  0.0    0  4.5 12 260   M    M   4        18 280
 7  18 -17   1   M  64   0 0.00  0.0    0  1.0  7 200   M    M   0         M  M
 8  32  -9  12   M  53   0 0.00  0.0    0  1.3  6 140   M    M   3 1       M  M
 9  34  11  23   M  42   0 0.05    M    0 12.5 24  70   M    M   4 1      30 100
10  34  20  27   M  38   0 0.03    M    0 11.7 20 260   M    M   7        30 280
11  29   7  18   M  47   0 0.00  0.0    0  7.6 15 260   M    M   0        23 260
12  40  -3  19   M  46   0 0.50    M    0  7.3 15 190   M    M   5        22 160
13  42  33  38   M  27   0 0.18    M    0  7.2 14  90   M    M  10 1      18 130
14  53  35  44   M  21   0 0.42    M    0  8.9 16 230   M    M  10 1      24 230
15  35  27  31   M  34   0 0.00  0.0    0  9.6 14 310   M    M  10        27 310
16  31  19  25   M  40   0 0.00  0.0    0  5.7 12 260   M    M   2        20 260
17  33  17  25   M  40   0 0.00  0.0    0  4.2 12 260   M    M   0        16 260
================================================================================
SM  471   79       825   0  1.25     0.0 109.2          M       78
================================================================================
AV 27.7  4.7                               6.4 FASTST   M    M   5    MAX(MPH)
                                 MISC ---->  # 24  70               # 30  100
================================================================================
NOTES:
# LAST OF SEVERAL OCCURRENCES

COLUMN 17 PEAK WIND IN M.P.H.

PRELIMINARY LOCAL CLIMATOLOGICAL DATA (WS FORM: F-6) , PAGE 2

                                          STATION:  STEVENS POINT WI
                                          MONTH:    MARCH
                                          YEAR:     2019
                                          LATITUDE:   44 32 N
                                          LONGITUDE:  89 32 W

[TEMPERATURE DATA]      [PRECIPITATION DATA]       SYMBOLS USED IN COLUMN 16

AVERAGE MONTHLY: 16.2   TOTAL FOR MONTH:   1.25    1 = FOG OR MIST
DPTR FM NORMAL:     M   DPTR FM NORMAL:       M    2 = FOG REDUCING VISIBILITY
HIGHEST:    53 ON 14    GRTST 24HR  0.50 ON 12-12      TO 1/4 MILE OR LESS
LOWEST:    -18 ON  6                               3 = THUNDER
                        SNOW, ICE PELLETS, HAIL    4 = ICE PELLETS
                        TOTAL MONTH:   0.0 INCH    5 = HAIL
                        GRTST 24HR     0.0         6 = FREEZING RAIN OR DRIZZLE
                        GRTST DEPTH:   0           7 = DUSTSTORM OR SANDSTORM:
                                                       VSBY 1/2 MILE OR LESS
                                                   8 = SMOKE OR HAZE
[NO. OF DAYS WITH]      [WEATHER - DAYS WITH]      9 = BLOWING SNOW
                                                   X = TORNADO
MAX 32 OR BELOW:  10    0.01 INCH OR MORE:   6
MAX 90 OR ABOVE:   0    0.10 INCH OR MORE:   3
MIN 32 OR BELOW:  15    0.50 INCH OR MORE:   1
MIN  0 OR BELOW:   9    1.00 INCH OR MORE:   0

[HDD (BASE 65) ]
TOTAL THIS MO.   825    CLEAR  (SCALE 0-3)   5
DPTR FM NORMAL     M    PTCLDY (SCALE 4-7)   9
TOTAL FM JUL 1  7405    CLOUDY (SCALE 8-10)  3
DPTR FM NORMAL  7147

[CDD (BASE 65) ]
TOTAL THIS MO.     0
DPTR FM NORMAL     M    [PRESSURE DATA]
TOTAL FM JAN 1     0    HIGHEST SLP M ON M
DPTR FM NORMAL     0    LOWEST  SLP M ON M

[REMARKS]
