000
CXUS55 KEAX 220736
CF6STJ
PRELIMINARY LOCAL CLIMATOLOGICAL DATA (WS FORM: F-6)

                                          STATION:   ST. JOSEPH MO
                                          MONTH:     MAY
                                          YEAR:      2019
                                          LATITUDE:   39 46 N
                                          LONGITUDE:  94 55 W

  TEMPERATURE IN F:       :PCPN:    SNOW:  WIND      :SUNSHINE: SKY     :PK WND
================================================================================
1   2   3   4   5  6A  6B    7    8   9   10  11  12  13   14  15   16   17  18
                                     12Z  AVG MX 2MIN
DY MAX MIN AVG DEP HDD CDD  WTR  SNW DPTH SPD SPD DIR MIN PSBL S-S WX    SPD DR
================================================================================

 1  61  52  57  -2   8   0 0.06    M    M  5.9 17 360   M    M  10 3      20 360
 2  62  48  55  -4  10   0 0.29    M    M 10.4 24 340   M    M   6 3      31 330
 3  62  45  54  -6  11   0 0.03    M    M  5.0 12  70   M    M   6 3      20  30
 4  72  39  56  -4   9   0 0.00    M    M  2.7 13 160   M    M   1        17 150
 5  78  50  64   4   1   0 0.10    M    M  8.3 23 320   M    M   1 3      33 330
 6  79  53  66   5   0   1 0.29    M    M  8.3 36 330   M    M   3 3      45 330
 7  61  56  59  -2   6   0 0.50    M    M  8.4 25  80   M    M  10 3      36  90
 8  74  50  62   1   3   0 1.00    M    M 14.2 26 190   M    M   8 3      37 200
 9  50  41  46 -16  19   0 0.00    M    M 12.2 23 350   M    M  10        29 350
10  61  38  50 -12  15   0    T    M    M  4.2 14 330   M    M   5        18 320
11  57  50  54  -8  11   0    T    M    M  5.8 14 140   M    M   8        18 150
12  61  45  53 -10  12   0 0.17    M    M  5.9 20 330   M    M   7        25 330
13  70  38  54  -9  11   0 0.00    M    M  4.9 12 160   M    M   1        17 160
14  84  53  69   5   0   4 0.03    M    M  6.4 15 200   M    M   2 3      21 190
15  83  56  70   6   0   5    T    M    M  5.4 14 180   M    M   1        21 130
16  93  66  80  16   0  15 0.00    M    M 13.2 23 210   M    M   0        32 190
17  87  71  79  14   0  14 0.00    M    M 16.3 26 170   M    M   1        36 170
18  74  61  68   3   0   3 0.56    M    M  8.4 22 190   M    M   7 13     32 190
19  67  50  59  -7   6   0 0.27    M    M 12.8 25 250   M    M   7 13     37 270
20  54  46  50 -16  15   0 1.31    M    M 10.8 26 110   M    M   6 13     43 130
21  67  47  57  -9   8   0 0.90    M    M 15.3 29  80   M    M   7 1      42  80
================================================================================
SM 1457 1055       145  42  5.51    M    184.8          M      107
================================================================================
AV 69.4 50.2                               8.8 FASTST   M    M   5    MAX(MPH)
                                 MISC ---->  # 36 330               # 45  330
================================================================================
NOTES:
# LAST OF SEVERAL OCCURRENCES

COLUMN 17 PEAK WIND IN M.P.H.

PRELIMINARY LOCAL CLIMATOLOGICAL DATA (WS FORM: F-6) , PAGE 2

                                          STATION:  ST. JOSEPH MO
                                          MONTH:    MAY
                                          YEAR:     2019
                                          LATITUDE:   39 46 N
                                          LONGITUDE:  94 55 W

[TEMPERATURE DATA]      [PRECIPITATION DATA]       SYMBOLS USED IN COLUMN 16

AVERAGE MONTHLY: 59.8   TOTAL FOR MONTH:   5.51    1 = FOG OR MIST
DPTR FM NORMAL:  -2.7   DPTR FM NORMAL:    1.79    2 = FOG REDUCING VISIBILITY
HIGHEST:    93 ON 16    GRTST 24HR  1.31 ON 20-20      TO 1/4 MILE OR LESS
LOWEST:     38 ON 13,10                            3 = THUNDER
                        SNOW, ICE PELLETS, HAIL    4 = ICE PELLETS
                        TOTAL MONTH:    M          5 = HAIL
                        GRTST 24HR    M  ON   M    6 = FREEZING RAIN OR DRIZZLE
                        GRTST DEPTH:  M  ON   M    7 = DUSTSTORM OR SANDSTORM:
                                                       VSBY 1/2 MILE OR LESS
                                                   8 = SMOKE OR HAZE
[NO. OF DAYS WITH]      [WEATHER - DAYS WITH]      9 = BLOWING SNOW
                                                   X = TORNADO
MAX 32 OR BELOW:   0    0.01 INCH OR MORE:  13
MAX 90 OR ABOVE:   1    0.10 INCH OR MORE:  10
MIN 32 OR BELOW:   0    0.50 INCH OR MORE:   5
MIN  0 OR BELOW:   0    1.00 INCH OR MORE:   2

[HDD (BASE 65) ]
TOTAL THIS MO.   145    CLEAR  (SCALE 0-3)   8
DPTR FM NORMAL    48    PTCLDY (SCALE 4-7)   9
TOTAL FM JUL 1  5702    CLOUDY (SCALE 8-10)  4
DPTR FM NORMAL   267

[CDD (BASE 65) ]
TOTAL THIS MO.    42
DPTR FM NORMAL    -2    [PRESSURE DATA]
TOTAL FM JAN 1    57    HIGHEST SLP  0.00 ON M
DPTR FM NORMAL    -8    LOWEST  SLP  0.00 ON M

[REMARKS]
