000
CXUS55 KEAX 230736
CF6STJ
PRELIMINARY LOCAL CLIMATOLOGICAL DATA (WS FORM: F-6)

                                          STATION:   ST. JOSEPH MO
                                          MONTH:     MARCH
                                          YEAR:      2019
                                          LATITUDE:   39 46 N
                                          LONGITUDE:  94 55 W

  TEMPERATURE IN F:       :PCPN:    SNOW:  WIND      :SUNSHINE: SKY     :PK WND
================================================================================
1   2   3   4   5  6A  6B    7    8   9   10  11  12  13   14  15   16   17  18
                                     12Z  AVG MX 2MIN
DY MAX MIN AVG DEP HDD CDD  WTR  SNW DPTH SPD SPD DIR MIN PSBL S-S WX    SPD DR
================================================================================

 1  34  16  25 -11  40   0 0.00    M    M  4.7 20 350   M    M   3 8      25 340
 2  26  18  22 -15  43   0 0.00    M    M 14.4 24  20   M    M   7 8      31  20
 3  18   1  10 -27  55   0    M    M    M 16.2 29  10   M    M   5 189    37  10
 4  12  -2   5 -33  60   0 0.00    M    M  9.5 18 260   M    M   0        26 260
 5  22   8  15 -23  50   0 0.00    M    M 10.6 22 300   M    M   2        28 310
 6  35   7  21 -18  44   0 0.00    M    M  6.5 13 160   M    M   2        17 150
 7  36  30  33  -6  32   0 0.00    M    M 10.6 21 100   M    M  10        29  80
 8  41  32  37  -3  28   0 0.00    M    M  8.4 17 100   M    M  10 18     23 120
 9  46  32  39  -1  26   0 0.48    M    M 14.8 36 300   M    M  10 8      49 300
10  42  28  35  -5  30   0 0.00    M    M  8.9 22 310   M    M   1        31 300
11  51  24  38  -3  27   0 0.00    M    M  2.7  7  80   M    M   0 1      11 170
12  52  33  43   2  22   0 0.26    M    M 10.6 22 180   M    M  10 13     30 190
13  63  50  57  15   8   0 0.27    M    M 20.1 33 180   M    M   9 13     47 170
14  58  35  47   5  18   0    T    M    M 22.0 36 210   M    M   9 18     51 200
15  49  30  40  -3  25   0 0.00    M    M 14.2 29 320   M    M   2        37 300
16  58  24  41  -2  24   0 0.00    M    M  7.8 21 300   M    M   0        30 240
17  51  28  40  -4  25   0 0.00    M    M  5.5 12 340   M    M   6        16 340
18  52  27  40  -4  25   0 0.00    M    M  4.4 10 350   M    M   2        15 350
19  56  38  47   3  18   0 0.22    M    M  9.1 23 140   M    M   8 18     29 130
20  59  39  49   4  16   0 0.00    M    M 10.5 21 290   M    M   6 18     27 300
21  56  30  43  -2  22   0 0.00    M    M  6.5 14 340   M    M   0        19 340
22   M  27   M   M   M   M 0.00    M    M  1.4  6  99   M    M   0 1       M  M
================================================================================
SM  917  555       638   0  1.23    M    219.4          M      102
================================================================================
AV 43.7 25.2                              10.0 FASTST   M    M   5    MAX(MPH)
                                 MISC ---->  # 36 300               # 51  200
================================================================================
NOTES:
# LAST OF SEVERAL OCCURRENCES

COLUMN 17 PEAK WIND IN M.P.H.

PRELIMINARY LOCAL CLIMATOLOGICAL DATA (WS FORM: F-6) , PAGE 2

                                          STATION:  ST. JOSEPH MO
                                          MONTH:    MARCH
                                          YEAR:     2019
                                          LATITUDE:   39 46 N
                                          LONGITUDE:  94 55 W

[TEMPERATURE DATA]      [PRECIPITATION DATA]       SYMBOLS USED IN COLUMN 16

AVERAGE MONTHLY: 34.5   TOTAL FOR MONTH:   1.23    1 = FOG OR MIST
DPTR FM NORMAL:  -6.6   DPTR FM NORMAL:   -0.24    2 = FOG REDUCING VISIBILITY
HIGHEST:    63 ON 13    GRTST 24HR  0.48 ON  9- 9      TO 1/4 MILE OR LESS
LOWEST:     -2 ON  4                               3 = THUNDER
                        SNOW, ICE PELLETS, HAIL    4 = ICE PELLETS
                        TOTAL MONTH:    M          5 = HAIL
                        GRTST 24HR    M  ON   M    6 = FREEZING RAIN OR DRIZZLE
                        GRTST DEPTH:  M  ON   M    7 = DUSTSTORM OR SANDSTORM:
                                                       VSBY 1/2 MILE OR LESS
                                                   8 = SMOKE OR HAZE
[NO. OF DAYS WITH]      [WEATHER - DAYS WITH]      9 = BLOWING SNOW
                                                   X = TORNADO
MAX 32 OR BELOW:   4    0.01 INCH OR MORE:   4
MAX 90 OR ABOVE:   0    0.10 INCH OR MORE:   4
MIN 32 OR BELOW:  17    0.50 INCH OR MORE:   0
MIN  0 OR BELOW:   1    1.00 INCH OR MORE:   0

[HDD (BASE 65) ]
TOTAL THIS MO.   638    CLEAR  (SCALE 0-3)  11
DPTR FM NORMAL   111    PTCLDY (SCALE 4-7)   5
TOTAL FM JUL 1  5168    CLOUDY (SCALE 8-10)  6
DPTR FM NORMAL   333

[CDD (BASE 65) ]
TOTAL THIS MO.     0
DPTR FM NORMAL     0    [PRESSURE DATA]
TOTAL FM JAN 1     0    HIGHEST SLP  0.00 ON M
DPTR FM NORMAL     0    LOWEST  SLP  0.00 ON M

[REMARKS]
