000
CXUS53 KLSX 251600
CF6STL
PRELIMINARY LOCAL CLIMATOLOGICAL DATA (WS FORM: F-6)

                                          STATION:   ST. LOUIS
                                          MONTH:     JUNE
                                          YEAR:      2019
                                          LATITUDE:   38 45 N
                                          LONGITUDE:  90 23 W

  TEMPERATURE IN F:       :PCPN:    SNOW:  WIND      :SUNSHINE: SKY     :PK WND
================================================================================
1   2   3   4   5  6A  6B    7    8   9   10  11  12  13   14  15   16   17  18
                                     12Z  AVG MX 2MIN
DY MAX MIN AVG DEP HDD CDD  WTR  SNW DPTH SPD SPD DIR MIN PSBL S-S WX    SPD DR
================================================================================

 1  87  65  76   4   0  11 1.12  0.0    0  7.4 35 330   M    M   4 13     48 330
 2  79  64  72   0   0   7 0.00  0.0    0  8.1 15 330   M    M   3        22 330
 3  78  57  68  -4   0   3 0.00  0.0    0  8.9 17 120   M    M   7        23 120
 4  87  65  76   3   0  11 0.08  0.0    0 10.3 22 210   M    M   8 3      29 220
 5  93  68  81   8   0  16 0.46  0.0    0 11.4 32  40   M    M   6 13     46  40
 6  85  68  77   4   0  12 0.08  0.0    0  4.4 14  70   M    M   8 3      23  70
 7  88  72  80   6   0  15 0.00  0.0    0 10.3 21  80   M    M   6 3      29  60
 8  79  69  74   0   0   9    T  0.0    0  7.7 15  20   M    M   8        18  50
 9  87  70  79   5   0  14 0.00  0.0    0  7.5 23 340   M    M   5        32 330
10  79  65  72  -3   0   7 0.00  0.0    0 12.7 24 340   M    M   1        35 330
11  83  59  71  -4   0   6 0.00  0.0    0  4.8 13 210   M    M   6        17 180
12  70  58  64 -11   1   0 0.22  0.0    0  7.4 17 290   M    M   7 13     26 250
13  74  57  66 -10   0   1 0.00  0.0    0  8.1 18 280   M    M   2        27 290
14  77  55  66 -10   0   1 0.01  0.0    0 10.0 21 210   M    M   7 3      28 150
15  86  69  78   2   0  13 0.50  0.0    0 12.1 28 220   M    M   8 138    43 220
16  86  73  80   4   0  15 0.03  0.0    0  5.0 17 230   M    M   7 13     24 240
17  75  71  73  -4   0   8 0.11  0.0    0  5.7 12  40   M    M  10 138    15  40
18  84  69  77   0   0  12    T  0.0    0  5.7 12 360   M    M   8 18     16  30
19  80  71  76  -1   0  11 0.01  0.0    0  9.2 18 270   M    M   8 3      24 290
20  83  65  74  -3   0   9    T  0.0    0  6.7 17 330   M    M   6 8      24 310
21  78  67  73  -5   0   8 1.09  0.0    0 10.2 36 350   M    M   8 13     46 350
22  79  67  73  -5   0   8 0.59  0.0    0  8.8 29 210   M    M   8 13     37 220
23  78  70  74  -4   0   9 0.07  0.0    0  8.5 17 190   M    M   9 1      27 230
24  84  68  76  -2   0  11    T  0.0    0 10.7 28 280   M    M   6        38 280
================================================================================
SM 1959 1582         1 217  4.37     0.0 201.6          M      156
================================================================================
AV 81.6 65.9                               8.4 FASTST   M    M   7    MAX(MPH)
                                 MISC ---->  # 36 350               # 48  330
================================================================================
NOTES:
# LAST OF SEVERAL OCCURRENCES

COLUMN 17 PEAK WIND IN M.P.H.

PRELIMINARY LOCAL CLIMATOLOGICAL DATA (WS FORM: F-6) , PAGE 2

                                          STATION:  ST. LOUIS
                                          MONTH:    JUNE
                                          YEAR:     2019
                                          LATITUDE:   38 45 N
                                          LONGITUDE:  90 23 W

[TEMPERATURE DATA]      [PRECIPITATION DATA]       SYMBOLS USED IN COLUMN 16

AVERAGE MONTHLY: 73.8   TOTAL FOR MONTH:   4.37    1 = FOG OR MIST
DPTR FM NORMAL:  -1.5   DPTR FM NORMAL:    0.84    2 = FOG REDUCING VISIBILITY
HIGHEST:    93 ON  5    GRTST 24HR  1.12 ON  1- 1      TO 1/4 MILE OR LESS
LOWEST:     55 ON 14                               3 = THUNDER
                        SNOW, ICE PELLETS, HAIL    4 = ICE PELLETS
                        TOTAL MONTH:   0.0 INCH    5 = HAIL
                        GRTST 24HR     0.0         6 = FREEZING RAIN OR DRIZZLE
                        GRTST DEPTH:   0           7 = DUSTSTORM OR SANDSTORM:
                                                       VSBY 1/2 MILE OR LESS
                                                   8 = SMOKE OR HAZE
[NO. OF DAYS WITH]      [WEATHER - DAYS WITH]      9 = BLOWING SNOW
                                                   X = TORNADO
MAX 32 OR BELOW:   0    0.01 INCH OR MORE:  13
MAX 90 OR ABOVE:   1    0.10 INCH OR MORE:   7
MIN 32 OR BELOW:   0    0.50 INCH OR MORE:   4
MIN  0 OR BELOW:   0    1.00 INCH OR MORE:   2

[HDD (BASE 65) ]
TOTAL THIS MO.     1    CLEAR  (SCALE 0-3)   2
DPTR FM NORMAL    -2    PTCLDY (SCALE 4-7)  18
TOTAL FM JUL 1  4747    CLOUDY (SCALE 8-10)  4
DPTR FM NORMAL   214

[CDD (BASE 65) ]
TOTAL THIS MO.   217
DPTR FM NORMAL   -31    [PRESSURE DATA]
TOTAL FM JAN 1   429    HIGHEST SLP M ON M
DPTR FM NORMAL     7    LOWEST  SLP 29.58 ON 19

[REMARKS]
