000
CXUS53 KLSX 261600
CF6STL
PRELIMINARY LOCAL CLIMATOLOGICAL DATA (WS FORM: F-6)

                                          STATION:   ST. LOUIS
                                          MONTH:     MARCH
                                          YEAR:      2019
                                          LATITUDE:   38 45 N
                                          LONGITUDE:  90 23 W

  TEMPERATURE IN F:       :PCPN:    SNOW:  WIND      :SUNSHINE: SKY     :PK WND
================================================================================
1   2   3   4   5  6A  6B    7    8   9   10  11  12  13   14  15   16   17  18
                                     12Z  AVG MX 2MIN
DY MAX MIN AVG DEP HDD CDD  WTR  SNW DPTH SPD SPD DIR MIN PSBL S-S WX    SPD DR
================================================================================

 1  41  28  35  -6  30   0    T    T    T  4.3  9 340   M    M  10        14 170
 2  38  30  34  -7  31   0 0.00  0.0    0  8.6 14  10   M    M  10        18  40
 3  30   8  19 -23  46   0 0.22  2.3    0 13.2 21 320   M    M   8 129    30 330
 4  19   2  11 -31  54   0 0.00  0.0    2 10.2 18 280   M    M   2        24 320
 5  25  11  18 -24  47   0 0.00  0.0    2 14.5 23 280   M    M   3        32 270
 6  36  13  25 -18  40   0 0.00  0.0    1  5.3 14 280   M    M   4        18 280
 7  41  29  35  -8  30   0    T  0.1    T 10.4 21 130   M    M  10 1      26 130
 8  47  32  40  -3  25   0    T    T    T  9.1 15  90   M    M  10 1      21  90
 9  63  39  51   7  14   0 1.28  0.0    0 17.3 38 250   M    M   9 13     54 280
10  48  34  41  -3  24   0 0.00  0.0    0 12.6 30 280   M    M   8        40 280
11  52  35  44   0  21   0    T  0.0    0  4.6 10  90   M    M   8        14  20
12  52  33  43  -2  22   0 0.14  0.0    0 10.2 15 150   M    M  10 1      20 160
13  69  43  56  11   9   0 0.93  0.0    0 14.4 33 120   M    M   9 13     46 130
14  67  44  56  10   9   0    T  0.0    0 22.8 39 220   M    M   6        55 210
15  50  37  44  -2  21   0    T  0.0    0 16.9 30 280   M    M   6        38 290
16  53  29  41  -5  24   0 0.00  0.0    0  6.9 16 330   M    M   2        25 290
17  51  36  44  -3  21   0 0.00  0.0    0  9.8 22 310   M    M   3        30 310
18  52  32  42  -5  23   0 0.00  0.0    0  4.1 12 320   M    M   4        17 350
19  56  32  44  -3  21   0    T  0.0    0  9.8 20 180   M    M   7        27 180
20  56  46  51   3  14   0 0.02  0.0    0 11.0 21 270   M    M   9        28 150
21  55  39  47  -1  18   0 0.00  0.0    0 10.4 20 310   M    M   3        31 340
22  63  38  51   3  14   0 0.00  0.0    0  7.9 15 330   M    M   2        21 330
23  59  36  48  -1  17   0 0.06  0.0    0  9.9 20 110   M    M   9        24 170
24  67  44  56   7   9   0 0.55    T    0  6.2 26 300   M    M   8 135    40 350
25  55  42  49  -1  16   0 0.01  0.0    0 11.7 20 360   M    M   8 1      26  20
================================================================================
SM 1245  792       600   0  3.21     2.4 262.1          M      168
================================================================================
AV 49.8 31.7                              10.5 FASTST   M    M   7    MAX(MPH)
                                 MISC ---->  # 39 220               # 55  210
================================================================================
NOTES:
# LAST OF SEVERAL OCCURRENCES

COLUMN 17 PEAK WIND IN M.P.H.

PRELIMINARY LOCAL CLIMATOLOGICAL DATA (WS FORM: F-6) , PAGE 2

                                          STATION:  ST. LOUIS
                                          MONTH:    MARCH
                                          YEAR:     2019
                                          LATITUDE:   38 45 N
                                          LONGITUDE:  90 23 W

[TEMPERATURE DATA]      [PRECIPITATION DATA]       SYMBOLS USED IN COLUMN 16

AVERAGE MONTHLY: 40.7   TOTAL FOR MONTH:   3.21    1 = FOG OR MIST
DPTR FM NORMAL:  -4.5   DPTR FM NORMAL:    0.64    2 = FOG REDUCING VISIBILITY
HIGHEST:    69 ON 13    GRTST 24HR  1.28 ON  9- 9      TO 1/4 MILE OR LESS
LOWEST:      2 ON  4                               3 = THUNDER
                        SNOW, ICE PELLETS, HAIL    4 = ICE PELLETS
                        TOTAL MONTH:   2.4 INCHES  5 = HAIL
                        GRTST 24HR   2.3 ON  3- 3  6 = FREEZING RAIN OR DRIZZLE
                        GRTST DEPTH:   2 ON  5, 4  7 = DUSTSTORM OR SANDSTORM:
                                                       VSBY 1/2 MILE OR LESS
                                                   8 = SMOKE OR HAZE
[NO. OF DAYS WITH]      [WEATHER - DAYS WITH]      9 = BLOWING SNOW
                                                   X = TORNADO
MAX 32 OR BELOW:   3    0.01 INCH OR MORE:   8
MAX 90 OR ABOVE:   0    0.10 INCH OR MORE:   5
MIN 32 OR BELOW:  11    0.50 INCH OR MORE:   3
MIN  0 OR BELOW:   0    1.00 INCH OR MORE:   1

[HDD (BASE 65) ]
TOTAL THIS MO.   600    CLEAR  (SCALE 0-3)   5
DPTR FM NORMAL   100    PTCLDY (SCALE 4-7)  11
TOTAL FM JUL 1  4354    CLOUDY (SCALE 8-10)  9
DPTR FM NORMAL   256

[CDD (BASE 65) ]
TOTAL THIS MO.     0
DPTR FM NORMAL     0    [PRESSURE DATA]
TOTAL FM JAN 1     0    HIGHEST SLP M ON M
DPTR FM NORMAL     0    LOWEST  SLP 29.30 ON  9

[REMARKS]
