000
CXUS53 KLSX 261600
CF6SUS
PRELIMINARY LOCAL CLIMATOLOGICAL DATA (WS FORM: F-6)

                                          STATION:   SPIRIT OF ST LOUIS MO
                                          MONTH:     MAY
                                          YEAR:      2019
                                          LATITUDE:   38 39 N
                                          LONGITUDE:  90 38 W

  TEMPERATURE IN F:       :PCPN:    SNOW:  WIND      :SUNSHINE: SKY     :PK WND
================================================================================
1   2   3   4   5  6A  6B    7    8   9   10  11  12  13   14  15   16   17  18
                                     12Z  AVG MX 2MIN
DY MAX MIN AVG DEP HDD CDD  WTR  SNW DPTH SPD SPD DIR MIN PSBL S-S WX    SPD DR
================================================================================

 1  75  62  69   8   0   4 0.23  0.0    0  6.9 22 290   M    M   7        30 300
 2  68  57  63   2   2   0 1.30  0.0    0  4.9 16 290   M    M   9 13     20 280
 3  62  54  58  -4   7   0 0.03  0.0    0  6.6 12  30   M    M   9 18     16  40
 4  67  50  59  -3   6   0 0.06  0.0    0  5.9 14  60   M    M   6 1      20  30
 5  76  46  61  -1   4   0 0.00  0.0    0  3.1  8 180   M    M   3 12     11 180
 6  78  53  66   4   0   1 0.00  0.0    0  4.5 14 220   M    M   5        21 240
 7  80  58  69   6   0   4 0.32  0.0    0  4.7 13  30   M    M   2 138    17  50
 8  81  62  72   9   0   7 0.12  0.0    0  6.5 20 180   M    M   4 13     30 150
 9  67  51  59  -4   6   0 0.04  0.0    0  9.4 16 310   M    M   8 18     22 300
10  62  46  54 -10  11   0 0.00  0.0    0  4.6 13 320   M    M   6        17 300
11  51  45  48 -16  17   0 0.46  0.0    0  5.7 14  40   M    M   8 1      18  40
12  59  48  54 -10  11   0 0.02  0.0    0  5.3  9 310   M    M  10 1      12 310
13  67  46  57  -7   8   0 0.00  0.0    0  2.3 12  30   M    M   4        15  40
14  75  44  60  -5   5   0 0.03    M    0  4.9 14 200   M    M   2 3      22 170
15  81  57  69   4   0   4 0.01  0.0    0  2.9 10 140   M    M   3 138    16 140
16  91  59  75  10   0  10 0.00  0.0    0  7.0 18 260   M    M   1 128    27 220
17  89  64  77  11   0  12 0.00  0.0    0  7.2 20 230   M    M   0        27 250
18  88  67  78  12   0  13 0.13  0.0    0 10.0 30 240   M    M   4 1      43 230
19  77  55  66   0   0   1 0.15  0.0    0 10.8 26 260   M    M   5 1      35 240
20  71  51  61  -6   4   0 0.02  0.0    0  8.6 25  80   M    M   3 3      35  80
21  72  50  61  -6   4   0 1.63  0.0    0  9.3 30 230   M    M   8 138    47 240
22  86  58  72   5   0   7    T  0.0    0  7.1 17 190   M    M   0 3      30 150
23  81  69  75   8   0  10 0.52  0.0    0  2.8 17 200   M    M   4 138    27 210
24  91  67  79  11   0  14 0.00  0.0    0  6.9 16 210   M    M   2 18     23 220
25  89  68  79  11   0  14 0.00  0.0    0  6.3 17 220   M    M   3        24 210
================================================================================
SM 1884 1387        85 101  5.07     0.0 154.2          M      116
================================================================================
AV 75.4 55.5                               6.2 FASTST   M    M   5    MAX(MPH)
                                 MISC ---->  # 30 240               # 47  240
================================================================================
NOTES:
# LAST OF SEVERAL OCCURRENCES

COLUMN 17 PEAK WIND IN M.P.H.

PRELIMINARY LOCAL CLIMATOLOGICAL DATA (WS FORM: F-6) , PAGE 2

                                          STATION:  SPIRIT OF ST LOUIS MO
                                          MONTH:    MAY
                                          YEAR:     2019
                                          LATITUDE:   38 39 N
                                          LONGITUDE:  90 38 W

[TEMPERATURE DATA]      [PRECIPITATION DATA]       SYMBOLS USED IN COLUMN 16

AVERAGE MONTHLY: 65.4   TOTAL FOR MONTH:   5.07    1 = FOG OR MIST
DPTR FM NORMAL:   0.9   DPTR FM NORMAL:    1.34    2 = FOG REDUCING VISIBILITY
HIGHEST:    91 ON 24,16 GRTST 24HR  2.30 ON 30- 1      TO 1/4 MILE OR LESS
LOWEST:     44 ON 14                               3 = THUNDER
                        SNOW, ICE PELLETS, HAIL    4 = ICE PELLETS
                        TOTAL MONTH:   0.0 INCH    5 = HAIL
                        GRTST 24HR     0.0         6 = FREEZING RAIN OR DRIZZLE
                        GRTST DEPTH:   0           7 = DUSTSTORM OR SANDSTORM:
                                                       VSBY 1/2 MILE OR LESS
                                                   8 = SMOKE OR HAZE
[NO. OF DAYS WITH]      [WEATHER - DAYS WITH]      9 = BLOWING SNOW
                                                   X = TORNADO
MAX 32 OR BELOW:   0    0.01 INCH OR MORE:  16
MAX 90 OR ABOVE:   2    0.10 INCH OR MORE:   9
MIN 32 OR BELOW:   0    0.50 INCH OR MORE:   3
MIN  0 OR BELOW:   0    1.00 INCH OR MORE:   2

[HDD (BASE 65) ]
TOTAL THIS MO.    85    CLEAR  (SCALE 0-3)  10
DPTR FM NORMAL     1    PTCLDY (SCALE 4-7)  11
TOTAL FM JUL 1  4809    CLOUDY (SCALE 8-10)  4
DPTR FM NORMAL    49

[CDD (BASE 65) ]
TOTAL THIS MO.   101
DPTR FM NORMAL    29    [PRESSURE DATA]
TOTAL FM JAN 1   130    HIGHEST SLP M ON M
DPTR FM NORMAL    24    LOWEST  SLP 29.58 ON 21

[REMARKS]
