000
CXUS53 KLSX 221600
CF6SUS
PRELIMINARY LOCAL CLIMATOLOGICAL DATA (WS FORM: F-6)

                                          STATION:   SPIRIT OF ST LOUIS MO
                                          MONTH:     MARCH
                                          YEAR:      2019
                                          LATITUDE:   38 39 N
                                          LONGITUDE:  90 38 W

  TEMPERATURE IN F:       :PCPN:    SNOW:  WIND      :SUNSHINE: SKY     :PK WND
================================================================================
1   2   3   4   5  6A  6B    7    8   9   10  11  12  13   14  15   16   17  18
                                     12Z  AVG MX 2MIN
DY MAX MIN AVG DEP HDD CDD  WTR  SNW DPTH SPD SPD DIR MIN PSBL S-S WX    SPD DR
================================================================================

 1  41  28  35  -5  30   0    T    M    M  2.9  8  60   M    M  10 8      11 350
 2  38  31  35  -5  30   0 0.00  0.0    0  7.6 13  20   M    M  10 8      18 360
 3  31   9  20 -21  45   0    M    M    0 12.4 22 330   M    M   7 128    28 330
 4  20   2  11 -30  54   0 0.00  0.0    M 10.7 18 320   M    M   0        26 320
 5  27   9  18 -23  47   0 0.00  0.0    M 12.7 24 310   M    M   1        31 320
 6  37   9  23 -19  42   0 0.00  0.0    M  4.2 13 250   M    M   2        19 250
 7  42  28  35  -7  30   0    T    M    M  6.5 15 150   M    M   8 18     23 160
 8  50  34  42   0  23   0 0.00  0.0    M  7.5 14  80   M    M   9 18     19  80
 9  67  40  54  11  11   0 1.20  0.0    0 13.8 41 250   M    M   9 138    56 250
10  48  34  41  -2  24   0 0.00  0.0    0  9.3 26 250   M    M   1 8      38 280
11  53  31  42  -1  23   0 0.00  0.0    0  2.3 12  60   M    M   5        14  50
12  54  30  42  -2  23   0 0.26  0.0    0  4.9 17 140   M    M   6 1      26 110
13  70  44  57  13   8   0 0.97  0.0    0  9.4 25 240   M    M   6 13     38 170
14  67  44  56  12   9   0 0.02  0.0    0 20.8 39 250   M    M   7        53 230
15  51  31  41  -4  24   0    T  0.0    0 15.7 26 310   M    M   6        36 300
16  55  27  41  -4  24   0 0.00  0.0    0  4.6 16 320   M    M   1        24 280
17  52  34  43  -3  22   0 0.00  0.0    0  8.1 18 300   M    M   3        22 310
18  53  27  40  -6  25   0 0.00  0.0    0  2.6 12  80   M    M   1        19  60
19  57  27  42  -4  23   0 0.00  0.0    0  4.2 14 170   M    M   4        21 190
20  56  43  50   3  15   0 0.02    M    0  8.6 21 250   M    M   8        30 170
21  57  36  47   0  18   0 0.00  0.0    0  9.4 21 330   M    M   4        29 340
================================================================================
SM 1026  598       550   0  2.47     0.0 178.2          M      108
================================================================================
AV 48.9 28.5                               8.5 FASTST   M    M   5    MAX(MPH)
                                 MISC ---->  # 41 250               # 56  250
================================================================================
NOTES:
# LAST OF SEVERAL OCCURRENCES

COLUMN 17 PEAK WIND IN M.P.H.

PRELIMINARY LOCAL CLIMATOLOGICAL DATA (WS FORM: F-6) , PAGE 2

                                          STATION:  SPIRIT OF ST LOUIS MO
                                          MONTH:    MARCH
                                          YEAR:     2019
                                          LATITUDE:   38 39 N
                                          LONGITUDE:  90 38 W

[TEMPERATURE DATA]      [PRECIPITATION DATA]       SYMBOLS USED IN COLUMN 16

AVERAGE MONTHLY: 38.7   TOTAL FOR MONTH:   2.47    1 = FOG OR MIST
DPTR FM NORMAL:  -4.8   DPTR FM NORMAL:    0.28    2 = FOG REDUCING VISIBILITY
HIGHEST:    70 ON 13    GRTST 24HR  1.20 ON  9- 9      TO 1/4 MILE OR LESS
LOWEST:      2 ON  4                               3 = THUNDER
                        SNOW, ICE PELLETS, HAIL    4 = ICE PELLETS
                        TOTAL MONTH:   0.0 INCH    5 = HAIL
                        GRTST 24HR     0.0         6 = FREEZING RAIN OR DRIZZLE
                        GRTST DEPTH:   0           7 = DUSTSTORM OR SANDSTORM:
                                                       VSBY 1/2 MILE OR LESS
                                                   8 = SMOKE OR HAZE
[NO. OF DAYS WITH]      [WEATHER - DAYS WITH]      9 = BLOWING SNOW
                                                   X = TORNADO
MAX 32 OR BELOW:   3    0.01 INCH OR MORE:   5
MAX 90 OR ABOVE:   0    0.10 INCH OR MORE:   3
MIN 32 OR BELOW:  13    0.50 INCH OR MORE:   2
MIN  0 OR BELOW:   0    1.00 INCH OR MORE:   1

[HDD (BASE 65) ]
TOTAL THIS MO.   550    CLEAR  (SCALE 0-3)   7
DPTR FM NORMAL    95    PTCLDY (SCALE 4-7)   8
TOTAL FM JUL 1  4352    CLOUDY (SCALE 8-10)  6
DPTR FM NORMAL   143

[CDD (BASE 65) ]
TOTAL THIS MO.     0
DPTR FM NORMAL     0    [PRESSURE DATA]
TOTAL FM JAN 1     0    HIGHEST SLP M ON M
DPTR FM NORMAL     0    LOWEST  SLP 29.30 ON  9

[REMARKS]
