000
CXUS55 KFSD 260905
CF6SUX
PRELIMINARY LOCAL CLIMATOLOGICAL DATA (WS FORM: F-6)

                                          STATION:   SIOUX CITY IA
                                          MONTH:     MARCH
                                          YEAR:      2019
                                          LATITUDE:   42 24 N
                                          LONGITUDE:  96 23 W

  TEMPERATURE IN F:       :PCPN:    SNOW:  WIND      :SUNSHINE: SKY     :PK WND
================================================================================
1   2   3   4   5  6A  6B    7    8   9   10  11  12  13   14  15   16   17  18
                                     12Z  AVG MX 2MIN
DY MAX MIN AVG DEP HDD CDD  WTR  SNW DPTH SPD SPD DIR MIN PSBL S-S WX    SPD DR
================================================================================

 1  25   5  15 -15  50   0    T    T   12 10.2 24 330   M    M   7        32 330
 2  17   0   9 -21  56   0    T  0.1   12 13.0 23 330   M    M   6 1      28 340
 3   2  -9  -3 -34  68   0 0.00  0.0   12 14.8 24 330   M    M   1        29 330
 4  13  -7   3 -28  62   0 0.00  0.0   12 13.6 23 300   M    M   0        29 290
 5  19   2  11 -21  54   0 0.00  0.0   12 14.1 25 320   M    M   1        32 330
 6  26  -9   9 -23  56   0 0.00  0.0   12  5.3 12  50   M    M   1        14  50
 7  22  14  18 -15  47   0 0.13  2.3   11 10.6 16 100   M    M  10 1      20 110
 8  33  21  27  -6  38   0 0.00  0.0   13  8.0 17 120   M    M  10 1      25 120
 9  35  27  31  -2  34   0 0.79  0.1   12 19.0 37 320   M    M  10 1      50 320
10  33  19  26  -8  39   0    T    T   10 12.6 33 320   M    M   3        43 320
11  37  25  31  -3  34   0 0.00  0.0    8  6.0 13 130   M    M   3        16 140
12  41  31  36   1  29   0 0.07  0.0    5  9.5 18 170   M    M  10 12     24 170
13  51  35  43   8  22   0 1.63  0.0    2 12.9 20 110   M    M   9 123    26 110
14  46  31  39   3  26   0 0.18    T    0 27.0 44 330   M    M  10 1      58 320
15  41  28  35  -1  30   0 0.00  0.0    0 15.2 33 320   M    M   1        45 330
16  46  26  36   0  29   0 0.00  0.0    0 10.3 25 330   M    M   5 1      32 320
17  46  27  37   0  28   0 0.00  0.0    0  6.1 12 330   M    M   6        14 320
18  45  24  35  -2  30   0 0.00  0.0    0  6.5 12 220   M    M   0 1      19 210
19  50  30  40   2  25   0    T  0.0    0  7.3 22 340   M    M   5        28 330
20  54  31  43   5  22   0 0.00  0.0    0 12.5 25 330   M    M   3        31 330
21  57  28  43   4  22   0 0.00  0.0    0  5.9 13 330   M    M   1 12     17 320
22  57  28  43   4  22   0 0.00  0.0    0  5.3 12  80   M    M   0 18     15  90
23  50  31  41   1  24   0 0.03  0.0    0  8.8 15 160   M    M   5        20 150
24  55  41  48   8  17   0 0.06  0.0    0 10.8 18  30   M    M  10 1      23  20
25  51  36  44   4  21   0 0.00  0.0    0  6.0 15  10   M    M   7 1      19  10
================================================================================
SM  952  515       885   0  2.89     2.5 271.3          M      124
================================================================================
AV 38.1 20.6                              10.9 FASTST   M    M   5    MAX(MPH)
                                 MISC ---->  # 44 330               # 58  320
================================================================================
NOTES:
# LAST OF SEVERAL OCCURRENCES

COLUMN 17 PEAK WIND IN M.P.H.

PRELIMINARY LOCAL CLIMATOLOGICAL DATA (WS FORM: F-6) , PAGE 2

                                          STATION:  SIOUX CITY IA
                                          MONTH:    MARCH
                                          YEAR:     2019
                                          LATITUDE:   42 24 N
                                          LONGITUDE:  96 23 W

[TEMPERATURE DATA]      [PRECIPITATION DATA]       SYMBOLS USED IN COLUMN 16

AVERAGE MONTHLY: 29.3   TOTAL FOR MONTH:   2.89    1 = FOG OR MIST
DPTR FM NORMAL:  -5.8   DPTR FM NORMAL:    1.41    2 = FOG REDUCING VISIBILITY
HIGHEST:    57 ON 22,21 GRTST 24HR  1.63 ON 13-13      TO 1/4 MILE OR LESS
LOWEST:     -9 ON  6, 3                            3 = THUNDER
                        SNOW, ICE PELLETS, HAIL    4 = ICE PELLETS
                        TOTAL MONTH:   2.5 INCHES  5 = HAIL
                        GRTST 24HR   2.3 ON  7- 7  6 = FREEZING RAIN OR DRIZZLE
                        GRTST DEPTH:  13 ON  8     7 = DUSTSTORM OR SANDSTORM:
                                                       VSBY 1/2 MILE OR LESS
                                                   8 = SMOKE OR HAZE
[NO. OF DAYS WITH]      [WEATHER - DAYS WITH]      9 = BLOWING SNOW
                                                   X = TORNADO
MAX 32 OR BELOW:   7    0.01 INCH OR MORE:   7
MAX 90 OR ABOVE:   0    0.10 INCH OR MORE:   4
MIN 32 OR BELOW:  22    0.50 INCH OR MORE:   2
MIN  0 OR BELOW:   4    1.00 INCH OR MORE:   1

[HDD (BASE 65) ]
TOTAL THIS MO.   885    CLEAR  (SCALE 0-3)   9
DPTR FM NORMAL   139    PTCLDY (SCALE 4-7)   9
TOTAL FM JUL 1  6557    CLOUDY (SCALE 8-10)  7
DPTR FM NORMAL   517

[CDD (BASE 65) ]
TOTAL THIS MO.     0
DPTR FM NORMAL     0    [PRESSURE DATA]
TOTAL FM JAN 1     0    HIGHEST SLP M ON M
DPTR FM NORMAL     0    LOWEST  SLP 29.20 ON 13

[REMARKS]
