000
CXUS54 KEPZ 191200
CF6SVC
PRELIMINARY LOCAL CLIMATOLOGICAL DATA (WS FORM: F-6)

                                          STATION:   SILVER CITY
                                          MONTH:     MARCH
                                          YEAR:      2019
                                          LATITUDE:   32 37 N
                                          LONGITUDE: 108 10 W

  TEMPERATURE IN F:       :PCPN:    SNOW:  WIND      :SUNSHINE: SKY     :PK WND
================================================================================
1   2   3   4   5  6A  6B    7    8   9   10  11  12  13   14  15   16   17  18
                                     12Z  AVG MX 2MIN
DY MAX MIN AVG DEP HDD CDD  WTR  SNW DPTH SPD SPD DIR MIN PSBL S-S WX    SPD DR
================================================================================

 1  70  33  52   M  13   0 0.00  0.0    0 10.2 20 280   M    M   0        24 280
 2  68  37  53   M  12   0 0.00  0.0    0 13.1 27 270   M    M   1        38 270
 3  65  33  49   M  16   0 0.00  0.0    0 11.7 21 290   M    M   1        31 290
 4  64  32  48   M  17   0 0.00  0.0    0 11.2 18 270   M    M   0        30 270
 5  65  25  45   M  20   0 0.00  0.0    0  8.4 15 150   M    M   0        18 140
 6  73  30  52   M  13   0 0.00  0.0    0  9.4 27 270   M    M   0        32 270
 7  70  38  54   M  11   0 0.00  0.0    0 10.7 25 250   M    M   0        35 260
 8  61  35  48   M  17   0 0.04  0.0    0 15.3 30 210   M    M   3        45 230
 9  58  21  40   M  25   0 0.00  0.0    0  8.4 15 230   M    M   1        17 290
10  57  36  47   M  18   0    T  0.0    0  6.1 17 200   M    M   5         M  M
11  67  41  54   M  11   0 0.14  0.0    0  8.4 18 130   M    M   9 3      33 140
12  59  35  47   M  18   0 0.07  0.0    0 13.0 27 300   M    M   9        40 300
13  46  34  40   M  25   0 0.05  0.0    0 20.5 33 270   M    M   9        51 260
14  51  20  36   M  29   0 0.00  0.0    0  7.5 15 290   M    M   0        21 300
15  55  24  40   M  25   0 0.00  0.0    0 11.3 22 120   M    M   0        29 130
16  44  32  38   M  27   0    T  0.0    0  8.2 14 170   M    M   7 12      M  M
17  58  25  42   M  23   0 0.00  0.0    0  7.1 15 150   M    M   1 2      21 120
18  60  30  45   M  20   0 0.00  0.0    0  9.0 17 120   M    M   1        25 130
================================================================================
SM 1091  561       340   0  0.30     0.0 189.5          M       47
================================================================================
AV 60.6 31.2                              10.5 FASTST   M    M   3    MAX(MPH)
                                 MISC ---->  # 33 270               # 51  260
================================================================================
NOTES:
# LAST OF SEVERAL OCCURRENCES

COLUMN 17 PEAK WIND IN M.P.H.

PRELIMINARY LOCAL CLIMATOLOGICAL DATA (WS FORM: F-6) , PAGE 2

                                          STATION:  SILVER CITY
                                          MONTH:    MARCH
                                          YEAR:     2019
                                          LATITUDE:   32 37 N
                                          LONGITUDE: 108 10 W

[TEMPERATURE DATA]      [PRECIPITATION DATA]       SYMBOLS USED IN COLUMN 16

AVERAGE MONTHLY: 45.9   TOTAL FOR MONTH:   0.30    1 = FOG OR MIST
DPTR FM NORMAL:     M   DPTR FM NORMAL:       M    2 = FOG REDUCING VISIBILITY
HIGHEST:    73 ON  6    GRTST 24HR  0.14 ON 11-11      TO 1/4 MILE OR LESS
LOWEST:     20 ON 14                               3 = THUNDER
                        SNOW, ICE PELLETS, HAIL    4 = ICE PELLETS
                        TOTAL MONTH:   0.0 INCH    5 = HAIL
                        GRTST 24HR     0.0         6 = FREEZING RAIN OR DRIZZLE
                        GRTST DEPTH:   0           7 = DUSTSTORM OR SANDSTORM:
                                                       VSBY 1/2 MILE OR LESS
                                                   8 = SMOKE OR HAZE
[NO. OF DAYS WITH]      [WEATHER - DAYS WITH]      9 = BLOWING SNOW
                                                   X = TORNADO
MAX 32 OR BELOW:   0    0.01 INCH OR MORE:   4
MAX 90 OR ABOVE:   0    0.10 INCH OR MORE:   1
MIN 32 OR BELOW:   9    0.50 INCH OR MORE:   0
MIN  0 OR BELOW:   0    1.00 INCH OR MORE:   0

[HDD (BASE 65) ]
TOTAL THIS MO.   340    CLEAR  (SCALE 0-3)  13
DPTR FM NORMAL     M    PTCLDY (SCALE 4-7)   2
TOTAL FM JUL 1  3506    CLOUDY (SCALE 8-10)  3
DPTR FM NORMAL     M

[CDD (BASE 65) ]
TOTAL THIS MO.     0
DPTR FM NORMAL     M    [PRESSURE DATA]
TOTAL FM JAN 1     0    HIGHEST SLP M ON M
DPTR FM NORMAL     M    LOWEST  SLP M ON M

[REMARKS]
