000
CXUS54 KOUN 190700
CF6SWO
PRELIMINARY LOCAL CLIMATOLOGICAL DATA (WS FORM: F-6)

                                          STATION:   STILLWATER
                                          MONTH:     MARCH
                                          YEAR:      2019
                                          LATITUDE:   36 10 N
                                          LONGITUDE:  97  5 W

  TEMPERATURE IN F:       :PCPN:    SNOW:  WIND      :SUNSHINE: SKY     :PK WND
================================================================================
1   2   3   4   5  6A  6B    7    8   9   10  11  12  13   14  15   16   17  18
                                     12Z  AVG MX 2MIN
DY MAX MIN AVG DEP HDD CDD  WTR  SNW DPTH SPD SPD DIR MIN PSBL S-S WX    SPD DR
================================================================================

 1  40  24  32 -13  33   0 0.00  0.0    0  2.4  8  20   M    M   7 18     10 200
 2  39  26  33 -13  32   0 0.00  0.0    0  9.7 16  30   M    M   8 1      22  30
 3  32  12  22 -24  43   0 0.03    M    M 17.3 25  10   M    M   8 18     32 360
 4  24  10  17 -29  48   0    T    M    M  9.7 18 360   M    M   6        24  10
 5  43   9  26 -20  39   0 0.00  0.0    0  6.5 16 320   M    M   0        20 300
 6  56  18  37 -10  28   0 0.00  0.0    0 10.7 23 170   M    M   0        30 160
 7  64  38  51   4  14   0    T    M    0 10.4 21 190   M    M   0        25 150
 8  54  44  49   1  16   0 0.00  0.0    0  7.0 13  10   M    M   8 18     15  10
 9  69  39  54   6  11   0 0.08    M    0 15.5 37 280   M    M   3 138    56 270
10  48  34  41  -7  24   0 0.00  0.0    0  6.9 14  70   M    M   3        17  30
11  65  41  53   5  12   0 0.00  0.0    0  4.2  9 110   M    M   9        12 360
12  59  53  56   7   9   0 0.11  0.0    0 11.2 20 130   M    M  10 1      27 120
13  72  50  61  12   4   0 1.00  0.0    0 24.7 41 200   M    M   6 138    56 200
14  51  40  46  -3  19   0 0.00  0.0    0 16.0 30 300   M    M   7        43 320
15  55  29  42  -8  23   0 0.00  0.0    0 10.8 22 330   M    M   0        29 340
16  64  26  45  -5  20   0 0.00  0.0    0  4.6 12 250   M    M   0        14 220
17  72  30  51   1  14   0 0.00  0.0    0  4.5 15 220   M    M   0        19 230
18  70  35  53   2  12   0 0.00  0.0    0  6.2 13  90   M    M   0        18 120
================================================================================
SM  977  558       401   0  1.22     0.0 178.3          M       75
================================================================================
AV 54.3 31.0                               9.9 FASTST   M    M   4    MAX(MPH)
                                 MISC ---->  # 41 200               # 56  270
================================================================================
NOTES:
# LAST OF SEVERAL OCCURRENCES

COLUMN 17 PEAK WIND IN M.P.H.

PRELIMINARY LOCAL CLIMATOLOGICAL DATA (WS FORM: F-6) , PAGE 2

                                          STATION:  STILLWATER
                                          MONTH:    MARCH
                                          YEAR:     2019
                                          LATITUDE:   36 10 N
                                          LONGITUDE:  97  5 W

[TEMPERATURE DATA]      [PRECIPITATION DATA]       SYMBOLS USED IN COLUMN 16

AVERAGE MONTHLY: 42.6   TOTAL FOR MONTH:   1.22    1 = FOG OR MIST
DPTR FM NORMAL:  -5.3   DPTR FM NORMAL:   -0.45    2 = FOG REDUCING VISIBILITY
HIGHEST:    72 ON 17,13 GRTST 24HR  1.00 ON 13-13      TO 1/4 MILE OR LESS
LOWEST:      9 ON  5                               3 = THUNDER
                        SNOW, ICE PELLETS, HAIL    4 = ICE PELLETS
                        TOTAL MONTH:   0.0 INCH    5 = HAIL
                        GRTST 24HR     0.0         6 = FREEZING RAIN OR DRIZZLE
                        GRTST DEPTH:   0           7 = DUSTSTORM OR SANDSTORM:
                                                       VSBY 1/2 MILE OR LESS
                                                   8 = SMOKE OR HAZE
[NO. OF DAYS WITH]      [WEATHER - DAYS WITH]      9 = BLOWING SNOW
                                                   X = TORNADO
MAX 32 OR BELOW:   2    0.01 INCH OR MORE:   4
MAX 90 OR ABOVE:   0    0.10 INCH OR MORE:   2
MIN 32 OR BELOW:   9    0.50 INCH OR MORE:   1
MIN  0 OR BELOW:   0    1.00 INCH OR MORE:   1

[HDD (BASE 65) ]
TOTAL THIS MO.   401    CLEAR  (SCALE 0-3)   9
DPTR FM NORMAL    91    PTCLDY (SCALE 4-7)   5
TOTAL FM JUL 1  3427    CLOUDY (SCALE 8-10)  4
DPTR FM NORMAL    63

[CDD (BASE 65) ]
TOTAL THIS MO.     0
DPTR FM NORMAL     0    [PRESSURE DATA]
TOTAL FM JAN 1     1    HIGHEST SLP M ON M
DPTR FM NORMAL     0    LOWEST  SLP 29.25 ON 13

[REMARKS]
