057
CXUS54 KOUN 260700
CF6SWO
PRELIMINARY LOCAL CLIMATOLOGICAL DATA (WS FORM: F-6)

                                          STATION:   STILLWATER
                                          MONTH:     MAY
                                          YEAR:      2019
                                          LATITUDE:   36 10 N
                                          LONGITUDE:  97  5 W

  TEMPERATURE IN F:       :PCPN:    SNOW:  WIND      :SUNSHINE: SKY     :PK WND
================================================================================
1   2   3   4   5  6A  6B    7    8   9   10  11  12  13   14  15   16   17  18
                                     12Z  AVG MX 2MIN
DY MAX MIN AVG DEP HDD CDD  WTR  SNW DPTH SPD SPD DIR MIN PSBL S-S WX    SPD DR
================================================================================

 1  76  56  66   2   0   1 0.02  0.0    0  7.6 20 170   M    M   9 1      25 170
 2  67  55  61  -4   4   0 0.01  0.0    0 10.1 22  30   M    M   9 1      32  40
 3  64  55  60  -5   5   0 0.85  0.0    0  4.6 22 340   M    M   8 13     33 330
 4  74  53  64  -1   1   0 0.00  0.0    0  5.3 14  10   M    M   6 1      17  30
 5  81  52  67   1   0   2 0.94  0.0    0  9.2 37 350   M    M   3 13     46 350
 6  85  58  72   6   0   7 0.01  0.0    0  9.2 20 170   M    M   3        25 180
 7  84  61  73   7   0   8 0.97  0.0    0 13.1 25 310   M    M   3 13     36 310
 8  72  61  67   1   0   2 0.94  0.0    0  7.6 22 120   M    M   6 13     29 120
 9  61  44  53 -14  12   0 0.01  0.0    0  9.8 18  30   M    M   9        26 330
10  66  41  54 -13  11   0 0.24  0.0    0  6.8 17  30   M    M   2 1      22  20
11  64  51  58  -9   7   0 0.14  0.0    0  4.6 12  10   M    M  10 1      13  10
12  76  48  62  -6   3   0 0.00  0.0    0  5.4 15 350   M    M   2 1      22 320
13  85  49  67  -1   0   2 0.34    M    0  6.4 20 140   M    M   2 3      22 140
14  88  62  75   7   0  10 0.00  0.0    0  9.9 21 190   M    M   1        27 200
15  91  60  76   8   0  11 0.00  0.0    0  9.1 16 180   M    M   0        23 230
16  90  65  78   9   0  13 0.00  0.0    0 11.7 22 180   M    M   0        29 210
17  87  68  78   9   0  13 0.00  0.0    0 17.1 28 190   M    M   2        34 170
18  77  55  66  -3   0   1 0.84  0.0    0 11.9 25  90   M    M   6 13     34 320
19  78  52  65  -5   0   0 0.00  0.0    0  6.7 17 360   M    M   0        24 330
20  75  58  67  -3   0   2 5.08  0.0    0 13.5 33  20   M    M   7 13     41  20
21  77  59  68  -2   0   3 2.39  0.0    0 14.9 30 210   M    M   7 13     44 210
22  79  51  65  -5   0   0    M  0.0    0  5.8 33  10   M    M   6 13     39  10
23  87  69  78   7   0  13    M  0.0    0 12.3 25 150   M    M   8        31 140
24  88  66  77   6   0  12 1.57  0.0    0 12.0 24 260   M    M   7 13     34 290
25  87  65  76   5   0  11 1.77  0.0    0 12.9 24 140   M    M   4 13     29 140
================================================================================
SM 1959 1414        43 111 16.12     0.0 237.5          M      120
================================================================================
AV 78.4 56.6                               9.5 FASTST   M    M   5    MAX(MPH)
                                 MISC ---->  # 37 350               # 46  350
================================================================================
NOTES:
# LAST OF SEVERAL OCCURRENCES

COLUMN 17 PEAK WIND IN M.P.H.

PRELIMINARY LOCAL CLIMATOLOGICAL DATA (WS FORM: F-6) , PAGE 2

                                          STATION:  STILLWATER
                                          MONTH:    MAY
                                          YEAR:     2019
                                          LATITUDE:   36 10 N
                                          LONGITUDE:  97  5 W

[TEMPERATURE DATA]      [PRECIPITATION DATA]       SYMBOLS USED IN COLUMN 16

AVERAGE MONTHLY: 67.5   TOTAL FOR MONTH:  16.12    1 = FOG OR MIST
DPTR FM NORMAL:  -0.4   DPTR FM NORMAL:   12.22    2 = FOG REDUCING VISIBILITY
HIGHEST:    91 ON 15    GRTST 24HR  5.08 ON 20-20      TO 1/4 MILE OR LESS
LOWEST:     41 ON 10                               3 = THUNDER
                        SNOW, ICE PELLETS, HAIL    4 = ICE PELLETS
                        TOTAL MONTH:   0.0 INCH    5 = HAIL
                        GRTST 24HR     0.0         6 = FREEZING RAIN OR DRIZZLE
                        GRTST DEPTH:   0           7 = DUSTSTORM OR SANDSTORM:
                                                       VSBY 1/2 MILE OR LESS
                                                   8 = SMOKE OR HAZE
[NO. OF DAYS WITH]      [WEATHER - DAYS WITH]      9 = BLOWING SNOW
                                                   X = TORNADO
MAX 32 OR BELOW:   0    0.01 INCH OR MORE:  16
MAX 90 OR ABOVE:   2    0.10 INCH OR MORE:  12
MIN 32 OR BELOW:   0    0.50 INCH OR MORE:   9
MIN  0 OR BELOW:   0    1.00 INCH OR MORE:   4

[HDD (BASE 65) ]
TOTAL THIS MO.    43    CLEAR  (SCALE 0-3)  11
DPTR FM NORMAL     3    PTCLDY (SCALE 4-7)   9
TOTAL FM JUL 1  3728    CLOUDY (SCALE 8-10)  5
DPTR FM NORMAL   -52

[CDD (BASE 65) ]
TOTAL THIS MO.   111
DPTR FM NORMAL     1    [PRESSURE DATA]
TOTAL FM JAN 1   180    HIGHEST SLP M ON M
DPTR FM NORMAL    14    LOWEST  SLP 29.43 ON 21

[REMARKS]
