000
CXUS51 KBGM 220800
CF6SYR
PRELIMINARY LOCAL CLIMATOLOGICAL DATA (WS FORM: F-6)

                                          STATION:   SYRACUSE NY
                                          MONTH:     MARCH
                                          YEAR:      2019
                                          LATITUDE:   43  7 N
                                          LONGITUDE:  76  7 W

  TEMPERATURE IN F:       :PCPN:    SNOW:  WIND      :SUNSHINE: SKY     :PK WND
================================================================================
1   2   3   4   5  6A  6B    7    8   9   10  11  12  13   14  15   16   17  18
                                     12Z  AVG MX 2MIN
DY MAX MIN AVG DEP HDD CDD  WTR  SNW DPTH SPD SPD DIR MIN PSBL S-S WX    SPD DR
================================================================================

 1  39   9  24  -5  41   0 0.00  0.0    7  3.2  9  30   M    M   8        11  30
 2  35  25  30   1  35   0 0.03  0.3    6  4.2 13 260   M    M  10 1      16 260
 3  30  21  26  -4  39   0 0.06  1.1    4  4.9 14 280   M    M   9 15     17 280
 4  25  12  19 -11  46   0 0.02  1.1    5 12.1 30 270   M    M   8 1589   37 260
 5  19  11  15 -15  50   0 0.01  0.1    5 12.5 21 240   M    M   7 1      28 240
 6  18  10  14 -16  51   0 0.16  3.6    6 14.8 24 250   M    M   8 19     30 240
 7  21   9  15 -16  50   0 0.01  0.7    8 11.8 25 280   M    M   9 19     32 280
 8  33  11  22  -9  43   0    T    T    6  5.6 17 240   M    M   6        20 240
 9  37   7  22  -9  43   0 0.00  0.0    5  5.0 18  90   M    M   3        23  80
10  43  32  38   6  27   0 0.25  0.1    4 15.5 32 250   M    M  10 14     39 250
11  37  29  33   1  32   0    T  0.3    3 17.3 32 250   M    M   9 18     38 250
12  32  22  27  -5  38   0    T  0.4    2 10.2 21 300   M    M   8 1      28 290
13  46  16  31  -2  34   0    T  0.0    2  6.2 12  90   M    M   7        16  50
14  59  35  47  14  18   0 0.00  0.0    1  9.2 23 150   M    M   9        31 150
15  59  40  50  16  15   0 0.05  0.0    T 13.2 29 250   M    M   9 1      39 170
16  40  26  33  -1  32   0 0.01  0.6    T 17.3 32 270   M    M   9 15     42 270
17  33  23  28  -6  37   0 0.03  0.9    2 12.5 24 290   M    M   9 19     32 290
18  38  21  30  -5  35   0 0.04  1.1    1  8.6 20 260   M    M   7 15     24 260
19  43  24  34  -1  31   0    T    T    0  5.9 16 250   M    M   7 5      20 260
20  53  23  38   2  27   0 0.00  0.0    0  7.7 17 180   M    M   4        23 210
21  51  37  44   8  21   0 0.40  0.0    0  8.2 23 180   M    M   9 1      29 170
================================================================================
SM  791  443       745   0  1.07    10.3 205.9          M      165
================================================================================
AV 37.7 21.1                               9.8 FASTST   M    M   8    MAX(MPH)
                                 MISC ---->  # 32 250               # 42  270
================================================================================
NOTES:
# LAST OF SEVERAL OCCURRENCES

COLUMN 17 PEAK WIND IN M.P.H.

PRELIMINARY LOCAL CLIMATOLOGICAL DATA (WS FORM: F-6) , PAGE 2

                                          STATION:  SYRACUSE NY
                                          MONTH:    MARCH
                                          YEAR:     2019
                                          LATITUDE:   43  7 N
                                          LONGITUDE:  76  7 W

[TEMPERATURE DATA]      [PRECIPITATION DATA]       SYMBOLS USED IN COLUMN 16

AVERAGE MONTHLY: 29.4   TOTAL FOR MONTH:   1.07    1 = FOG OR MIST
DPTR FM NORMAL:  -2.9   DPTR FM NORMAL:   -0.85    2 = FOG REDUCING VISIBILITY
HIGHEST:    59 ON 15,14 GRTST 24HR  0.40 ON 21-21      TO 1/4 MILE OR LESS
LOWEST:      7 ON  9                               3 = THUNDER
                        SNOW, ICE PELLETS, HAIL    4 = ICE PELLETS
                        TOTAL MONTH:  10.3 INCHES  5 = HAIL
                        GRTST 24HR   3.6 ON  6- 6  6 = FREEZING RAIN OR DRIZZLE
                        GRTST DEPTH:   8 ON  7     7 = DUSTSTORM OR SANDSTORM:
                                                       VSBY 1/2 MILE OR LESS
                                                   8 = SMOKE OR HAZE
[NO. OF DAYS WITH]      [WEATHER - DAYS WITH]      9 = BLOWING SNOW
                                                   X = TORNADO
MAX 32 OR BELOW:   6    0.01 INCH OR MORE:  12
MAX 90 OR ABOVE:   0    0.10 INCH OR MORE:   3
MIN 32 OR BELOW:  18    0.50 INCH OR MORE:   0
MIN  0 OR BELOW:   0    1.00 INCH OR MORE:   0

[HDD (BASE 65) ]
TOTAL THIS MO.   745    CLEAR  (SCALE 0-3)   0
DPTR FM NORMAL    56    PTCLDY (SCALE 4-7)  10
TOTAL FM JUL 1  5712    CLOUDY (SCALE 8-10) 11
DPTR FM NORMAL   192

[CDD (BASE 65) ]
TOTAL THIS MO.     0
DPTR FM NORMAL     0    [PRESSURE DATA]
TOTAL FM JAN 1     0    HIGHEST SLP 30.37 ON  8
DPTR FM NORMAL     0    LOWEST  SLP 29.59 ON 21

[REMARKS]
