000
CXUS54 KEWX 240910
CF6T20
PRELIMINARY LOCAL CLIMATOLOGICAL DATA (WS FORM: F-6)

                                          STATION:   GONZALES
                                          MONTH:     MARCH
                                          YEAR:      2019
                                          LATITUDE:   29 31 N
                                          LONGITUDE:  97 28 W

  TEMPERATURE IN F:       :PCPN:    SNOW:  WIND      :SUNSHINE: SKY     :PK WND
================================================================================
1   2   3   4   5  6A  6B    7    8   9   10  11  12  13   14  15   16   17  18
                                     12Z  AVG MX 2MIN
DY MAX MIN AVG DEP HDD CDD  WTR  SNW DPTH SPD SPD DIR MIN PSBL S-S WX    SPD DR
================================================================================

 1  59  43  51   M  14   0 0.00    M    M  2.2  7  40   M    M  10 128     M  M
 2  58  50  54   M  11   0 0.00    M    M  5.7  9  10   M    M  10 12      M  M
 3  50  36  43   M  22   0 0.00    M    M 12.6 22  10   M    M  10 1      30  10
 4  38  32  35   M  30   0 0.00    M    M 14.5 22  10   M    M  10        33  10
 5  48  28  38   M  27   0 0.00    M    M  8.1 15 360   M    M   0        25  20
 6  60  32  46   M  19   0 0.00    M    M  7.1 14 160   M    M   5        20 160
 7  71  51  61   M   4   0 0.00    M    M  4.2 14 190   M    M   9 1      17 190
 8  82  67  75   M   0  10 0.00    M    M 10.9 17 200   M    M  10 1      22 200
 9  86  68  77   M   0  12 0.00    M    M  7.0 14 180   M    M   6 1      22 160
10  82  68  75   M   0  10 0.00    M    M  5.8 14 140   M    M  10 12     18 140
11  71  57  64   M   1   0 0.01    M    M  6.3 12  10   M    M  10 1       M  M
12  81  65  73   M   0   8 0.00    M    M 12.0 23 160   M    M   9 1      31 160
13  84  59  72   M   0   7 0.02    M    M 11.0 24 170   M    M   7 1      33 170
14  76  56  66   M   0   1 0.02    M    M  9.4 17 350   M    M   5        27 360
15  61  50  56   M   9   0 0.00    M    M 10.1 15  10   M    M   5        27  20
16  62  49  56   M   9   0 0.00    M    M  3.5  9  60   M    M  10         M  M
17  66  45  56   M   9   0 0.00    M    M  2.1  8  80   M    M   1         M  M
18  69  42  56   M   9   0 0.00    M    M  2.9 10 110   M    M   2        16 120
19  70  42  56   M   9   0 0.00    M    M  4.9 14 150   M    M   7        23 150
20  77  48  63   M   2   0 0.00    M    M  2.6  6 170   M    M   7 1       M  M
21  77  49  63   M   2   0 0.00    M    M  2.7  8  40   M    M   0         M  M
22  80  50  65   M   0   0 0.00    M    M  5.9 14 150   M    M   4 12     18 180
23  76  61  69   M   0   4 0.00    M    M  8.6 16 170   M    M  10        21 160
================================================================================
SM 1584 1148       177  52  0.05    M    160.1          M      157
================================================================================
AV 68.9 49.9                               7.0 FASTST   M    M   7    MAX(MPH)
                                 MISC ---->  # 24 170               # 33   10
================================================================================
NOTES:
# LAST OF SEVERAL OCCURRENCES

COLUMN 17 PEAK WIND IN M.P.H.

PRELIMINARY LOCAL CLIMATOLOGICAL DATA (WS FORM: F-6) , PAGE 2

                                          STATION:  GONZALES
                                          MONTH:    MARCH
                                          YEAR:     2019
                                          LATITUDE:   29 31 N
                                          LONGITUDE:  97 28 W

[TEMPERATURE DATA]      [PRECIPITATION DATA]       SYMBOLS USED IN COLUMN 16

AVERAGE MONTHLY: 59.4   TOTAL FOR MONTH:   0.05    1 = FOG OR MIST
DPTR FM NORMAL:     M   DPTR FM NORMAL:       M    2 = FOG REDUCING VISIBILITY
HIGHEST:    86 ON  9    GRTST 24HR  0.02 ON 14-14      TO 1/4 MILE OR LESS
LOWEST:     28 ON  5                               3 = THUNDER
                        SNOW, ICE PELLETS, HAIL    4 = ICE PELLETS
                        TOTAL MONTH:    M          5 = HAIL
                        GRTST 24HR    M  ON   M    6 = FREEZING RAIN OR DRIZZLE
                        GRTST DEPTH:  M  ON   M    7 = DUSTSTORM OR SANDSTORM:
                                                       VSBY 1/2 MILE OR LESS
                                                   8 = SMOKE OR HAZE
[NO. OF DAYS WITH]      [WEATHER - DAYS WITH]      9 = BLOWING SNOW
                                                   X = TORNADO
MAX 32 OR BELOW:   0    0.01 INCH OR MORE:   3
MAX 90 OR ABOVE:   0    0.10 INCH OR MORE:   0
MIN 32 OR BELOW:   3    0.50 INCH OR MORE:   0
MIN  0 OR BELOW:   0    1.00 INCH OR MORE:   0

[HDD (BASE 65) ]
TOTAL THIS MO.   177    CLEAR  (SCALE 0-3)   4
DPTR FM NORMAL     M    PTCLDY (SCALE 4-7)   8
TOTAL FM JUL 1  1391    CLOUDY (SCALE 8-10) 11
DPTR FM NORMAL     M

[CDD (BASE 65) ]
TOTAL THIS MO.    52
DPTR FM NORMAL     M    [PRESSURE DATA]
TOTAL FM JAN 1    93    HIGHEST SLP M ON M
DPTR FM NORMAL     M    LOWEST  SLP M ON M

[REMARKS]
