000
CXUS54 KEWX 240910
CF6T20
PRELIMINARY LOCAL CLIMATOLOGICAL DATA (WS FORM: F-6)

                                          STATION:   GONZALES
                                          MONTH:     MAY
                                          YEAR:      2019
                                          LATITUDE:   29 31 N
                                          LONGITUDE:  97 28 W

  TEMPERATURE IN F:       :PCPN:    SNOW:  WIND      :SUNSHINE: SKY     :PK WND
================================================================================
1   2   3   4   5  6A  6B    7    8   9   10  11  12  13   14  15   16   17  18
                                     12Z  AVG MX 2MIN
DY MAX MIN AVG DEP HDD CDD  WTR  SNW DPTH SPD SPD DIR MIN PSBL S-S WX    SPD DR
================================================================================

 1  85  75  80   M   0  15 0.04    M    M 11.5 18 150   M    M  10 3      27 150
 2  86  66  76   M   0  11 0.00    M    M  9.4 14  70   M    M   6 38     23 150
 3  83  65  74   M   0   9 1.62    M    M  6.4 21 340   M    M   9 3      36 340
 4  83  61  72   M   0   7 0.00    M    M  4.7  9  10   M    M   2 18      M  M
 5  87  63  75   M   0  10 0.00    M    M  5.1 10 140   M    M   2 1       M  M
 6  76  68  72   M   0   7 0.19    M    M  3.0  7 130   M    M   7 13      M  M
 7  85  69  77   M   0  12 0.05    M    M  6.5 15 100   M    M   9 13     24 110
 8  83  71  77   M   0  12 0.12    M    M  6.9 18 170   M    M   9 13     27 170
 9  88  65  77   M   0  12 1.10    M    M  4.5 16  20   M    M   8 138    21 340
10  66  57  62   M   3   0 0.00    M    M 10.0 15 360   M    M  10 3      23  10
11  65  60  63   M   2   0 0.19    M    M  6.6 12 350   M    M  10 1      17 360
12  80  62  71   M   0   6 0.00    M    M  5.3 10  10   M    M   4        18  30
13  84  58  71   M   0   6 0.00    M    M  3.5  9  90   M    M   2         M  M
14  86  62  74   M   0   9 0.40    M    M  2.9 15 110   M    M   3 1      27 110
15  87  64  76   M   0  11 0.00    M    M  3.1  9 150   M    M   3 1       M  M
16  89  65  77   M   0  12 0.00    M    M  4.4 12 140   M    M   5 1      16 150
17  91  73  82   M   0  17 0.00    M    M  9.8 17 150   M    M   9        25 160
18  87  77  82   M   0  17 0.00    M    M 10.9 18 190   M    M  10 1      27 160
19  92  74  83   M   0  18 0.00    M    M  5.3 12 150   M    M   6 1       M  M
20  90  78  84   M   0  19 0.00    M    M 13.8 24 140   M    M   8 1      32 140
21  86  68  77   M   0  12 0.01    M    M  9.7 22 160   M    M   8        32 160
22  92  76  84   M   0  19 0.00    M    M 12.2 20 170   M    M   9 1      27 170
23  93  77  85   M   0  20 0.00    M    M 12.3 18 140   M    M   8        24 170
================================================================================
SM 1944 1554         5 261  3.72    M    167.8          M      157
================================================================================
AV 84.5 67.6                               7.3 FASTST   M    M   7    MAX(MPH)
                                 MISC ---->  # 24 140               # 36  340
================================================================================
NOTES:
# LAST OF SEVERAL OCCURRENCES

COLUMN 17 PEAK WIND IN M.P.H.

PRELIMINARY LOCAL CLIMATOLOGICAL DATA (WS FORM: F-6) , PAGE 2

                                          STATION:  GONZALES
                                          MONTH:    MAY
                                          YEAR:     2019
                                          LATITUDE:   29 31 N
                                          LONGITUDE:  97 28 W

[TEMPERATURE DATA]      [PRECIPITATION DATA]       SYMBOLS USED IN COLUMN 16

AVERAGE MONTHLY: 76.0   TOTAL FOR MONTH:   3.72    1 = FOG OR MIST
DPTR FM NORMAL:     M   DPTR FM NORMAL:       M    2 = FOG REDUCING VISIBILITY
HIGHEST:    93 ON 23    GRTST 24HR  1.62 ON  3- 3      TO 1/4 MILE OR LESS
LOWEST:     57 ON 10                               3 = THUNDER
                        SNOW, ICE PELLETS, HAIL    4 = ICE PELLETS
                        TOTAL MONTH:    M          5 = HAIL
                        GRTST 24HR    M  ON   M    6 = FREEZING RAIN OR DRIZZLE
                        GRTST DEPTH:  M  ON   M    7 = DUSTSTORM OR SANDSTORM:
                                                       VSBY 1/2 MILE OR LESS
                                                   8 = SMOKE OR HAZE
[NO. OF DAYS WITH]      [WEATHER - DAYS WITH]      9 = BLOWING SNOW
                                                   X = TORNADO
MAX 32 OR BELOW:   0    0.01 INCH OR MORE:   9
MAX 90 OR ABOVE:   5    0.10 INCH OR MORE:   6
MIN 32 OR BELOW:   0    0.50 INCH OR MORE:   2
MIN  0 OR BELOW:   0    1.00 INCH OR MORE:   2

[HDD (BASE 65) ]
TOTAL THIS MO.     5    CLEAR  (SCALE 0-3)   4
DPTR FM NORMAL     M    PTCLDY (SCALE 4-7)   9
TOTAL FM JUL 1  1448    CLOUDY (SCALE 8-10) 10
DPTR FM NORMAL     M

[CDD (BASE 65) ]
TOTAL THIS MO.   261
DPTR FM NORMAL     M    [PRESSURE DATA]
TOTAL FM JAN 1   554    HIGHEST SLP M ON M
DPTR FM NORMAL     M    LOWEST  SLP M ON M

[REMARKS]
