000
CXUS54 KFWD 190730
CF6T35
PRELIMINARY LOCAL CLIMATOLOGICAL DATA (WS FORM: F-6)

                                          STATION:   CAMERON
                                          MONTH:     MARCH
                                          YEAR:      2019
                                          LATITUDE:   30 52 N
                                          LONGITUDE:  96 58 W

  TEMPERATURE IN F:       :PCPN:    SNOW:  WIND      :SUNSHINE: SKY     :PK WND
================================================================================
1   2   3   4   5  6A  6B    7    8   9   10  11  12  13   14  15   16   17  18
                                     12Z  AVG MX 2MIN
DY MAX MIN AVG DEP HDD CDD  WTR  SNW DPTH SPD SPD DIR MIN PSBL S-S WX    SPD DR
================================================================================

 1  49  39  44   M  21   0 0.00  0.0    0  3.8  8  20   M    M  10 18      M  M
 2  49  44  47   M  18   0 0.00  0.0    0  6.8 13 360   M    M  10 1       M  M
 3  45  32  39   M  26   0 0.00  0.0    0 14.7 22 350   M    M   9 1      31 350
 4  35  27  31   M  34   0 0.00  0.0    0 15.2 20 350   M    M  10        25 360
 5  45  23  34   M  31   0 0.00  0.0    0  7.9 18  20   M    M   0        24 360
 6  59  27  43   M  22   0 0.00  0.0    0  6.0 14 180   M    M   4        22 180
 7  74  50  62   M   3   0 0.00  0.0    0  9.9 21 190   M    M   7 1      27 190
 8  80  66  73   M   0   8 0.00  0.0    0 12.3 21 190   M    M   8        29 190
 9  84  55  70   M   0   5 0.06  0.0    0 10.0 18 180   M    M   5        29 280
10  76  52  64   M   1   0 0.00  0.0    0  4.2  9 350   M    M   9 12      M  M
11  61  55  58   M   7   0 0.01  0.0    0  7.1 12  10   M    M  10         M  M
12  77  58  68   M   0   3 0.00  0.0    0 10.0 18 170   M    M   9 12     30 140
13  76  55  66   M   0   1 0.62  0.0    0 10.6 17 170   M    M   7 13     28 150
14  72  50  61   M   4   0 0.12  0.0    0 10.5 18 290   M    M   2        28 190
15  58  44  51   M  14   0 0.00  0.0    0  8.6 17  10   M    M   2        22  20
16  62  38  50   M  15   0 0.00  0.0    0  4.5  7  20   M    M   4         M  M
17  66  42  54   M  11   0 0.00  0.0    0  2.5  8  10   M    M   0         M  M
18  70  43  57   M   8   0 0.00  0.0    0  2.6  7 190   M    M   0         M  M
================================================================================
SM 1138  800       215  17  0.81     0.0 147.2          M      106
================================================================================
AV 63.2 44.4                               8.2 FASTST   M    M   6    MAX(MPH)
                                 MISC ---->  # 22 350               # 31  350
================================================================================
NOTES:
# LAST OF SEVERAL OCCURRENCES

COLUMN 17 PEAK WIND IN M.P.H.

PRELIMINARY LOCAL CLIMATOLOGICAL DATA (WS FORM: F-6) , PAGE 2

                                          STATION:  CAMERON
                                          MONTH:    MARCH
                                          YEAR:     2019
                                          LATITUDE:   30 52 N
                                          LONGITUDE:  96 58 W

[TEMPERATURE DATA]      [PRECIPITATION DATA]       SYMBOLS USED IN COLUMN 16

AVERAGE MONTHLY: 53.8   TOTAL FOR MONTH:   0.81    1 = FOG OR MIST
DPTR FM NORMAL:     M   DPTR FM NORMAL:       M    2 = FOG REDUCING VISIBILITY
HIGHEST:    84 ON  9    GRTST 24HR  0.62 ON 13-13      TO 1/4 MILE OR LESS
LOWEST:     23 ON  5                               3 = THUNDER
                        SNOW, ICE PELLETS, HAIL    4 = ICE PELLETS
                        TOTAL MONTH:   0.0 INCH    5 = HAIL
                        GRTST 24HR     0.0         6 = FREEZING RAIN OR DRIZZLE
                        GRTST DEPTH:   0           7 = DUSTSTORM OR SANDSTORM:
                                                       VSBY 1/2 MILE OR LESS
                                                   8 = SMOKE OR HAZE
[NO. OF DAYS WITH]      [WEATHER - DAYS WITH]      9 = BLOWING SNOW
                                                   X = TORNADO
MAX 32 OR BELOW:   0    0.01 INCH OR MORE:   4
MAX 90 OR ABOVE:   0    0.10 INCH OR MORE:   2
MIN 32 OR BELOW:   4    0.50 INCH OR MORE:   1
MIN  0 OR BELOW:   0    1.00 INCH OR MORE:   0

[HDD (BASE 65) ]
TOTAL THIS MO.   215    CLEAR  (SCALE 0-3)   5
DPTR FM NORMAL     M    PTCLDY (SCALE 4-7)   5
TOTAL FM JUL 1  1818    CLOUDY (SCALE 8-10)  8
DPTR FM NORMAL     M

[CDD (BASE 65) ]
TOTAL THIS MO.    17
DPTR FM NORMAL     M    [PRESSURE DATA]
TOTAL FM JAN 1    47    HIGHEST SLP M ON M
DPTR FM NORMAL     M    LOWEST  SLP M ON M

[REMARKS]
