188
CXUS54 KEWX 200910
CF6T82
PRELIMINARY LOCAL CLIMATOLOGICAL DATA (WS FORM: F-6)

                                          STATION:   FREDERICKSBURG
                                          MONTH:     MARCH
                                          YEAR:      2019
                                          LATITUDE:   30 15 N
                                          LONGITUDE:  98 55 W

  TEMPERATURE IN F:       :PCPN:    SNOW:  WIND      :SUNSHINE: SKY     :PK WND
================================================================================
1   2   3   4   5  6A  6B    7    8   9   10  11  12  13   14  15   16   17  18
                                     12Z  AVG MX 2MIN
DY MAX MIN AVG DEP HDD CDD  WTR  SNW DPTH SPD SPD DIR MIN PSBL S-S WX    SPD DR
================================================================================

 1  69  41  55   M  10   0 0.00    M    M  3.3 12 190   M    M   9 12      M  M
 2  64  50  57   M   8   0 0.00    M    M  4.3 12 200   M    M  10 1       M  M
 3  52  36  44   M  21   0 0.01    M    M  9.1 18  10   M    M  10 1      27  10
 4  36  23  30   M  35   0 0.00    M    M 12.3 17  20   M    M   9        25  20
 5  44  21  33   M  32   0 0.00    M    M  7.8 15  10   M    M   3        21  20
 6  55  25  40   M  25   0 0.00    M    M  4.2 13 170   M    M   1        20 170
 7  69  44  57   M   8   0 0.00    M    M 11.0 17 200   M    M   5        22 210
 8  78  58  68   M   0   3 0.00    M    M  9.4 16 220   M    M   4        24 220
 9  80  66  73   M   0   8 0.00    M    M 10.3 17 330   M    M   5 1      23 330
10  73  48  61   M   4   0 0.00    M    M  3.5  9 110   M    M   4         M  M
11  71  53  62   M   3   0 0.00    M    M  5.8  9  60   M    M  10         M  M
12  73  55  64   M   1   0 0.00    M    M  7.6 18 150   M    M  10 1      28 170
13  77  51  64   M   1   0 0.65    M    M 13.1 27 170   M    M   6 3      40 170
14  74  49  62   M   3   0 0.00    M    M 10.6 24 320   M    M   0        32 330
15  52  38  45   M  20   0 0.00    M    M 10.4 16  30   M    M   3        23  30
16  58  43  51   M  14   0 0.00    M    M  5.3 13  50   M    M   8        18  60
17  63  35  49   M  16   0 0.00    M    M  2.3  6 150   M    M   3         M  M
18  66  37  52   M  13   0 0.00    M    M  3.3 12  70   M    M   0         M  M
19  66  44  55   M  10   0 0.00    M    M  3.9 13 180   M    M   5        17 180
================================================================================
SM 1220  817       224  11  0.66    M    137.5          M      105
================================================================================
AV 64.2 43.0                               7.2 FASTST   M    M   6    MAX(MPH)
                                 MISC ---->  # 27 170               # 40  170
================================================================================
NOTES:
# LAST OF SEVERAL OCCURRENCES

COLUMN 17 PEAK WIND IN M.P.H.

PRELIMINARY LOCAL CLIMATOLOGICAL DATA (WS FORM: F-6) , PAGE 2

                                          STATION:  FREDERICKSBURG
                                          MONTH:    MARCH
                                          YEAR:     2019
                                          LATITUDE:   30 15 N
                                          LONGITUDE:  98 55 W

[TEMPERATURE DATA]      [PRECIPITATION DATA]       SYMBOLS USED IN COLUMN 16

AVERAGE MONTHLY: 53.6   TOTAL FOR MONTH:   0.66    1 = FOG OR MIST
DPTR FM NORMAL:     M   DPTR FM NORMAL:       M    2 = FOG REDUCING VISIBILITY
HIGHEST:    80 ON  9    GRTST 24HR  0.65 ON 13-13      TO 1/4 MILE OR LESS
LOWEST:     21 ON  5                               3 = THUNDER
                        SNOW, ICE PELLETS, HAIL    4 = ICE PELLETS
                        TOTAL MONTH:    M          5 = HAIL
                        GRTST 24HR    M  ON   M    6 = FREEZING RAIN OR DRIZZLE
                        GRTST DEPTH:  M  ON   M    7 = DUSTSTORM OR SANDSTORM:
                                                       VSBY 1/2 MILE OR LESS
                                                   8 = SMOKE OR HAZE
[NO. OF DAYS WITH]      [WEATHER - DAYS WITH]      9 = BLOWING SNOW
                                                   X = TORNADO
MAX 32 OR BELOW:   0    0.01 INCH OR MORE:   2
MAX 90 OR ABOVE:   0    0.10 INCH OR MORE:   1
MIN 32 OR BELOW:   3    0.50 INCH OR MORE:   1
MIN  0 OR BELOW:   0    1.00 INCH OR MORE:   0

[HDD (BASE 65) ]
TOTAL THIS MO.   224    CLEAR  (SCALE 0-3)   6
DPTR FM NORMAL     M    PTCLDY (SCALE 4-7)   7
TOTAL FM JUL 1  2017    CLOUDY (SCALE 8-10)  6
DPTR FM NORMAL     M

[CDD (BASE 65) ]
TOTAL THIS MO.    11
DPTR FM NORMAL     M    [PRESSURE DATA]
TOTAL FM JAN 1    17    HIGHEST SLP M ON M
DPTR FM NORMAL     M    LOWEST  SLP M ON M

[REMARKS]
