000
CXUS54 KEWX 260910
CF6T82
PRELIMINARY LOCAL CLIMATOLOGICAL DATA (WS FORM: F-6)

                                          STATION:   FREDERICKSBURG
                                          MONTH:     MAY
                                          YEAR:      2019
                                          LATITUDE:   30 15 N
                                          LONGITUDE:  98 55 W

  TEMPERATURE IN F:       :PCPN:    SNOW:  WIND      :SUNSHINE: SKY     :PK WND
================================================================================
1   2   3   4   5  6A  6B    7    8   9   10  11  12  13   14  15   16   17  18
                                     12Z  AVG MX 2MIN
DY MAX MIN AVG DEP HDD CDD  WTR  SNW DPTH SPD SPD DIR MIN PSBL S-S WX    SPD DR
================================================================================

 1  76  70  73   M   0   8 0.02    M    M  7.0 12 180   M    M  10 18     18 180
 2  73  59  66   M   0   1 1.29    M    M  7.5 14 100   M    M  10 13     25  40
 3  76  58  67   M   0   2 2.35    M    M  4.5 16 310   M    M   9 3      31 310
 4  78  56  67   M   0   2 0.00    M    M  4.3 12 330   M    M   5 123     M  M
 5  81  54  68   M   0   3 0.00    M    M  3.9 12 170   M    M   2        17 170
 6  79  65  72   M   0   7 0.00    M    M  6.2 12 170   M    M   4        17 150
 7  84  66  75   M   0  10 0.00    M    M  5.9 16 130   M    M   8        23 130
 8  82  63  73   M   0   8 2.22    M    M  7.0 20 170   M    M   7 13     27 170
 9  79  63  71   M   0   6 0.03    M    M  4.3 14  20   M    M   5 13     22  20
10  64  49  57   M   8   0 0.07    M    M 10.8 21  10   M    M  10 1      27  10
11  62  52  57   M   8   0 0.03    M    M  4.9 14 330   M    M  10 1       M  M
12  76  53  65   M   0   0 0.00    M    M  4.5 10  40   M    M   5        16  20
13  78  52  65   M   0   0 0.00    M    M  3.2  7  80   M    M   1         M  M
14  74  61  68   M   0   3 0.20    M    M  2.0 13  30   M    M   8 3      17  30
15  83  60  72   M   0   7 0.00    M    M  1.5  8 120   M    M   6 1       M  M
16  83  66  75   M   0  10 0.00    M    M  5.7 12 190   M    M   8         M  M
17  84  70  77   M   0  12 0.00    M    M  9.1 17 190   M    M   7        25 190
18  81  72  77   M   0  12 0.04    M    M  9.9 16 200   M    M   8 3      22 170
19  88  68  78   M   0  13 0.00    M    M  3.1  7 130   M    M   4 18     16 130
20  85  74  80   M   0  15 0.00    M    M 11.4 18 160   M    M   7 8      29 170
21  83  63  73   M   0   8 0.10    M    M  9.5 24 170   M    M   4        39 170
22  85  67  76   M   0  11 0.00    M    M  8.8 18 170   M    M   7 8      29 170
23  87  74  81   M   0  16 0.00    M    M 13.6 18 170   M    M   8        28 170
24  85  73  79   M   0  14 0.00    M    M 12.5 16 160   M    M   8        24 160
25  87  72  80   M   0  15 0.00    M    M 10.8 18 180   M    M   7        24 170
================================================================================
SM 1993 1580        16 183  6.35    M    171.9          M      168
================================================================================
AV 79.7 63.2                               6.9 FASTST   M    M   7    MAX(MPH)
                                 MISC ---->  # 24 170               # 39  170
================================================================================
NOTES:
# LAST OF SEVERAL OCCURRENCES

COLUMN 17 PEAK WIND IN M.P.H.

PRELIMINARY LOCAL CLIMATOLOGICAL DATA (WS FORM: F-6) , PAGE 2

                                          STATION:  FREDERICKSBURG
                                          MONTH:    MAY
                                          YEAR:     2019
                                          LATITUDE:   30 15 N
                                          LONGITUDE:  98 55 W

[TEMPERATURE DATA]      [PRECIPITATION DATA]       SYMBOLS USED IN COLUMN 16

AVERAGE MONTHLY: 71.5   TOTAL FOR MONTH:   6.35    1 = FOG OR MIST
DPTR FM NORMAL:     M   DPTR FM NORMAL:       M    2 = FOG REDUCING VISIBILITY
HIGHEST:    88 ON 19    GRTST 24HR  2.35 ON  3- 3      TO 1/4 MILE OR LESS
LOWEST:     49 ON 10                               3 = THUNDER
                        SNOW, ICE PELLETS, HAIL    4 = ICE PELLETS
                        TOTAL MONTH:    M          5 = HAIL
                        GRTST 24HR    M  ON   M    6 = FREEZING RAIN OR DRIZZLE
                        GRTST DEPTH:  M  ON   M    7 = DUSTSTORM OR SANDSTORM:
                                                       VSBY 1/2 MILE OR LESS
                                                   8 = SMOKE OR HAZE
[NO. OF DAYS WITH]      [WEATHER - DAYS WITH]      9 = BLOWING SNOW
                                                   X = TORNADO
MAX 32 OR BELOW:   0    0.01 INCH OR MORE:  10
MAX 90 OR ABOVE:   0    0.10 INCH OR MORE:   5
MIN 32 OR BELOW:   0    0.50 INCH OR MORE:   3
MIN  0 OR BELOW:   0    1.00 INCH OR MORE:   3

[HDD (BASE 65) ]
TOTAL THIS MO.    16    CLEAR  (SCALE 0-3)   2
DPTR FM NORMAL     M    PTCLDY (SCALE 4-7)  17
TOTAL FM JUL 1  2154    CLOUDY (SCALE 8-10)  6
DPTR FM NORMAL     M

[CDD (BASE 65) ]
TOTAL THIS MO.   183
DPTR FM NORMAL     M    [PRESSURE DATA]
TOTAL FM JAN 1   302    HIGHEST SLP M ON M
DPTR FM NORMAL     M    LOWEST  SLP M ON M

[REMARKS]
