000
CXUS54 KBMX 251110
CF6TCL
PRELIMINARY LOCAL CLIMATOLOGICAL DATA (WS FORM: F-6)

                                          STATION:   TUSCALOOSA
                                          MONTH:     MAY
                                          YEAR:      2019
                                          LATITUDE:   33 13 N
                                          LONGITUDE:  87 37 W

  TEMPERATURE IN F:       :PCPN:    SNOW:  WIND      :SUNSHINE: SKY     :PK WND
================================================================================
1   2   3   4   5  6A  6B    7    8   9   10  11  12  13   14  15   16   17  18
                                     12Z  AVG MX 2MIN
DY MAX MIN AVG DEP HDD CDD  WTR  SNW DPTH SPD SPD DIR MIN PSBL S-S WX    SPD DR
================================================================================

 1  89  65  77   9   0  12 0.00  0.0    0  6.1 18 170   M    M   3        24 180
 2  89  68  79  11   0  14 0.00  0.0    0  5.8 17 200   M    M   1 1      24 210
 3  89  67  78  10   0  13 0.00  0.0    0  4.0 10 240   M    M   1 1      13 170
 4  80  66  73   5   0   8 1.94  0.0    0  5.0 15 350   M    M   7 13     22 230
 5  77  59  68  -1   0   3 0.00  0.0    0  4.7 13 290   M    M   6 1      16 280
 6  85  55  70   1   0   5 0.00  0.0    0  2.0  9  80   M    M   0 1      13  20
 7  88  59  74   5   0   9 0.00  0.0    0  1.8  9 120   M    M   0 18     12  70
 8  90  61  76   6   0  11    T  0.0    0  6.1 20 180   M    M   0 1      27 180
 9  79  66  73   3   0   8 0.97  0.0    0  6.0 24 300   M    M   5 13     32 300
10  75  63  69  -1   0   4 0.10  0.0    0  2.3 12  60   M    M   7 138    13  60
11  84  69  77   7   0  12 0.38  0.0    0  6.1 16 250   M    M   8 138    26 260
12  80  65  73   2   0   8 0.37  0.0    0  3.4 16 300   M    M   8 1      21 310
13  79  57  68  -3   0   3 0.00  0.0    0  4.0 14 290   M    M   1 1      20 300
14  80  53  67  -4   0   2 0.00  0.0    0  3.8 15 360   M    M   0        24 310
15  86  55  71  -1   0   6    T  0.0    0  3.0  9 200   M    M   1        12 200
16  92  65  79   7   0  14 0.00  0.0    0  2.8 12 250   M    M   1 18     14 230
17  93  66  80   8   0  15 0.00  0.0    0  2.2  9 190   M    M   0 18     14 170
18  91  67  79   7   0  14 0.00  0.0    0  6.6 18 180   M    M   0 18     23 170
19  88  68  78   6   0  13 0.00  0.0    0  7.4 18 200   M    M   3        25 200
20  92  67  80   7   0  15 0.00  0.0    0  2.8  9  40   M    M   3 1      13 300
21  94  68  81   8   0  16 0.00  0.0    0  7.7 17 180   M    M   2 18     22 170
22  94  71  83  10   0  18 0.00  0.0    0  6.4 16 200   M    M   2        21 200
23  95  67  81   7   0  16 0.00  0.0    0  1.6  9  80   M    M   1 18     15 180
24  95  71  83   9   0  18    T  0.0    0  2.3 13 200   M    M   1 18     16 210
================================================================================
SM 2084 1538         0 257  3.76     0.0 103.9          M       61
================================================================================
AV 86.8 64.1                               4.3 FASTST   M    M   3    MAX(MPH)
                                 MISC ---->  # 24 300               # 32  300
================================================================================
NOTES:
# LAST OF SEVERAL OCCURRENCES

COLUMN 17 PEAK WIND IN M.P.H.

PRELIMINARY LOCAL CLIMATOLOGICAL DATA (WS FORM: F-6) , PAGE 2

                                          STATION:  TUSCALOOSA
                                          MONTH:    MAY
                                          YEAR:     2019
                                          LATITUDE:   33 13 N
                                          LONGITUDE:  87 37 W

[TEMPERATURE DATA]      [PRECIPITATION DATA]       SYMBOLS USED IN COLUMN 16

AVERAGE MONTHLY: 75.5   TOTAL FOR MONTH:   3.76    1 = FOG OR MIST
DPTR FM NORMAL:   4.7   DPTR FM NORMAL:    0.68    2 = FOG REDUCING VISIBILITY
HIGHEST:    95 ON 24,23 GRTST 24HR  1.94 ON  4- 4      TO 1/4 MILE OR LESS
LOWEST:     53 ON 14                               3 = THUNDER
                        SNOW, ICE PELLETS, HAIL    4 = ICE PELLETS
                        TOTAL MONTH:   0.0 INCH    5 = HAIL
                        GRTST 24HR     0.0         6 = FREEZING RAIN OR DRIZZLE
                        GRTST DEPTH:   0           7 = DUSTSTORM OR SANDSTORM:
                                                       VSBY 1/2 MILE OR LESS
                                                   8 = SMOKE OR HAZE
[NO. OF DAYS WITH]      [WEATHER - DAYS WITH]      9 = BLOWING SNOW
                                                   X = TORNADO
MAX 32 OR BELOW:   0    0.01 INCH OR MORE:   5
MAX 90 OR ABOVE:   9    0.10 INCH OR MORE:   5
MIN 32 OR BELOW:   0    0.50 INCH OR MORE:   2
MIN  0 OR BELOW:   0    1.00 INCH OR MORE:   1

[HDD (BASE 65) ]
TOTAL THIS MO.     0    CLEAR  (SCALE 0-3)  17
DPTR FM NORMAL   -14    PTCLDY (SCALE 4-7)   7
TOTAL FM JUL 1  2096    CLOUDY (SCALE 8-10)  0
DPTR FM NORMAL  -423

[CDD (BASE 65) ]
TOTAL THIS MO.   257
DPTR FM NORMAL   102    [PRESSURE DATA]
TOTAL FM JAN 1   408    HIGHEST SLP M ON M
DPTR FM NORMAL   165    LOWEST  SLP 29.72 ON  4

[REMARKS]
