000
CXUS54 KEPZ 211200
CF6TCS
PRELIMINARY LOCAL CLIMATOLOGICAL DATA (WS FORM: F-6)

                                          STATION:   TRUTH OR CONSEQUENCES
                                          MONTH:     MAY
                                          YEAR:      2019
                                          LATITUDE:   33 13 N
                                          LONGITUDE: 107 16 W

  TEMPERATURE IN F:       :PCPN:    SNOW:  WIND      :SUNSHINE: SKY     :PK WND
================================================================================
1   2   3   4   5  6A  6B    7    8   9   10  11  12  13   14  15   16   17  18
                                     12Z  AVG MX 2MIN
DY MAX MIN AVG DEP HDD CDD  WTR  SNW DPTH SPD SPD DIR MIN PSBL S-S WX    SPD DR
================================================================================

 1  84  50  67   3   0   2 0.00  0.0    0  9.1 22 230   M    M   0        34 260
 2  83  56  70   5   0   5 0.00  0.0    0 10.9 26 170   M    M   0        33 170
 3  82  56  69   4   0   4 0.00  0.0    0  8.0 17  50   M    M   0        23  40
 4  87  56  72   6   0   7 0.00  0.0    0  9.4 23 230   M    M   0        35 240
 5  89  58  74   8   0   9 0.00  0.0    0  7.5 23 170   M    M   0        34 170
 6  86  57  72   6   0   7 0.00  0.0    0 10.3 28 190   M    M   0        37 200
 7  80  56  68   1   0   3 0.00  0.0    0 12.7 32 190   M    M   1        43 190
 8  74  50  62  -5   3   0    T  0.0    0 13.3 39 300   M    M   3        46 300
 9  76  49  63  -4   2   0    T    M    0 10.8 26 250   M    M   1        39 210
10  62  50  56 -12   9   0 0.11  0.0    0  8.1 17  30   M    M   8 13     23  20
11  68  43  56 -12   9   0 0.07    M    0  4.3 22  30   M    M   3 3      29  50
12  74  48  61  -7   4   0    T  0.0    0  8.1 31 270   M    M   3 3      42 260
13  80  48  64  -5   1   0 0.00  0.0    0  4.4 13 120   M    M   0        19 120
14  87  57  72   3   0   7 0.00  0.0    0  7.0 20 270   M    M   0        25 280
15  90  59  75   5   0  10 0.00  0.0    0  8.2 23 150   M    M   0        29 190
16  92  58  75   5   0  10 0.00  0.0    0 13.5 28 200   M    M   0        37 220
17  80  59  70   0   0   5 0.00  0.0    0 14.4 28 270   M    M   0        36 270
18  79  53  66  -4   0   1 0.00  0.0    0  9.3 21 260   M    M   0        27 250
19  81  52  67  -4   0   2 0.00  0.0    0 11.4 30 200   M    M   0        41 210
20  73  47  60 -11   5   0 0.00  0.0    0 17.9 39 260   M    M   2        53 270
================================================================================
SM 1607 1062        33  72  0.18     0.0 198.6          M       21
================================================================================
AV 80.4 53.1                               9.9 FASTST   M    M   1    MAX(MPH)
                                 MISC ---->  # 39 300               # 53  270
================================================================================
NOTES:
# LAST OF SEVERAL OCCURRENCES

COLUMN 17 PEAK WIND IN M.P.H.

PRELIMINARY LOCAL CLIMATOLOGICAL DATA (WS FORM: F-6) , PAGE 2

                                          STATION:  TRUTH OR CONSEQUENCES
                                          MONTH:    MAY
                                          YEAR:     2019
                                          LATITUDE:   33 13 N
                                          LONGITUDE: 107 16 W

[TEMPERATURE DATA]      [PRECIPITATION DATA]       SYMBOLS USED IN COLUMN 16

AVERAGE MONTHLY: 66.7   TOTAL FOR MONTH:   0.18    1 = FOG OR MIST
DPTR FM NORMAL:  -1.1   DPTR FM NORMAL:   -0.19    2 = FOG REDUCING VISIBILITY
HIGHEST:    92 ON 16    GRTST 24HR  0.11 ON 10-10      TO 1/4 MILE OR LESS
LOWEST:     43 ON 11                               3 = THUNDER
                        SNOW, ICE PELLETS, HAIL    4 = ICE PELLETS
                        TOTAL MONTH:   0.0 INCH    5 = HAIL
                        GRTST 24HR     0.0         6 = FREEZING RAIN OR DRIZZLE
                        GRTST DEPTH:   0           7 = DUSTSTORM OR SANDSTORM:
                                                       VSBY 1/2 MILE OR LESS
                                                   8 = SMOKE OR HAZE
[NO. OF DAYS WITH]      [WEATHER - DAYS WITH]      9 = BLOWING SNOW
                                                   X = TORNADO
MAX 32 OR BELOW:   0    0.01 INCH OR MORE:   2
MAX 90 OR ABOVE:   2    0.10 INCH OR MORE:   1
MIN 32 OR BELOW:   0    0.50 INCH OR MORE:   0
MIN  0 OR BELOW:   0    1.00 INCH OR MORE:   0

[HDD (BASE 65) ]
TOTAL THIS MO.    33    CLEAR  (SCALE 0-3)  18
DPTR FM NORMAL    10    PTCLDY (SCALE 4-7)   2
TOTAL FM JUL 1  2959    CLOUDY (SCALE 8-10)  0
DPTR FM NORMAL  -299

[CDD (BASE 65) ]
TOTAL THIS MO.    72
DPTR FM NORMAL    -8    [PRESSURE DATA]
TOTAL FM JAN 1   154    HIGHEST SLP M ON M
DPTR FM NORMAL    53    LOWEST  SLP 29.38 ON 20

[REMARKS]
