000
CXUS54 KEPZ 221200
CF6TCS
PRELIMINARY LOCAL CLIMATOLOGICAL DATA (WS FORM: F-6)

                                          STATION:   TRUTH OR CONSEQUENCES
                                          MONTH:     MARCH
                                          YEAR:      2019
                                          LATITUDE:   33 13 N
                                          LONGITUDE: 107 16 W

  TEMPERATURE IN F:       :PCPN:    SNOW:  WIND      :SUNSHINE: SKY     :PK WND
================================================================================
1   2   3   4   5  6A  6B    7    8   9   10  11  12  13   14  15   16   17  18
                                     12Z  AVG MX 2MIN
DY MAX MIN AVG DEP HDD CDD  WTR  SNW DPTH SPD SPD DIR MIN PSBL S-S WX    SPD DR
================================================================================

 1  77  41  59  10   6   0 0.00  0.0    0  8.2 21 270   M    M   1        26 260
 2  77  49  63  14   2   0 0.00  0.0    0 10.8 28 270   M    M   0        37 260
 3  75  43  59  10   6   0 0.00  0.0    0  8.6 23 250   M    M   0        32 240
 4  68  36  52   2  13   0 0.00  0.0    0  8.7 21 120   M    M   0        25 120
 5  68  37  53   3  12   0 0.00  0.0    0  6.4 18 190   M    M   0        22 180
 6  79  40  60  10   5   0 0.00  0.0    0  8.1 29 260   M    M   0        38 270
 7  77  52  65  15   0   0 0.00  0.0    0 12.0 35 260   M    M   0        46 240
 8  70  43  57   7   8   0    T  0.0    0 16.0 40 230   M    M   1        52 230
 9  64  33  49  -2  16   0 0.00  0.0    0  8.5 22 170   M    M   0        31 150
10  64  43  54   3  11   0 0.01  0.0    0 10.7 25 170   M    M   3        32 200
11  69  40  55   4  10   0 0.10  0.0    0  5.6 33 170   M    M   6 1      44 160
12  65  40  53   2  12   0 0.06  0.0    0  9.6 35 270   M    M   7        45 270
13  55  38  47  -5  18   0 0.00  0.0    0 18.9 39 270   M    M   2        53 280
14  54  30  42 -10  23   0 0.00  0.0    0  8.4 21 300   M    M   1        29 300
15  57  35  46  -6  19   0 0.00  0.0    0  9.8 17  20   M    M   0        24  30
16  52  35  44  -8  21   0 0.00  0.0    0  5.6 15 140   M    M   3        18 160
17  62  30  46  -6  19   0 0.00  0.0    0  5.0 10 200   M    M   0        15 170
18  65  38  52  -1  13   0 0.00  0.0    0  6.7 14 220   M    M   1        18 170
19  69  36  53   0  12   0 0.00  0.0    0  7.5 17 190   M    M   1        22 180
20  69  45  57   4   8   0 0.00  0.0    0  9.5 22  30   M    M   1        28  20
21  71  48  60   7   5   0    T  0.0    0  9.5 26 180   M    M   6 3      35 180
================================================================================
SM 1407  832       239   0  0.17     0.0 194.1          M       33
================================================================================
AV 67.0 39.6                               9.2 FASTST   M    M   2    MAX(MPH)
                                 MISC ---->  # 40 230               # 53  280
================================================================================
NOTES:
# LAST OF SEVERAL OCCURRENCES

COLUMN 17 PEAK WIND IN M.P.H.

PRELIMINARY LOCAL CLIMATOLOGICAL DATA (WS FORM: F-6) , PAGE 2

                                          STATION:  TRUTH OR CONSEQUENCES
                                          MONTH:    MARCH
                                          YEAR:     2019
                                          LATITUDE:   33 13 N
                                          LONGITUDE: 107 16 W

[TEMPERATURE DATA]      [PRECIPITATION DATA]       SYMBOLS USED IN COLUMN 16

AVERAGE MONTHLY: 53.3   TOTAL FOR MONTH:   0.17    1 = FOG OR MIST
DPTR FM NORMAL:   2.2   DPTR FM NORMAL:   -0.07    2 = FOG REDUCING VISIBILITY
HIGHEST:    79 ON  6    GRTST 24HR  0.10 ON 11-11      TO 1/4 MILE OR LESS
LOWEST:     30 ON 17,14                            3 = THUNDER
                        SNOW, ICE PELLETS, HAIL    4 = ICE PELLETS
                        TOTAL MONTH:   0.0 INCH    5 = HAIL
                        GRTST 24HR     0.0         6 = FREEZING RAIN OR DRIZZLE
                        GRTST DEPTH:   0           7 = DUSTSTORM OR SANDSTORM:
                                                       VSBY 1/2 MILE OR LESS
                                                   8 = SMOKE OR HAZE
[NO. OF DAYS WITH]      [WEATHER - DAYS WITH]      9 = BLOWING SNOW
                                                   X = TORNADO
MAX 32 OR BELOW:   0    0.01 INCH OR MORE:   3
MAX 90 OR ABOVE:   0    0.10 INCH OR MORE:   1
MIN 32 OR BELOW:   2    0.50 INCH OR MORE:   0
MIN  0 OR BELOW:   0    1.00 INCH OR MORE:   0

[HDD (BASE 65) ]
TOTAL THIS MO.   239    CLEAR  (SCALE 0-3)  18
DPTR FM NORMAL   -54    PTCLDY (SCALE 4-7)   3
TOTAL FM JUL 1  2760    CLOUDY (SCALE 8-10)  0
DPTR FM NORMAL  -187

[CDD (BASE 65) ]
TOTAL THIS MO.     0
DPTR FM NORMAL     0    [PRESSURE DATA]
TOTAL FM JAN 1     0    HIGHEST SLP  0.00 ON 11
DPTR FM NORMAL     0    LOWEST  SLP 29.33 ON 12

[REMARKS]
