000
CXUS51 KCLE 250800
CF6TOL
PRELIMINARY LOCAL CLIMATOLOGICAL DATA (WS FORM: F-6)

                                          STATION:   TOLEDO OH
                                          MONTH:     MARCH
                                          YEAR:      2019
                                          LATITUDE:   41 35 N
                                          LONGITUDE:  83 48 W

  TEMPERATURE IN F:       :PCPN:    SNOW:  WIND      :SUNSHINE: SKY     :PK WND
================================================================================
1   2   3   4   5  6A  6B    7    8   9   10  11  12  13   14  15   16   17  18
                                     12Z  AVG MX 2MIN
DY MAX MIN AVG DEP HDD CDD  WTR  SNW DPTH SPD SPD DIR MIN PSBL S-S WX    SPD DR
================================================================================

 1  35  19  27  -5  38   0 0.00  0.0    0  6.8 15  50   M    M   2        17  60
 2  38  22  30  -2  35   0 0.00  0.0    0  5.8 18 320   M    M   7        23 320
 3  31  15  23 -10  42   0 0.07  0.9    0  6.0 17 310   M    M   8 8      23 330
 4  19   6  13 -20  52   0    T    T    1 12.0 26 250   M    M   7        31 260
 5  21   8  15 -19  50   0    T  0.2    T 14.2 29 250   M    M   6 8      36 260
 6  25   6  16 -18  49   0 0.02  0.6    T 11.3 23 240   M    M   7 1      27 260
 7  30  18  24 -10  41   0    T    T    T  5.5 17 240   M    M   3        21 240
 8  43  19  31  -3  34   0 0.00  0.0    0  3.0 10  80   M    M   1        13  70
 9  50  21  36   1  29   0 0.85  0.0    0 10.5 22  90   M    M   3 1368   30  90
10  50  34  42   7  23   0    T  0.0    0 22.9 41 240   M    M   9        53 230
11  45  29  37   1  28   0 0.00  0.0    0 13.4 25 260   M    M   1        33 300
12  46  20  33  -3  32   0 0.00  0.0    0  4.4 14 280   M    M   0        18 270
13  59  33  46  10  19   0 0.03  0.0    0  5.5 15 190   M    M   6 18     20 180
14  69  48  59  22   6   0 0.45  0.0    0 13.0 33 250   M    M   5 1      45 250
15  48  35  42   5  23   0 0.04    T    0 19.5 37 250   M    M  10 1      46 230
16  41  30  36  -2  29   0 0.11  1.1    1 11.2 23 280   M    M   7 1      30 270
17  39  21  30  -8  35   0    T    T    0  2.6 10 250   M    M   4 8      14 170
18  45  24  35  -3  30   0 0.00  0.0    0  5.6 13 260   M    M   6 18     16 300
19  49  27  38  -1  27   0 0.00  0.0    0  5.4 17 240   M    M   4 18     21 240
20  51  28  40   1  25   0 0.16  0.0    0  6.2 16 220   M    M   6        25 220
21  47  36  42   3  23   0 0.01  0.0    0  7.8 18 290   M    M  10 18     24 290
22  46  32  39  -1  26   0 0.00  0.0    0 11.9 24 320   M    M   6 18     31 310
23  50  24  37  -3  28   0 0.00  0.0    0  4.9 15 250   M    M   0        18 250
24  52  28  40  -1  25   0    T  0.0    0  3.6 12 260   M    M   7        14 270
================================================================================
SM 1029  583       749   0  1.74     2.8 213.0          M      125
================================================================================
AV 42.9 24.3                               8.9 FASTST   M    M   5    MAX(MPH)
                                 MISC ---->  # 41 240               # 53  230
================================================================================
NOTES:
# LAST OF SEVERAL OCCURRENCES

COLUMN 17 PEAK WIND IN M.P.H.

PRELIMINARY LOCAL CLIMATOLOGICAL DATA (WS FORM: F-6) , PAGE 2

                                          STATION:  TOLEDO OH
                                          MONTH:    MARCH
                                          YEAR:     2019
                                          LATITUDE:   41 35 N
                                          LONGITUDE:  83 48 W

[TEMPERATURE DATA]      [PRECIPITATION DATA]       SYMBOLS USED IN COLUMN 16

AVERAGE MONTHLY: 33.6   TOTAL FOR MONTH:   1.74    1 = FOG OR MIST
DPTR FM NORMAL:  -2.7   DPTR FM NORMAL:   -0.11    2 = FOG REDUCING VISIBILITY
HIGHEST:    69 ON 14    GRTST 24HR  0.85 ON  9- 9      TO 1/4 MILE OR LESS
LOWEST:      6 ON  6, 4                            3 = THUNDER
                        SNOW, ICE PELLETS, HAIL    4 = ICE PELLETS
                        TOTAL MONTH:   2.8 INCHES  5 = HAIL
                        GRTST 24HR   1.1 ON 16-16  6 = FREEZING RAIN OR DRIZZLE
                        GRTST DEPTH:   1 ON 16, 4  7 = DUSTSTORM OR SANDSTORM:
                                                       VSBY 1/2 MILE OR LESS
                                                   8 = SMOKE OR HAZE
[NO. OF DAYS WITH]      [WEATHER - DAYS WITH]      9 = BLOWING SNOW
                                                   X = TORNADO
MAX 32 OR BELOW:   5    0.01 INCH OR MORE:   9
MAX 90 OR ABOVE:   0    0.10 INCH OR MORE:   4
MIN 32 OR BELOW:  19    0.50 INCH OR MORE:   1
MIN  0 OR BELOW:   0    1.00 INCH OR MORE:   0

[HDD (BASE 65) ]
TOTAL THIS MO.   749    CLEAR  (SCALE 0-3)   7
DPTR FM NORMAL    59    PTCLDY (SCALE 4-7)  13
TOTAL FM JUL 1  5168    CLOUDY (SCALE 8-10)  4
DPTR FM NORMAL   -98

[CDD (BASE 65) ]
TOTAL THIS MO.     0
DPTR FM NORMAL     0    [PRESSURE DATA]
TOTAL FM JAN 1     0    HIGHEST SLP M ON M
DPTR FM NORMAL     0    LOWEST  SLP 29.57 ON 14

[REMARKS]
