000
CXUS53 KTOP 260800
CF6TOP
PRELIMINARY LOCAL CLIMATOLOGICAL DATA (WS FORM: F-6)

                                          STATION:   Topeka KS
                                          MONTH:     MAY
                                          YEAR:      2019
                                          LATITUDE:   39  4 N
                                          LONGITUDE:  95 38 W

  TEMPERATURE IN F:       :PCPN:    SNOW:  WIND      :SUNSHINE: SKY     :PK WND
================================================================================
1   2   3   4   5  6A  6B    7    8   9   10  11  12  13   14  15   16   17  18
                                     12Z  AVG MX 2MIN
DY MAX MIN AVG DEP HDD CDD  WTR  SNW DPTH SPD SPD DIR MIN PSBL S-S WX    SPD DR
================================================================================

 1  63  53  58  -2   7   0 0.18  0.0    0  5.6 17 340   M    M  10 13     23 350
 2  64  48  56  -5   9   0 0.37  0.0    0  8.3 20 340   M    M   7 13     30 340
 3  62  52  57  -4   8   0 0.05  0.0    0  5.3 12  60   M    M  10 1      14 340
 4  73  44  59  -2   6   0 0.00  0.0    0  2.1 10 120   M    M   1 12     13 120
 5  78  50  64   2   1   0 0.37  0.0    0  8.9 30  10   M    M   0 13     37  10
 6  79  52  66   4   0   1 0.18  0.0    0  7.7 25 340   M    M   3 13     35 340
 7  66  60  63   1   2   0 0.86  0.0    0  8.6 21  90   M    M   8 13     27  80
 8  74  52  63   0   2   0 1.33  0.0    0 10.4 26 290   M    M   9 13     42 290
 9  53  42  48 -15  17   0 0.00  0.0    0  9.4 20 340   M    M   9        27 340
10  63  37  50 -13  15   0 0.01  0.0    0  4.4 13  40   M    M   4        18  40
11  59  50  55  -9  10   0 0.05  0.0    0  4.7 12 130   M    M   9        17 160
12  67  48  58  -6   7   0 0.27  0.0    0  5.7 18 290   M    M   6 1      27 300
13  73  43  58  -6   7   0 0.00  0.0    0  4.8 13 160   M    M   2 12     18 180
14  84  53  69   5   0   4 0.00  0.0    0  5.6 15 200   M    M   0        21 210
15  86  58  72   7   0   7 0.00  0.0    0  4.6 16 120   M    M   0 12     20 100
16  92  65  79  14   0  14 0.00  0.0    0 11.1 25 180   M    M   0 8      40 180
17  88  70  79  14   0  14 0.00  0.0    0 14.2 24 160   M    M   2        44 150
18  75  58  67   1   0   2 1.91    T    0  7.7 33 110   M    M   8 135    49 110
19  68  53  61  -5   4   0 0.20  0.0    0 10.3 26 350   M    M   5 13     35 350
20  57  45  51 -15  14   0 1.32  0.0    0 13.0 31  90   M    M   5 13     44  80
21  71  51  61  -6   4   0 1.10  0.0    0 13.1 32  70   M    M   7 13     45 190
22  75  52  64  -3   1   0 0.00  0.0    0  7.5 17 180   M    M   1        24 180
23  76  50  63  -4   2   0    T  0.0    0  7.2 16  90   M    M   6        21  90
24  77  67  72   4   0   7 0.55  0.0    0  9.3 21 160   M    M   3 13     29 200
25  81  65  73   5   0   8 0.46  0.0    0  9.0 21 210   M    M   8 138    29 230
================================================================================
SM 1804 1318       116  57  9.21    T    198.5          M      123
================================================================================
AV 72.2 52.7                               7.9 FASTST   M    M   5    MAX(MPH)
                                 MISC ---->  # 33 110               # 49  110
================================================================================
NOTES:
# LAST OF SEVERAL OCCURRENCES

COLUMN 17 PEAK WIND IN M.P.H.

PRELIMINARY LOCAL CLIMATOLOGICAL DATA (WS FORM: F-6) , PAGE 2

                                          STATION:  Topeka KS
                                          MONTH:    MAY
                                          YEAR:     2019
                                          LATITUDE:   39  4 N
                                          LONGITUDE:  95 38 W

[TEMPERATURE DATA]      [PRECIPITATION DATA]       SYMBOLS USED IN COLUMN 16

AVERAGE MONTHLY: 62.4   TOTAL FOR MONTH:   9.21    1 = FOG OR MIST
DPTR FM NORMAL:  -1.7   DPTR FM NORMAL:    5.25    2 = FOG REDUCING VISIBILITY
HIGHEST:    92 ON 16    GRTST 24HR  1.91 ON 18-18      TO 1/4 MILE OR LESS
LOWEST:     37 ON 10                               3 = THUNDER
                        SNOW, ICE PELLETS, HAIL    4 = ICE PELLETS
                        TOTAL MONTH:    T          5 = HAIL
                        GRTST 24HR    T  ON 18-18  6 = FREEZING RAIN OR DRIZZLE
                        GRTST DEPTH:   0           7 = DUSTSTORM OR SANDSTORM:
                                                       VSBY 1/2 MILE OR LESS
                                                   8 = SMOKE OR HAZE
[NO. OF DAYS WITH]      [WEATHER - DAYS WITH]      9 = BLOWING SNOW
                                                   X = TORNADO
MAX 32 OR BELOW:   0    0.01 INCH OR MORE:  16
MAX 90 OR ABOVE:   1    0.10 INCH OR MORE:  13
MIN 32 OR BELOW:   0    0.50 INCH OR MORE:   6
MIN  0 OR BELOW:   0    1.00 INCH OR MORE:   4

[HDD (BASE 65) ]
TOTAL THIS MO.   116    CLEAR  (SCALE 0-3)  10
DPTR FM NORMAL    26    PTCLDY (SCALE 4-7)   9
TOTAL FM JUL 1  5252    CLOUDY (SCALE 8-10)  6
DPTR FM NORMAL   245

[CDD (BASE 65) ]
TOTAL THIS MO.    57
DPTR FM NORMAL   -11    [PRESSURE DATA]
TOTAL FM JAN 1    78    HIGHEST SLP M ON M
DPTR FM NORMAL   -18    LOWEST  SLP 29.32 ON 21

[REMARKS]
