000
CXUS53 KTOP 240800
CF6TOP
PRELIMINARY LOCAL CLIMATOLOGICAL DATA (WS FORM: F-6)

                                          STATION:   Topeka KS
                                          MONTH:     MARCH
                                          YEAR:      2019
                                          LATITUDE:   39  4 N
                                          LONGITUDE:  95 38 W

  TEMPERATURE IN F:       :PCPN:    SNOW:  WIND      :SUNSHINE: SKY     :PK WND
================================================================================
1   2   3   4   5  6A  6B    7    8   9   10  11  12  13   14  15   16   17  18
                                     12Z  AVG MX 2MIN
DY MAX MIN AVG DEP HDD CDD  WTR  SNW DPTH SPD SPD DIR MIN PSBL S-S WX    SPD DR
================================================================================

 1  39  16  28 -11  37   0 0.00  0.0    0  3.6  8 350   M    M   2         M  M
 2  30  19  25 -15  40   0 0.00  0.0    0 13.0 23  10   M    M   6        31  10
 3  19   3  11 -29  54   0 0.14  3.8    3 14.6 26 360   M    M   5 18     36 350
 4  17   0   9 -31  56   0 0.00  0.0    3  9.0 17 260   M    M   0        23 250
 5  26   8  17 -24  48   0 0.00  0.0    2  8.7 22 290   M    M   0        32 290
 6  37   6  22 -19  43   0 0.00  0.0    1  6.2 14 140   M    M   0        18 140
 7  43  29  36  -6  29   0 0.00  0.0    T 11.1 20  80   M    M   4        25  80
 8  44  34  39  -3  26   0    T  0.0    0  7.3 16  90   M    M   9 18     21  90
 9  59  33  46   4  19   0 0.17  0.0    0 13.8 31 300   M    M   9 18     46 290
10  47  30  39  -4  26   0 0.00  0.0    0  6.5 14 300   M    M   0        20 280
11  56  26  41  -2  24   0 0.00  0.0    0  3.3 10  60   M    M   0        15  30
12  54  40  47   3  18   0 0.47  0.0    0  8.9 18 160   M    M  10 13     28 180
13  66  54  60  16   5   0 0.55  0.0    0 20.8 35 150   M    M   9 13     50 160
14  59  36  48   4  17   0    T  0.0    0 17.8 30 230   M    M  10        46 210
15  53  28  41  -4  24   0 0.00  0.0    0 11.1 22 310   M    M   0        32 300
16  62  25  44  -1  21   0 0.00  0.0    0  6.7 18 270   M    M   0        29 260
17  55  28  42  -3  23   0 0.00  0.0    0  3.9 10  40   M    M   3        15 360
18  56  35  46   0  19   0 0.00  0.0    0  5.2 13  70   M    M   3        18  60
19  64  41  53   7  12   0 0.24  0.0    0  8.7 22 120   M    M   8 1      29 340
20  61  42  52   6  13   0    T  0.0    0  9.7 21 310   M    M   5 1      32 300
21  61  34  48   1  17   0 0.00  0.0    0  4.5 13 350   M    M   0        19 290
22  68  29  49   2  16   0 0.00  0.0    0  2.7  9  50   M    M   0        14  50
23  59  49  54   7  11   0 0.02  0.0    0 10.1 22 150   M    M   9 18     31  90
================================================================================
SM 1135  645       598   0  1.59     3.8 207.2          M       92
================================================================================
AV 49.4 28.0                               9.0 FASTST   M    M   4    MAX(MPH)
                                 MISC ---->  # 35 150               # 50  160
================================================================================
NOTES:
# LAST OF SEVERAL OCCURRENCES

COLUMN 17 PEAK WIND IN M.P.H.

PRELIMINARY LOCAL CLIMATOLOGICAL DATA (WS FORM: F-6) , PAGE 2

                                          STATION:  Topeka KS
                                          MONTH:    MARCH
                                          YEAR:     2019
                                          LATITUDE:   39  4 N
                                          LONGITUDE:  95 38 W

[TEMPERATURE DATA]      [PRECIPITATION DATA]       SYMBOLS USED IN COLUMN 16

AVERAGE MONTHLY: 38.7   TOTAL FOR MONTH:   1.59    1 = FOG OR MIST
DPTR FM NORMAL:  -4.7   DPTR FM NORMAL:   -0.12    2 = FOG REDUCING VISIBILITY
HIGHEST:    68 ON 22    GRTST 24HR  0.55 ON 13-13      TO 1/4 MILE OR LESS
LOWEST:      0 ON  4                               3 = THUNDER
                        SNOW, ICE PELLETS, HAIL    4 = ICE PELLETS
                        TOTAL MONTH:   3.8 INCHES  5 = HAIL
                        GRTST 24HR   3.8 ON  3- 3  6 = FREEZING RAIN OR DRIZZLE
                        GRTST DEPTH:   3 ON  4, 3  7 = DUSTSTORM OR SANDSTORM:
                                                       VSBY 1/2 MILE OR LESS
                                                   8 = SMOKE OR HAZE
[NO. OF DAYS WITH]      [WEATHER - DAYS WITH]      9 = BLOWING SNOW
                                                   X = TORNADO
MAX 32 OR BELOW:   4    0.01 INCH OR MORE:   6
MAX 90 OR ABOVE:   0    0.10 INCH OR MORE:   5
MIN 32 OR BELOW:  13    0.50 INCH OR MORE:   1
MIN  0 OR BELOW:   1    1.00 INCH OR MORE:   0

[HDD (BASE 65) ]
TOTAL THIS MO.   598    CLEAR  (SCALE 0-3)  11
DPTR FM NORMAL   102    PTCLDY (SCALE 4-7)   5
TOTAL FM JUL 1  4777    CLOUDY (SCALE 8-10)  7
DPTR FM NORMAL   314

[CDD (BASE 65) ]
TOTAL THIS MO.     0
DPTR FM NORMAL     0    [PRESSURE DATA]
TOTAL FM JAN 1     0    HIGHEST SLP M ON M
DPTR FM NORMAL     0    LOWEST  SLP 29.07 ON 13

[REMARKS]
