000
CXUS52 KTBW 251000
CF6TPA
PRELIMINARY LOCAL CLIMATOLOGICAL DATA (WS FORM: F-6)

                                          STATION:   Tampa
                                          MONTH:     MAY
                                          YEAR:      2019
                                          LATITUDE:   27 58 N
                                          LONGITUDE:  82 32 W

  TEMPERATURE IN F:       :PCPN:    SNOW:  WIND      :SUNSHINE: SKY     :PK WND
================================================================================
1   2   3   4   5  6A  6B    7    8   9   10  11  12  13   14  15   16   17  18
                                     12Z  AVG MX 2MIN
DY MAX MIN AVG DEP HDD CDD  WTR  SNW DPTH SPD SPD DIR MIN PSBL S-S WX    SPD DR
================================================================================

 1  90  72  81   6   0  16 0.06  0.0    0  8.4 16 100   M    M   4        23 100
 2  90  73  82   7   0  17 1.39  0.0    0  7.0 21 200   M    M   6 13     25 180
 3  85  73  79   3   0  14 0.00  0.0    0  7.2 14 260   M    M   6        21 260
 4  88  74  81   5   0  16 0.00  0.0    0  8.5 16 180   M    M   5 1      20 200
 5  84  71  78   2   0  13 1.11  0.0    0  9.3 31 280   M    M   7 138    44 270
 6  85  74  80   4   0  15 0.00  0.0    0  4.9 13 270   M    M   7        24 260
 7  89  70  80   3   0  15 0.00  0.0    0  8.2 16  90   M    M   4         M  M
 8  91  73  82   5   0  17 0.00  0.0    0  9.2 15 100   M    M   5        22 120
 9  90  75  83   6   0  18 0.54  0.0    0  6.5 14 110   M    M   7 13     21 110
10  89  74  82   5   0  17 0.01  0.0    0  6.1 16 350   M    M   8 13     22 360
11  88  75  82   4   0  17 0.00  0.0    0  7.4 14 230   M    M   4        18 230
12  89  77  83   5   0  18 0.00  0.0    0  8.7 17 180   M    M   5        23 190
13  86  71  79   1   0  14 1.55  0.0    0  8.1 23 340   M    M   6 123    31 340
14  82  73  78   0   0  13 0.12  0.0    0  4.9 14 280   M    M   9 13     23 260
15  86  70  78   0   0  13 0.00  0.0    0  6.3 13 290   M    M   8        21 290
16  89  70  80   1   0  15 0.00  0.0    0  6.9 17 130   M    M   4        17 100
17  91   M   M   M   M   M 0.00  0.0    0  6.2 14 130   M    M   3        16 110
18  91  71  81   2   0  16 0.00  0.0    0  5.0 15 110   M    M   2        21 120
19  90  71  81   2   0  16 0.00  0.0    0  5.7 13 310   M    M   2        21 280
20  91   M   M   M   M   M 0.00  0.0    0  6.0 13 310   M    M   3        21 280
21  91  76  84   4   0  19 0.00  0.0    0  6.5 10 250   M    M   3         M  M
22  94  76  85   5   0  20 0.00  0.0    0  7.2 14  80   M    M   4        21  70
23  93  72  83   3   0  18 0.00  0.0    0  9.5 23  70   M    M   2 8      26  70
24  93  71  82   2   0  17 0.00  0.0    0  7.4 17  80   M    M   1        19 110
================================================================================
SM 2135 1602         0 354  4.78     0.0 171.1          M      115
================================================================================
AV 89.0 72.8                               7.1 FASTST   M    M   5    MAX(MPH)
                                 MISC ---->  # 31 280               # 44  270
================================================================================
NOTES:
# LAST OF SEVERAL OCCURRENCES

COLUMN 17 PEAK WIND IN M.P.H.

PRELIMINARY LOCAL CLIMATOLOGICAL DATA (WS FORM: F-6) , PAGE 2

                                          STATION:  Tampa
                                          MONTH:    MAY
                                          YEAR:     2019
                                          LATITUDE:   27 58 N
                                          LONGITUDE:  82 32 W

[TEMPERATURE DATA]      [PRECIPITATION DATA]       SYMBOLS USED IN COLUMN 16

AVERAGE MONTHLY: 80.9   TOTAL FOR MONTH:   4.78    1 = FOG OR MIST
DPTR FM NORMAL:   3.1   DPTR FM NORMAL:    3.35    2 = FOG REDUCING VISIBILITY
HIGHEST:    94 ON 22    GRTST 24HR  1.55 ON 13-13      TO 1/4 MILE OR LESS
LOWEST:     70 ON 16,15                            3 = THUNDER
                        SNOW, ICE PELLETS, HAIL    4 = ICE PELLETS
                        TOTAL MONTH:   0.0 INCH    5 = HAIL
                        GRTST 24HR     0.0         6 = FREEZING RAIN OR DRIZZLE
                        GRTST DEPTH:   0           7 = DUSTSTORM OR SANDSTORM:
                                                       VSBY 1/2 MILE OR LESS
                                                   8 = SMOKE OR HAZE
[NO. OF DAYS WITH]      [WEATHER - DAYS WITH]      9 = BLOWING SNOW
                                                   X = TORNADO
MAX 32 OR BELOW:   0    0.01 INCH OR MORE:   7
MAX 90 OR ABOVE:  12    0.10 INCH OR MORE:   5
MIN 32 OR BELOW:   0    0.50 INCH OR MORE:   4
MIN  0 OR BELOW:   0    1.00 INCH OR MORE:   3

[HDD (BASE 65) ]
TOTAL THIS MO.     0    CLEAR  (SCALE 0-3)   6
DPTR FM NORMAL     0    PTCLDY (SCALE 4-7)  17
TOTAL FM JUL 1   332    CLOUDY (SCALE 8-10)  1
DPTR FM NORMAL  -206

[CDD (BASE 65) ]
TOTAL THIS MO.   354
DPTR FM NORMAL    46    [PRESSURE DATA]
TOTAL FM JAN 1  1047    HIGHEST SLP M ON M
DPTR FM NORMAL   279    LOWEST  SLP 29.75 ON 13

[REMARKS]
