000
CXUS56 KLKN 231009
CF6TPH
PRELIMINARY LOCAL CLIMATOLOGICAL DATA (WS FORM: F-6)

                                          STATION:   TONOPAH AIRPORT NV
                                          MONTH:     MAY
                                          YEAR:      2019
                                          LATITUDE:   38  3 N
                                          LONGITUDE: 117  5 W

  TEMPERATURE IN F:       :PCPN:    SNOW:  WIND      :SUNSHINE: SKY     :PK WND
================================================================================
1   2   3   4   5  6A  6B    7    8   9   10  11  12  13   14  15   16   17  18
                                     12Z  AVG MX 2MIN
DY MAX MIN AVG DEP HDD CDD  WTR  SNW DPTH SPD SPD DIR MIN PSBL S-S WX    SPD DR
================================================================================

 1  61  32  47  -7  18   0 0.00    M    M  7.0 17  10   M    M   1        19  10
 2  69  34  52  -2  13   0 0.00    M    M  6.8 15  10   M    M   0        19 300
 3  74  39  57   2   8   0 0.00    M    M   M  18 220   M    M   M        25 220
 4  76  42  59   4   6   0 0.00    M    M  8.0 23  90   M    M   3        33  90
 5  77  45  61   6   4   0 0.00    M    M 10.9 25 190   M    M   0        31 160
 6  75  41  58   2   7   0    T    M    M  8.6 23 150   M    M   3        31 180
 7  74  50  62   6   3   0 0.00    M    M 15.7 33 320   M    M   4        44 320
 8  73  44  59   3   6   0 0.00    M    M 13.1 26 340   M    M   3        33 340
 9  67  46  57   0   8   0 0.01    M    M  8.1 29  10   M    M   6        36 360
10  64  43  54  -3  11   0 0.00    M    M  9.0 21 130   M    M   7        30 150
11  76  40  58   1   7   0 0.00    M    M  7.6 17  50   M    M   1        27  60
12  79  43  61   3   4   0 0.00    M    M  6.6 16 360   M    M   0        20 270
13  81  43  62   4   3   0 0.00    M    M  8.4 23 190   M    M   0        39 170
14  79  47  63   5   2   0 0.00    M    M 11.0 25 180   M    M   0        33 180
15  75  50  63   4   2   0 0.00    M    M 16.3 35 200   M    M   2        45 190
16  56  33  45 -14  20   0 0.52    M    M 13.1 36 260   M    M   6 13     44 260
17  57  34  46 -13  19   0 0.00    M    M 13.8 32 340   M    M   M        41 330
18  63  35  49 -11  16   0    T    M    M 12.2 30 180   M    M   M        43 150
19  51  37  44 -16  21   0 0.21    M    M  9.9 23 360   M    M   M        28  10
20  60  36  48 -12  17   0 0.00    M    M 16.9 30 320   M    M   1        36 320
21  55  37  46 -14  19   0    T    M    M 15.9 38 360   M    M   3        47  10
22  53  33  43 -18  22   0 0.16    M    M 12.2 28 360   M    M   6 1      33 360
================================================================================
SM 1495  884       236   0  0.90    M    231.1          M       46
================================================================================
AV 68.0 40.2                              11.0 FASTST   M    M   3    MAX(MPH)
                                 MISC ---->  # 38 360               # 47   10
================================================================================
NOTES:
# LAST OF SEVERAL OCCURRENCES

COLUMN 17 PEAK WIND IN M.P.H.

PRELIMINARY LOCAL CLIMATOLOGICAL DATA (WS FORM: F-6) , PAGE 2

                                          STATION:  TONOPAH AIRPORT NV
                                          MONTH:    MAY
                                          YEAR:     2019
                                          LATITUDE:   38  3 N
                                          LONGITUDE: 117  5 W

[TEMPERATURE DATA]      [PRECIPITATION DATA]       SYMBOLS USED IN COLUMN 16

AVERAGE MONTHLY: 54.1   TOTAL FOR MONTH:   0.90    1 = FOG OR MIST
DPTR FM NORMAL:  -3.4   DPTR FM NORMAL:    0.54    2 = FOG REDUCING VISIBILITY
HIGHEST:    81 ON 13    GRTST 24HR  0.52 ON 16-16      TO 1/4 MILE OR LESS
LOWEST:     32 ON  1                               3 = THUNDER
                        SNOW, ICE PELLETS, HAIL    4 = ICE PELLETS
                        TOTAL MONTH:    M          5 = HAIL
                        GRTST 24HR    M  ON   M    6 = FREEZING RAIN OR DRIZZLE
                        GRTST DEPTH:  M  ON   M    7 = DUSTSTORM OR SANDSTORM:
                                                       VSBY 1/2 MILE OR LESS
                                                   8 = SMOKE OR HAZE
[NO. OF DAYS WITH]      [WEATHER - DAYS WITH]      9 = BLOWING SNOW
                                                   X = TORNADO
MAX 32 OR BELOW:   0    0.01 INCH OR MORE:   4
MAX 90 OR ABOVE:   0    0.10 INCH OR MORE:   3
MIN 32 OR BELOW:   1    0.50 INCH OR MORE:   1
MIN  0 OR BELOW:   0    1.00 INCH OR MORE:   0

[HDD (BASE 65) ]
TOTAL THIS MO.   236    CLEAR  (SCALE 0-3)  13
DPTR FM NORMAL    57    PTCLDY (SCALE 4-7)   5
TOTAL FM JUL 1  5114    CLOUDY (SCALE 8-10)  0
DPTR FM NORMAL  -258

[CDD (BASE 65) ]
TOTAL THIS MO.     0
DPTR FM NORMAL    -9    [PRESSURE DATA]
TOTAL FM JAN 1     1    HIGHEST SLP M ON M
DPTR FM NORMAL    -9    LOWEST  SLP 29.47 ON 16

[REMARKS]
