000
CXUS54 KFWD 230730
CF6TPL
PRELIMINARY LOCAL CLIMATOLOGICAL DATA (WS FORM: F-6)

                                          STATION:   TEMPLE
                                          MONTH:     MARCH
                                          YEAR:      2019
                                          LATITUDE:   31  8 N
                                          LONGITUDE:  97 25 W

  TEMPERATURE IN F:       :PCPN:    SNOW:  WIND      :SUNSHINE: SKY     :PK WND
================================================================================
1   2   3   4   5  6A  6B    7    8   9   10  11  12  13   14  15   16   17  18
                                     12Z  AVG MX 2MIN
DY MAX MIN AVG DEP HDD CDD  WTR  SNW DPTH SPD SPD DIR MIN PSBL S-S WX    SPD DR
================================================================================

 1  47  45  46  -8  19   0 0.00  0.0    0  5.2  8 350   M    M   8 1       M  M
 2  46  41  44 -11  21   0 0.02  0.0    0  8.5 12 360   M    M  10 1       M  M
 3  43  29  36 -19  29   0 0.02  0.0    0 16.0 23 330   M    M   8 1      32 350
 4  33  24  29 -26  36   0 0.00  0.0    0 15.0 21 340   M    M   9        28 360
 5  44  20  32 -24  33   0 0.00  0.0    0  9.3 21 350   M    M   0        24 350
 6  57  22  40 -16  25   0 0.00  0.0    0 10.7 20 180   M    M   3        25 170
 7  76  49  63   7   2   0 0.00  0.0    0 17.1 24 200   M    M  10 1      35 180
 8  80  61  71  15   0   6 0.00  0.0    0 15.2 24 180   M    M   0        32 170
 9  84  50  67  10   0   2 0.09  0.0    M 11.0 25 160   M    M   0 1      36 170
10  69  46  58   1   7   0    T  0.0    0  8.5 18 350   M    M   0 1      24 350
11  57  55  56  -1   9   0    T  0.0    0 10.0 14 350   M    M   0 1       M  M
12  77  56  67   9   0   2 0.01  0.0    0 13.3 29 130   M    M  10 12     39 140
13  77  54  66   8   0   1 0.75  0.0    0 16.8 30 140   M    M   0 13     40 150
14  71  51  61   3   4   0 0.00  0.0    0 12.0 21 330   M    M   0 13     30 330
15  58  40  49  -9  16   0 0.00  0.0    0 10.5 16  10   M    M   0        28  10
16  60  33  47 -12  18   0 0.00  0.0    0  6.7 12  80   M    M   0        17  99
17  64  35  50  -9  15   0 0.00  0.0    0  5.2  9  70   M    M   0         M  M
18  69  38  54  -5  11   0 0.00  0.0    0  6.0 12 110   M    M   0        16  90
19  71  47  59   0   6   0 0.00  0.0    0  7.1 16 150   M    M   0        24 150
20  72  45  59  -1   6   0    T  0.0    0  6.7 14 360   M    M   0        20 350
21  77  35  56  -4   9   0 0.00    M    0  3.8  8 230   M    M   0 12      M  M
22  79  42  61   1   4   0 0.00  0.0    0  7.4 16 140   M    M   0        22 140
================================================================================
SM 1411  918       270  11  0.89     0.0 222.0          M       58
================================================================================
AV 64.1 41.7                              10.1 FASTST   M    M   3    MAX(MPH)
                                 MISC ---->  # 30 140               # 40  150
================================================================================
NOTES:
# LAST OF SEVERAL OCCURRENCES

COLUMN 17 PEAK WIND IN M.P.H.

PRELIMINARY LOCAL CLIMATOLOGICAL DATA (WS FORM: F-6) , PAGE 2

                                          STATION:  TEMPLE
                                          MONTH:    MARCH
                                          YEAR:     2019
                                          LATITUDE:   31  8 N
                                          LONGITUDE:  97 25 W

[TEMPERATURE DATA]      [PRECIPITATION DATA]       SYMBOLS USED IN COLUMN 16

AVERAGE MONTHLY: 52.9   TOTAL FOR MONTH:   0.89    1 = FOG OR MIST
DPTR FM NORMAL:  -4.4   DPTR FM NORMAL:   -1.41    2 = FOG REDUCING VISIBILITY
HIGHEST:    84 ON  9    GRTST 24HR  0.75 ON 13-13      TO 1/4 MILE OR LESS
LOWEST:     20 ON  5                               3 = THUNDER
                        SNOW, ICE PELLETS, HAIL    4 = ICE PELLETS
                        TOTAL MONTH:   0.0 INCH    5 = HAIL
                        GRTST 24HR     0.0         6 = FREEZING RAIN OR DRIZZLE
                        GRTST DEPTH:   0           7 = DUSTSTORM OR SANDSTORM:
                                                       VSBY 1/2 MILE OR LESS
                                                   8 = SMOKE OR HAZE
[NO. OF DAYS WITH]      [WEATHER - DAYS WITH]      9 = BLOWING SNOW
                                                   X = TORNADO
MAX 32 OR BELOW:   0    0.01 INCH OR MORE:   5
MAX 90 OR ABOVE:   0    0.10 INCH OR MORE:   1
MIN 32 OR BELOW:   4    0.50 INCH OR MORE:   1
MIN  0 OR BELOW:   0    1.00 INCH OR MORE:   0

[HDD (BASE 65) ]
TOTAL THIS MO.   270    CLEAR  (SCALE 0-3)  16
DPTR FM NORMAL    80    PTCLDY (SCALE 4-7)   0
TOTAL FM JUL 1  2050    CLOUDY (SCALE 8-10)  6
DPTR FM NORMAL    52

[CDD (BASE 65) ]
TOTAL THIS MO.    11
DPTR FM NORMAL   -10    [PRESSURE DATA]
TOTAL FM JAN 1    34    HIGHEST SLP M ON M
DPTR FM NORMAL     4    LOWEST  SLP M ON M

[REMARKS]
