000
CXUS53 KOAX 271000
CF6TQE
PRELIMINARY LOCAL CLIMATOLOGICAL DATA (WS FORM: F-6)

                                          STATION:   TEKAMAH NE
                                          MONTH:     MAY
                                          YEAR:      2019
                                          LATITUDE:   41 46 N
                                          LONGITUDE:  96 11 W

  TEMPERATURE IN F:       :PCPN:    SNOW:  WIND      :SUNSHINE: SKY     :PK WND
================================================================================
1   2   3   4   5  6A  6B    7    8   9   10  11  12  13   14  15   16   17  18
                                     12Z  AVG MX 2MIN
DY MAX MIN AVG DEP HDD CDD  WTR  SNW DPTH SPD SPD DIR MIN PSBL S-S WX    SPD DR
================================================================================

 1  50  42  46 -11  19   0    T    M    M  9.0 17 350   M    M  10        21 350
 2  62  36  49  -8  16   0 0.00    M    M  5.8 16  20   M    M   2 1      21 330
 3  68  37  53  -4  12   0    T    M    M  8.3 21 170   M    M   1        30 140
 4  76  38  57  -1   8   0 0.48    M    M  8.2 28 340   M    M   2 13     35 340
 5  74  48  61   3   4   0 0.07    M    M  9.2 24  10   M    M   2 13     30 360
 6  59  46  53  -5  12   0 0.12    M    M 12.1 21  60   M    M   7 1      26 360
 7  60  46  53  -6  12   0 0.02    M    M 11.7 18  60   M    M  10 1      23  40
 8  54  39  47 -12  18   0 0.99    M    M 13.3 28 340   M    M  10 1      35 350
 9  54  38  46 -14  19   0 0.00    M    M 17.0 30 350   M    M   8        38 350
10  63  35  49 -11  16   0 0.00    M    M  5.0 13 300   M    M   1        18 330
11  63  43  53  -7  12   0 0.37    M    M 11.7 24 150   M    M   7 1      30 140
12  60  43  52  -9  13   0 0.09    M    M  6.5 17  70   M    M   7 1      22  70
13  68  42  55  -6  10   0 0.00    M    M 10.6 22 130   M    M   3        27 130
14  83  55  69   7   0   4 0.19    M    M  8.4 21 140   M    M   2 13     24 150
15  84  54  69   7   0   4 0.00    M    M  8.1 20 160   M    M   1 1      29 170
16  93  61  77  15   0  12 0.94    M    M  5.9 30  10   M    M   1 13     44  10
17  86  63  75  12   0  10    T    M    M 16.1 28 160   M    M   2        35 160
18  73  57  65   2   0   0 0.18    M    M 15.5 32 190   M    M   4 13     43 190
19  57  44  51 -12  14   0    T    M    M 18.5 28 310   M    M  10        36 310
20  53  39  46 -18  19   0 0.00    M    M 11.4 20  80   M    M   5        26  70
21  54  47  51 -13  14   0 0.67    M    M 17.3 32  80   M    M  10 13     46  70
22  65  48  57  -7   8   0 0.00    M    M 17.0 30 200   M    M   5        39 230
23  66  45  56  -9   9   0 1.82    M    M  6.5 29 120   M    M   5 13     36 120
24  77  56  67   2   0   2 0.12    M    M 13.1 35  80   M    M   5 13     45  80
25  78  55  67   1   0   2 0.00    M    M  8.4 15  20   M    M   1        19  40
26  81  53  67   1   0   2 0.16    M    M 11.3 33 200   M    M   2 13     42 200
================================================================================
SM 1761 1210       235  36  6.22    M    285.9          M      123
================================================================================
AV 67.7 46.5                              11.0 FASTST   M    M   5    MAX(MPH)
                                 MISC ---->  # 35  80               # 46   70
================================================================================
NOTES:
# LAST OF SEVERAL OCCURRENCES

COLUMN 17 PEAK WIND IN M.P.H.

PRELIMINARY LOCAL CLIMATOLOGICAL DATA (WS FORM: F-6) , PAGE 2

                                          STATION:  TEKAMAH NE
                                          MONTH:    MAY
                                          YEAR:     2019
                                          LATITUDE:   41 46 N
                                          LONGITUDE:  96 11 W

[TEMPERATURE DATA]      [PRECIPITATION DATA]       SYMBOLS USED IN COLUMN 16

AVERAGE MONTHLY: 57.1   TOTAL FOR MONTH:   6.22    1 = FOG OR MIST
DPTR FM NORMAL:  -4.2   DPTR FM NORMAL:    2.77    2 = FOG REDUCING VISIBILITY
HIGHEST:    93 ON 16    GRTST 24HR  1.82 ON 23-23      TO 1/4 MILE OR LESS
LOWEST:     35 ON 10                               3 = THUNDER
                        SNOW, ICE PELLETS, HAIL    4 = ICE PELLETS
                        TOTAL MONTH:    M          5 = HAIL
                        GRTST 24HR    M  ON   M    6 = FREEZING RAIN OR DRIZZLE
                        GRTST DEPTH:  M  ON   M    7 = DUSTSTORM OR SANDSTORM:
                                                       VSBY 1/2 MILE OR LESS
                                                   8 = SMOKE OR HAZE
[NO. OF DAYS WITH]      [WEATHER - DAYS WITH]      9 = BLOWING SNOW
                                                   X = TORNADO
MAX 32 OR BELOW:   0    0.01 INCH OR MORE:  14
MAX 90 OR ABOVE:   1    0.10 INCH OR MORE:  11
MIN 32 OR BELOW:   0    0.50 INCH OR MORE:   4
MIN  0 OR BELOW:   0    1.00 INCH OR MORE:   1

[HDD (BASE 65) ]
TOTAL THIS MO.   235    CLEAR  (SCALE 0-3)  12
DPTR FM NORMAL    91    PTCLDY (SCALE 4-7)   8
TOTAL FM JUL 1  7119    CLOUDY (SCALE 8-10)  6
DPTR FM NORMAL   646

[CDD (BASE 65) ]
TOTAL THIS MO.    36
DPTR FM NORMAL   -13    [PRESSURE DATA]
TOTAL FM JAN 1    41    HIGHEST SLP M ON M
DPTR FM NORMAL   -16    LOWEST  SLP 29.31 ON 21

[REMARKS]
