000
CXUS54 KMRX 211000
CF6TRI
PRELIMINARY LOCAL CLIMATOLOGICAL DATA (WS FORM: F-6)

                                          STATION:   TRI-CITIES      ASOS
                                          MONTH:     MARCH
                                          YEAR:      2019
                                          LATITUDE:   36 28 N
                                          LONGITUDE:  82 24 W

  TEMPERATURE IN F:       :PCPN:    SNOW:  WIND      :SUNSHINE: SKY     :PK WND
================================================================================
1   2   3   4   5  6A  6B    7    8   9   10  11  12  13   14  15   16   17  18
                                     12Z  AVG MX 2MIN
DY MAX MIN AVG DEP HDD CDD  WTR  SNW DPTH SPD SPD DIR MIN PSBL S-S WX    SPD DR
================================================================================

 1  57  49  53  10  12   0 0.63  0.0    0  3.5 15 270   M    M  10 12     19 270
 2  51  40  46   3  19   0 0.00  0.0    0  5.1 13 270   M    M  10        17 290
 3  48  35  42  -1  23   0 0.79  0.0    0  4.6 16 350   M    M   9 1      25  10
 4  36  23  30 -13  35   0    T  0.0    0  8.6 17 270   M    M   9 18     21 260
 5  36  21  29 -15  36   0 0.00  0.0    0  9.9 24 230   M    M   4        31 220
 6  35  19  27 -17  38   0 0.00  0.0    0  9.1 22 260   M    M   3        27 280
 7  45  22  34 -10  31   0 0.00  0.0    0  3.0 10 230   M    M   8        16 270
 8  42  36  39  -5  26   0 0.29  0.0    0  3.1  8  90   M    M  10 1      11 100
 9  66  39  53   8  12   0 0.45  0.0    0  5.1 18 170   M    M   9 1      27 170
10  68  44  56  11   9   0 0.44  0.0    0  9.4 26 220   M    M   6 12     32 220
11  57  38  48   3  17   0 0.00  0.0    0  3.8 16 230   M    M   5        18 230
12  57  29  43  -3  22   0 0.00  0.0    0  1.3  7 140   M    M   3        10 160
13  71  35  53   7  12   0 0.00  0.0    0  3.7 14 180   M    M   7        17 170
14  73  50  62  16   3   0 0.01  0.0    0 10.3 22 190   M    M   7        31 190
15  67  43  55   9  10   0 0.20  0.0    0 13.2 31 240   M    M   8 18     39 240
16  54  33  44  -3  21   0 0.00  0.0    0  7.4 18 310   M    M   5        24 310
17  56  26  41  -6  24   0 0.00  0.0    0  2.8 17 250   M    M   2        21 240
18  50  30  40  -7  25   0 0.00  0.0    0  5.0 15 310   M    M   3        21 330
19  54  23  39  -9  26   0 0.00  0.0    0  1.2 10  70   M    M   2        16  60
20  61  26  44  -4  21   0 0.00  0.0    0  1.4 10 280   M    M   4        13 250
================================================================================
SM 1084  661       422   0  2.81     0.0 111.5          M      124
================================================================================
AV 54.2 33.1                               5.6 FASTST   M    M   6    MAX(MPH)
                                 MISC ---->  # 31 240               # 39  240
================================================================================
NOTES:
# LAST OF SEVERAL OCCURRENCES

COLUMN 17 PEAK WIND IN M.P.H.

PRELIMINARY LOCAL CLIMATOLOGICAL DATA (WS FORM: F-6) , PAGE 2

                                          STATION:  TRI-CITIES      ASOS
                                          MONTH:    MARCH
                                          YEAR:     2019
                                          LATITUDE:   36 28 N
                                          LONGITUDE:  82 24 W

[TEMPERATURE DATA]      [PRECIPITATION DATA]       SYMBOLS USED IN COLUMN 16

AVERAGE MONTHLY: 43.6   TOTAL FOR MONTH:   2.81    1 = FOG OR MIST
DPTR FM NORMAL:  -1.6   DPTR FM NORMAL:    0.62    2 = FOG REDUCING VISIBILITY
HIGHEST:    73 ON 14    GRTST 24HR  0.79 ON  3- 3      TO 1/4 MILE OR LESS
LOWEST:     19 ON  6                               3 = THUNDER
                        SNOW, ICE PELLETS, HAIL    4 = ICE PELLETS
                        TOTAL MONTH:   0.0 INCH    5 = HAIL
                        GRTST 24HR     0.0         6 = FREEZING RAIN OR DRIZZLE
                        GRTST DEPTH:   0           7 = DUSTSTORM OR SANDSTORM:
                                                       VSBY 1/2 MILE OR LESS
                                                   8 = SMOKE OR HAZE
[NO. OF DAYS WITH]      [WEATHER - DAYS WITH]      9 = BLOWING SNOW
                                                   X = TORNADO
MAX 32 OR BELOW:   0    0.01 INCH OR MORE:   7
MAX 90 OR ABOVE:   0    0.10 INCH OR MORE:   6
MIN 32 OR BELOW:   9    0.50 INCH OR MORE:   2
MIN  0 OR BELOW:   0    1.00 INCH OR MORE:   0

[HDD (BASE 65) ]
TOTAL THIS MO.   422    CLEAR  (SCALE 0-3)   4
DPTR FM NORMAL    26    PTCLDY (SCALE 4-7)   9
TOTAL FM JUL 1  3361    CLOUDY (SCALE 8-10)  7
DPTR FM NORMAL  -417

[CDD (BASE 65) ]
TOTAL THIS MO.     0
DPTR FM NORMAL     0    [PRESSURE DATA]
TOTAL FM JAN 1     2    HIGHEST SLP M ON M
DPTR FM NORMAL     2    LOWEST  SLP 29.74 ON  3

[REMARKS]
