000
CXUS54 KFWD 230730
CF6TRL
PRELIMINARY LOCAL CLIMATOLOGICAL DATA (WS FORM: F-6)

                                          STATION:   TERRELL
                                          MONTH:     MARCH
                                          YEAR:      2019
                                          LATITUDE:   32 42 N
                                          LONGITUDE:  96 16 W

  TEMPERATURE IN F:       :PCPN:    SNOW:  WIND      :SUNSHINE: SKY     :PK WND
================================================================================
1   2   3   4   5  6A  6B    7    8   9   10  11  12  13   14  15   16   17  18
                                     12Z  AVG MX 2MIN
DY MAX MIN AVG DEP HDD CDD  WTR  SNW DPTH SPD SPD DIR MIN PSBL S-S WX    SPD DR
================================================================================

 1  44  33  39 -14  26   0 0.00  0.0    0  5.1 12  30   M    M  10        15  30
 2  47  39  43 -10  22   0 0.02  0.0    0  6.8 13  20   M    M  10 18     16 360
 3  45  27  36 -18  29   0 0.06  0.0    0 13.8 22  10   M    M  10 18     30 350
 4  32  22  27 -27  38   0 0.00  0.0    0 11.5 20  10   M    M   7        26 360
 5  46  22  34 -20  31   0 0.00  0.0    0  7.3 20  10   M    M   0        23  20
 6  56  23  40 -14  25   0 0.00  0.0    0  6.0 18 180   M    M   1        23 180
 7  71  49  60   5   5   0 0.00  0.0    0 12.7 24 190   M    M   6 8      31 200
 8  79  62  71  16   0   6 0.00  0.0    0 14.4 23 180   M    M   6        31 210
 9  78  52  65  10   0   0 0.38  0.0    0 11.0 37 270   M    M   4 13     54 290
10  64  50  57   2   8   0 0.02  0.0    0  9.9 17  30   M    M   2        20  20
11  64  53  59   3   6   0    T  0.0    0 10.8 20 100   M    M   9        26  50
12  68  58  63   7   2   0 0.01  0.0    0 11.7 31 150   M    M   9 18     41 140
13  69  55  62   6   3   0 1.37  0.0    0 15.8 40 250   M    M   6 138    52 250
14  67  51  59   3   6   0    T  0.0    0 13.0 31 280   M    M   2 138    42 280
15  60  44  52  -4  13   0 0.00  0.0    0 10.3 21  10   M    M   0        28  10
16  61  35  48  -9  17   0 0.00  0.0    0  6.1 14  40   M    M   0        23  80
17  67  36  52  -5  13   0 0.00  0.0    0  3.2 10 100   M    M   0        14 110
18  72  38  55  -2  10   0 0.00  0.0    0  2.8 12 140   M    M   0        15 100
19  72  46  59   1   6   0 0.00  0.0    0  4.5 15 180   M    M   1 8      22 190
20  67  45  56  -2   9   0 0.00  0.0    0  4.4 21  10   M    M   3 8      26  10
21  76  40  58   0   7   0 0.00  0.0    0  4.8 15 300   M    M   0        22 290
22  76  43  60   2   5   0 0.00  0.0    0  4.9 15 160   M    M   0 8      19 160
================================================================================
SM 1381  923       281   6  1.86     0.0 190.8          M       86
================================================================================
AV 62.8 42.0                               8.7 FASTST   M    M   4    MAX(MPH)
                                 MISC ---->  # 40 250               # 54  290
================================================================================
NOTES:
# LAST OF SEVERAL OCCURRENCES

COLUMN 17 PEAK WIND IN M.P.H.

PRELIMINARY LOCAL CLIMATOLOGICAL DATA (WS FORM: F-6) , PAGE 2

                                          STATION:  TERRELL
                                          MONTH:    MARCH
                                          YEAR:     2019
                                          LATITUDE:   32 42 N
                                          LONGITUDE:  96 16 W

[TEMPERATURE DATA]      [PRECIPITATION DATA]       SYMBOLS USED IN COLUMN 16

AVERAGE MONTHLY: 52.4   TOTAL FOR MONTH:   1.86    1 = FOG OR MIST
DPTR FM NORMAL:  -3.3   DPTR FM NORMAL:   -0.92    2 = FOG REDUCING VISIBILITY
HIGHEST:    79 ON  8    GRTST 24HR  1.37 ON 13-13      TO 1/4 MILE OR LESS
LOWEST:     22 ON  5, 4                            3 = THUNDER
                        SNOW, ICE PELLETS, HAIL    4 = ICE PELLETS
                        TOTAL MONTH:   0.0 INCH    5 = HAIL
                        GRTST 24HR     0.0         6 = FREEZING RAIN OR DRIZZLE
                        GRTST DEPTH:   0           7 = DUSTSTORM OR SANDSTORM:
                                                       VSBY 1/2 MILE OR LESS
                                                   8 = SMOKE OR HAZE
[NO. OF DAYS WITH]      [WEATHER - DAYS WITH]      9 = BLOWING SNOW
                                                   X = TORNADO
MAX 32 OR BELOW:   1    0.01 INCH OR MORE:   6
MAX 90 OR ABOVE:   0    0.10 INCH OR MORE:   2
MIN 32 OR BELOW:   4    0.50 INCH OR MORE:   1
MIN  0 OR BELOW:   0    1.00 INCH OR MORE:   1

[HDD (BASE 65) ]
TOTAL THIS MO.   281    CLEAR  (SCALE 0-3)  12
DPTR FM NORMAL    63    PTCLDY (SCALE 4-7)   5
TOTAL FM JUL 1  2221    CLOUDY (SCALE 8-10)  5
DPTR FM NORMAL    28

[CDD (BASE 65) ]
TOTAL THIS MO.     6
DPTR FM NORMAL   -12    [PRESSURE DATA]
TOTAL FM JAN 1    27    HIGHEST SLP M ON M
DPTR FM NORMAL     3    LOWEST  SLP 29.44 ON 13

[REMARKS]
