000
CXUS54 KFWD 220730
CF6TRL
PRELIMINARY LOCAL CLIMATOLOGICAL DATA (WS FORM: F-6)

                                          STATION:   TERRELL
                                          MONTH:     MAY
                                          YEAR:      2019
                                          LATITUDE:   32 42 N
                                          LONGITUDE:  96 16 W

  TEMPERATURE IN F:       :PCPN:    SNOW:  WIND      :SUNSHINE: SKY     :PK WND
================================================================================
1   2   3   4   5  6A  6B    7    8   9   10  11  12  13   14  15   16   17  18
                                     12Z  AVG MX 2MIN
DY MAX MIN AVG DEP HDD CDD  WTR  SNW DPTH SPD SPD DIR MIN PSBL S-S WX    SPD DR
================================================================================

 1  83  62  73   4   0   8 1.63  0.0    0 11.9 22  20   M    M   7 138    29  20
 2  79  61  70   1   0   5 0.34  0.0    0  8.4 22 150   M    M   3 13     30 100
 3  74  61  68  -2   0   3    T  0.0    0  5.3 17 180   M    M   5 13     20 170
 4  79  61  70   0   0   5 0.31  0.0    0  8.3 15  10   M    M   6 13     20  10
 5  83  58  71   1   0   6 0.00  0.0    0  4.4 14 160   M    M   0        16 170
 6  81  65  73   3   0   8 0.00  0.0    0  5.9 16 180   M    M   0        19 150
 7  86  66  76   5   0  11    T  0.0    0  7.7 31 160   M    M   4        38 170
 8  72  62  67  -4   0   2 2.94  0.0    0  8.4 24  80   M    M   8 13     39 360
 9  80  55  68  -3   0   3    T  0.0    0 10.3 21 350   M    M   8 12     30 350
10  61  53  57 -15   8   0    T  0.0    0  8.9 21  20   M    M  10 138    27  20
11  66  57  62 -10   3   0 1.63  0.0    0  6.7 14 330   M    M   8 13     19 300
12  77  59  68  -4   0   3 0.00  0.0    0  4.9 13 320   M    M   5        16 290
13  83  55  69  -3   0   4 0.00  0.0    0  3.2 13 170   M    M   0        16 200
14  84  59  72  -1   0   7 0.00  0.0    0  3.5 13 190   M    M   1        20 210
15  86  61  74   1   0   9 0.00  0.0    0  5.2 14 220   M    M   0        19 220
16  85  64  75   2   0  10 0.00  0.0    0  7.5 17 160   M    M   0        24 160
17  86  65  76   2   0  11 0.00  0.0    0 11.7 21 150   M    M   3        27 150
18  83  67  75   1   0  10 0.90  0.0    0 11.7 30 230   M    M   8 138    53 230
19  87  71  79   5   0  14 0.00  0.0    0  6.3 14 320   M    M   4 18     17 320
20  89  71  80   6   0  15    T  0.0    0 14.0 26 160   M    M   6 18     36 150
21  79  62  71  -4   0   6 0.19  0.0    0 10.3 25 160   M    M   6 13     37 170
================================================================================
SM 1683 1295        11 140  7.94     0.0 164.5          M       92
================================================================================
AV 80.1 61.7                               7.8 FASTST   M    M   4    MAX(MPH)
                                 MISC ---->  # 31 160               # 53  230
================================================================================
NOTES:
# LAST OF SEVERAL OCCURRENCES

COLUMN 17 PEAK WIND IN M.P.H.

PRELIMINARY LOCAL CLIMATOLOGICAL DATA (WS FORM: F-6) , PAGE 2

                                          STATION:  TERRELL
                                          MONTH:    MAY
                                          YEAR:     2019
                                          LATITUDE:   32 42 N
                                          LONGITUDE:  96 16 W

[TEMPERATURE DATA]      [PRECIPITATION DATA]       SYMBOLS USED IN COLUMN 16

AVERAGE MONTHLY: 70.9   TOTAL FOR MONTH:   7.94    1 = FOG OR MIST
DPTR FM NORMAL:  -1.0   DPTR FM NORMAL:    4.70    2 = FOG REDUCING VISIBILITY
HIGHEST:    89 ON 20    GRTST 24HR  2.94 ON  8- 8      TO 1/4 MILE OR LESS
LOWEST:     53 ON 10                               3 = THUNDER
                        SNOW, ICE PELLETS, HAIL    4 = ICE PELLETS
                        TOTAL MONTH:   0.0 INCH    5 = HAIL
                        GRTST 24HR     0.0         6 = FREEZING RAIN OR DRIZZLE
                        GRTST DEPTH:   0           7 = DUSTSTORM OR SANDSTORM:
                                                       VSBY 1/2 MILE OR LESS
                                                   8 = SMOKE OR HAZE
[NO. OF DAYS WITH]      [WEATHER - DAYS WITH]      9 = BLOWING SNOW
                                                   X = TORNADO
MAX 32 OR BELOW:   0    0.01 INCH OR MORE:   7
MAX 90 OR ABOVE:   0    0.10 INCH OR MORE:   7
MIN 32 OR BELOW:   0    0.50 INCH OR MORE:   4
MIN  0 OR BELOW:   0    1.00 INCH OR MORE:   3

[HDD (BASE 65) ]
TOTAL THIS MO.    11    CLEAR  (SCALE 0-3)   7
DPTR FM NORMAL     5    PTCLDY (SCALE 4-7)  12
TOTAL FM JUL 1  2349    CLOUDY (SCALE 8-10)  2
DPTR FM NORMAL    -4

[CDD (BASE 65) ]
TOTAL THIS MO.   140
DPTR FM NORMAL   -10    [PRESSURE DATA]
TOTAL FM JAN 1   273    HIGHEST SLP M ON M
DPTR FM NORMAL     8    LOWEST  SLP 29.46 ON 21

[REMARKS]
