000
CXUS56 KSGX 241445
CF6TRM
PRELIMINARY LOCAL CLIMATOLOGICAL DATA (WS FORM: F-6)

                                          STATION:   THERMAL AIRPORT CA
                                          MONTH:     MAY
                                          YEAR:      2019
                                          LATITUDE:   33 37 N
                                          LONGITUDE: 116 10 W

  TEMPERATURE IN F:       :PCPN:    SNOW:  WIND      :SUNSHINE: SKY     :PK WND
================================================================================
1   2   3   4   5  6A  6B    7    8   9   10  11  12  13   14  15   16   17  18
                                     12Z  AVG MX 2MIN
DY MAX MIN AVG DEP HDD CDD  WTR  SNW DPTH SPD SPD DIR MIN PSBL S-S WX    SPD DR
================================================================================

 1  91  64  78   3   0  13 0.00  0.0    0  9.6 21 330   M    M   0        26 330
 2  93  66  80   5   0  15 0.00  0.0    0  7.9 16 340   M    M   0        19 340
 3  99  70  85  10   0  20 0.00  0.0    0  9.8 21 340   M    M   0        26 340
 4  99  72  86  10   0  21 0.00  0.0    0 10.6 23 330   M    M   0        30 330
 5  96  70  83   7   0  18 0.00  0.0    0 12.2 24 340   M    M   0        31 340
 6  87  66  77   1   0  12 0.01  0.0    0 13.8 25 330   M    M   2        36 340
 7  90  66  78   2   0  13 0.00  0.0    0 15.6 28 330   M    M   0        40 330
 8  92  66  79   2   0  14 0.00  0.0    0 13.5 23 320   M    M   0        29 330
 9  91  67  79   2   0  14 0.00  0.0    0 12.5 29 340   M    M   0        35 340
10  85  68  77   0   0  12    T  0.0    0 10.6 22 330   M    M   4        30 330
11  89  66  78   1   0  13    T  0.0    0  6.9 14 140   M    M   2        20 130
12  95  66  81   3   0  16 0.00  0.0    0  7.3 16 330   M    M   0        21 330
13  95  65  80   2   0  15 0.00  0.0    0  5.4 13 340   M    M   0        16 340
14 102  63  83   5   0  18 0.00  0.0    0  6.3 17 340   M    M   0        23 340
15 100  73  87   9   0  22 0.00  0.0    0 11.2 24 330   M    M   0        31 330
16  86  65  76  -2   0  11 0.00  0.0    0 14.6 33 270   M    M   2 8      44 270
17  87  64  76  -3   0  11 0.00  0.0    0 14.1 23 330   M    M   0        35 320
18  91  64  78  -1   0  13 0.00  0.0    0 11.7 22 340   M    M   0        32 320
19   M   M   M   M   M   M    M    M    M   M   M   M   M    M   M         M  M
20  84  59  72  -7   0   7 0.00  0.0    M 13.9 30 300   M    M   0 8      46 290
21  83  64  74  -6   0   9 0.00  0.0    0 14.7 26 260   M    M   0        36 260
22  81  56  69 -11   0   4    T  0.0    0  9.7 24 330   M    M   4        30 330
23  82  54  68 -12   0   3    T  0.0    0  8.3 21 340   M    M   2        25 330
================================================================================
SM 1998 1434         0 294  0.01     0.0 240.2          M       16
================================================================================
AV 90.8 65.2                              10.9 FASTST   M    M   1    MAX(MPH)
                                 MISC ---->  # 33 270               # 46  290
================================================================================
NOTES:
# LAST OF SEVERAL OCCURRENCES

COLUMN 17 PEAK WIND IN M.P.H.

PRELIMINARY LOCAL CLIMATOLOGICAL DATA (WS FORM: F-6) , PAGE 2

                                          STATION:  THERMAL AIRPORT CA
                                          MONTH:    MAY
                                          YEAR:     2019
                                          LATITUDE:   33 37 N
                                          LONGITUDE: 116 10 W

[TEMPERATURE DATA]      [PRECIPITATION DATA]       SYMBOLS USED IN COLUMN 16

AVERAGE MONTHLY: 78.0   TOTAL FOR MONTH:   0.01    1 = FOG OR MIST
DPTR FM NORMAL:   0.5   DPTR FM NORMAL:   -0.01    2 = FOG REDUCING VISIBILITY
HIGHEST:   102 ON 14    GRTST 24HR  0.01 ON  6- 6      TO 1/4 MILE OR LESS
LOWEST:     54 ON 23                               3 = THUNDER
                        SNOW, ICE PELLETS, HAIL    4 = ICE PELLETS
                        TOTAL MONTH:   0.0 INCH    5 = HAIL
                        GRTST 24HR     0.0         6 = FREEZING RAIN OR DRIZZLE
                        GRTST DEPTH:   0           7 = DUSTSTORM OR SANDSTORM:
                                                       VSBY 1/2 MILE OR LESS
                                                   8 = SMOKE OR HAZE
[NO. OF DAYS WITH]      [WEATHER - DAYS WITH]      9 = BLOWING SNOW
                                                   X = TORNADO
MAX 32 OR BELOW:   0    0.01 INCH OR MORE:   1
MAX 90 OR ABOVE:  13    0.10 INCH OR MORE:   0
MIN 32 OR BELOW:   0    0.50 INCH OR MORE:   0
MIN  0 OR BELOW:   0    1.00 INCH OR MORE:   0

[HDD (BASE 65) ]
TOTAL THIS MO.     0    CLEAR  (SCALE 0-3)  20
DPTR FM NORMAL     0    PTCLDY (SCALE 4-7)   2
TOTAL FM JUL 1   931    CLOUDY (SCALE 8-10)  0
DPTR FM NORMAL  -249

[CDD (BASE 65) ]
TOTAL THIS MO.   294
DPTR FM NORMAL     5    [PRESSURE DATA]
TOTAL FM JAN 1   805    HIGHEST SLP M ON M
DPTR FM NORMAL   260    LOWEST  SLP 29.64 ON 22

[REMARKS]
