000
CXUS56 KPQR 191200
CF6TTD
PRELIMINARY LOCAL CLIMATOLOGICAL DATA (WS FORM: F-6)

                                          STATION:   TROUTDALE OR
                                          MONTH:     MARCH
                                          YEAR:      2019
                                          LATITUDE:   45 33 N
                                          LONGITUDE: 122 25 W

  TEMPERATURE IN F:       :PCPN:    SNOW:  WIND      :SUNSHINE: SKY     :PK WND
================================================================================
1   2   3   4   5  6A  6B    7    8   9   10  11  12  13   14  15   16   17  18
                                     12Z  AVG MX 2MIN
DY MAX MIN AVG DEP HDD CDD  WTR  SNW DPTH SPD SPD DIR MIN PSBL S-S WX    SPD DR
================================================================================

 1  44  31  38  -7  27   0 0.01    M    M 21.5 28  90   M    M   3 6      35 100
 2  40  30  35 -10  30   0 0.00    M    M 21.7 31  90   M    M   0        40 100
 3  41  27  34 -11  31   0 0.00    M    M 18.4 26 100   M    M   0        36 110
 4  41  26  34 -11  31   0 0.00    M    M 20.2 26  90   M    M   0        35  80
 5  39  27  33 -12  32   0 0.00    M    M 22.7 28  90   M    M   2        35  90
 6  35  31  33 -13  32   0 0.03    M    M 13.7 29  90   M    M  10 1      36  90
 7  46  33  40  -6  25   0 0.07    M    M  4.3 16 260   M    M  10 1      24 220
 8  45  29  37  -9  28   0 0.37    M    M  3.1 13 230   M    M  10 1      16 230
 9  49  30  40  -6  25   0 0.00    M    M  8.5 20 100   M    M   4 12     26 100
10  47  34  41  -5  24   0 0.00    M    M 17.8 28 100   M    M   0        34  90
11  53  33  43  -4  22   0 0.04    M    M 15.2 28  90   M    M   3        33 100
12  51  37  44  -3  21   0 0.34    M    M  5.8 15 280   M    M   9 1      24 280
13  55  35  45  -2  20   0 0.11    M    M  2.7  8 240   M    M   5 1      11 240
14  58  33  46  -1  19   0 0.00    M    M 10.2 23  90   M    M   4        28  90
15  61  39  50   3  15   0 0.00    M    M 11.9 26  90   M    M   1        32  90
16  60  43  52   4  13   0 0.00    M    M 18.4 26  90   M    M   0        34  90
17  62  42  52   4  13   0 0.00    M    M 17.4 28 100   M    M   0        36 100
18  67  45  56   8   9   0 0.00    M    M 20.2 31 100   M    M   0        39  90
================================================================================
SM  894  605       417   0  0.97    M    253.7          M       61
================================================================================
AV 49.7 33.6                              14.1 FASTST   M    M   3    MAX(MPH)
                                 MISC ---->  # 31  90               # 40  100
================================================================================
NOTES:
# LAST OF SEVERAL OCCURRENCES

COLUMN 17 PEAK WIND IN M.P.H.

PRELIMINARY LOCAL CLIMATOLOGICAL DATA (WS FORM: F-6) , PAGE 2

                                          STATION:  TROUTDALE OR
                                          MONTH:    MARCH
                                          YEAR:     2019
                                          LATITUDE:   45 33 N
                                          LONGITUDE: 122 25 W

[TEMPERATURE DATA]      [PRECIPITATION DATA]       SYMBOLS USED IN COLUMN 16

AVERAGE MONTHLY: 41.6   TOTAL FOR MONTH:   0.97    1 = FOG OR MIST
DPTR FM NORMAL:  -4.7   DPTR FM NORMAL:   -1.76    2 = FOG REDUCING VISIBILITY
HIGHEST:    67 ON 18    GRTST 24HR  0.37 ON  8- 8      TO 1/4 MILE OR LESS
LOWEST:     26 ON  4                               3 = THUNDER
                        SNOW, ICE PELLETS, HAIL    4 = ICE PELLETS
                        TOTAL MONTH:    M          5 = HAIL
                        GRTST 24HR    M  ON   M    6 = FREEZING RAIN OR DRIZZLE
                        GRTST DEPTH:  M  ON   M    7 = DUSTSTORM OR SANDSTORM:
                                                       VSBY 1/2 MILE OR LESS
                                                   8 = SMOKE OR HAZE
[NO. OF DAYS WITH]      [WEATHER - DAYS WITH]      9 = BLOWING SNOW
                                                   X = TORNADO
MAX 32 OR BELOW:   0    0.01 INCH OR MORE:   7
MAX 90 OR ABOVE:   0    0.10 INCH OR MORE:   3
MIN 32 OR BELOW:   8    0.50 INCH OR MORE:   0
MIN  0 OR BELOW:   0    1.00 INCH OR MORE:   0

[HDD (BASE 65) ]
TOTAL THIS MO.   417    CLEAR  (SCALE 0-3)  10
DPTR FM NORMAL    81    PTCLDY (SCALE 4-7)   4
TOTAL FM JUL 1  3404    CLOUDY (SCALE 8-10)  4
DPTR FM NORMAL  -248

[CDD (BASE 65) ]
TOTAL THIS MO.     0
DPTR FM NORMAL     0    [PRESSURE DATA]
TOTAL FM JAN 1     0    HIGHEST SLP M ON M
DPTR FM NORMAL     0    LOWEST  SLP 29.61 ON  6

[REMARKS]
