000
CXUS51 KPHI 210800
CF6TTN
PRELIMINARY LOCAL CLIMATOLOGICAL DATA (WS FORM: F-6)

                                          STATION:   TRENTON NJ
                                          MONTH:     MAY
                                          YEAR:      2019
                                          LATITUDE:   40 16 N
                                          LONGITUDE:  74 49 W

  TEMPERATURE IN F:       :PCPN:    SNOW:  WIND      :SUNSHINE: SKY     :PK WND
================================================================================
1   2   3   4   5  6A  6B    7    8   9   10  11  12  13   14  15   16   17  18
                                     12Z  AVG MX 2MIN
DY MAX MIN AVG DEP HDD CDD  WTR  SNW DPTH SPD SPD DIR MIN PSBL S-S WX    SPD DR
================================================================================

 1  57  50  54  -2  11   0 0.00    M    M  7.7 14 100   M    M  10 1      19 120
 2  81  50  66   9   0   1 0.00    M    M  5.6 18  70   M    M   7 12     23  70
 3  60  49  55  -2  10   0 0.00    M    M  5.8 13 290   M    M   9 1      16  70
 4  73  53  63   6   2   0 0.01    M    M  3.9 10 120   M    M   9 18     13 130
 5  58  51  55  -3  10   0 1.40    M    M 10.6 20  80   M    M  10 1      27  80
 6  71  51  61   3   4   0    T    M    M  5.9  9  20   M    M   6 1       M  M
 7  75  51  63   5   2   0 0.49    M    M  5.4 22 340   M    M   5 13     30 340
 8  70  53  62   3   3   0 0.00    M    M  5.7 14 140   M    M   6 1      18  30
 9  59  52  56  -3   9   0 0.02    M    M  8.6 16  90   M    M  10        22 100
10  78  55  67   8   0   2 0.09    M    M  7.1 17 210   M    M   8 1      25 260
11  69  54  62   2   3   0 0.06    M    M  6.9 14 360   M    M   5        18 290
12  54  44  49 -11  16   0 1.09    M    M 12.7 23  80   M    M  10 1      34  70
13  49  43  46 -14  19   0 0.83    M    M  7.4 17  70   M    M  10 1      23  60
14  56  45  51  -9  14   0 0.11    M    M  6.1 15 340   M    M   9 1      20 320
15  71  41  56  -5   9   0    T    M    M  6.6 16 270   M    M   3        23 330
16  74  51  63   2   2   0    T    M    M  4.8 15 270   M    M   3        21 280
17  80  54  67   5   0   2 0.28    M    M  5.2 15 250   M    M   3 1      20 230
18  78  55  67   5   0   2 0.00    M    M  5.4 16 150   M    M   1        19 140
19  84  56  70   8   0   5 0.15    M    M  7.6 20 200   M    M   3 13     26 220
20  88  66  77  15   0  12 0.02    M    M  8.9 20 340   M    M   3        27 270
================================================================================
SM 1385 1024       114  24  4.55    M    137.9          M      130
================================================================================
AV 69.3 51.2                               6.9 FASTST   M    M   7    MAX(MPH)
                                 MISC ---->  # 23  80               # 34   70
================================================================================
NOTES:
# LAST OF SEVERAL OCCURRENCES

COLUMN 17 PEAK WIND IN M.P.H.

PRELIMINARY LOCAL CLIMATOLOGICAL DATA (WS FORM: F-6) , PAGE 2

                                          STATION:  TRENTON NJ
                                          MONTH:    MAY
                                          YEAR:     2019
                                          LATITUDE:   40 16 N
                                          LONGITUDE:  74 49 W

[TEMPERATURE DATA]      [PRECIPITATION DATA]       SYMBOLS USED IN COLUMN 16

AVERAGE MONTHLY: 60.2   TOTAL FOR MONTH:   4.55    1 = FOG OR MIST
DPTR FM NORMAL:   0.8   DPTR FM NORMAL:    2.18    2 = FOG REDUCING VISIBILITY
HIGHEST:    88 ON 20    GRTST 24HR  1.40 ON  5- 5      TO 1/4 MILE OR LESS
LOWEST:     41 ON 15                               3 = THUNDER
                        SNOW, ICE PELLETS, HAIL    4 = ICE PELLETS
                        TOTAL MONTH:    M          5 = HAIL
                        GRTST 24HR    M  ON   M    6 = FREEZING RAIN OR DRIZZLE
                        GRTST DEPTH:  M  ON   M    7 = DUSTSTORM OR SANDSTORM:
                                                       VSBY 1/2 MILE OR LESS
                                                   8 = SMOKE OR HAZE
[NO. OF DAYS WITH]      [WEATHER - DAYS WITH]      9 = BLOWING SNOW
                                                   X = TORNADO
MAX 32 OR BELOW:   0    0.01 INCH OR MORE:  12
MAX 90 OR ABOVE:   0    0.10 INCH OR MORE:   7
MIN 32 OR BELOW:   0    0.50 INCH OR MORE:   3
MIN  0 OR BELOW:   0    1.00 INCH OR MORE:   2

[HDD (BASE 65) ]
TOTAL THIS MO.   114    CLEAR  (SCALE 0-3)   4
DPTR FM NORMAL   -18    PTCLDY (SCALE 4-7)   7
TOTAL FM JUL 1  4727    CLOUDY (SCALE 8-10)  9
DPTR FM NORMAL  -373

[CDD (BASE 65) ]
TOTAL THIS MO.    24
DPTR FM NORMAL     1    [PRESSURE DATA]
TOTAL FM JAN 1    34    HIGHEST SLP M ON M
DPTR FM NORMAL     3    LOWEST  SLP 29.70 ON M

[REMARKS]
