031
CXUS51 KPHI 240800
CF6TTN
PRELIMINARY LOCAL CLIMATOLOGICAL DATA (WS FORM: F-6)

                                          STATION:   TRENTON NJ
                                          MONTH:     MARCH
                                          YEAR:      2019
                                          LATITUDE:   40 16 N
                                          LONGITUDE:  74 49 W

  TEMPERATURE IN F:       :PCPN:    SNOW:  WIND      :SUNSHINE: SKY     :PK WND
================================================================================
1   2   3   4   5  6A  6B    7    8   9   10  11  12  13   14  15   16   17  18
                                     12Z  AVG MX 2MIN
DY MAX MIN AVG DEP HDD CDD  WTR  SNW DPTH SPD SPD DIR MIN PSBL S-S WX    SPD DR
================================================================================

 1  37  28  33  -4  32   0 0.11    M    M  7.5 15  70   M    M  10 18     17  70
 2  42  34  38   1  27   0 0.27    M    M  6.7 14  30   M    M   8 16     19  30
 3  46  34  40   2  25   0 0.23    M    M  5.3 13  30   M    M   7 18     16 180
 4  38  25  32  -6  33   0 0.09    M    M 10.0 20 320   M    M   5 1      26 330
 5  30  16  23 -15  42   0 0.00    M    M  7.6 20 310   M    M   1        32 310
 6  24  17  21 -17  44   0    T    M    M  9.6 22 270   M    M   3 8      31 260
 7  32  15  24 -15  41   0 0.00    M    M  6.0 17 260   M    M   5        23 260
 8  39  18  29 -10  36   0    T    M    M  2.9 10 190   M    M   4        15 280
 9  49  30  40   1  25   0 0.00    M    M  4.0 14 130   M    M   3 18     17 140
10  43  34  39  -1  26   0 0.88    M    M  7.4 18 100   M    M  10 12     25 120
11  53  40  47   7  18   0 0.00    M    M 10.3 18 340   M    M   1 1      34 270
12  43  29  36  -4  29   0 0.00    M    M  9.0 23 350   M    M   1        31 360
13  49  24  37  -3  28   0 0.00    M    M  5.4 13 190   M    M   2        16 200
14  68  37  53  12  12   0 0.00    M    M  7.7 21 190   M    M   2        25 190
15  74  52  63  22   2   0 0.25    M    M 13.6 29 220   M    M   4 13     37 210
16  54  35  45   4  20   0 0.00    M    M 12.8 24 310   M    M   4        38 320
17  45  27  36  -6  29   0 0.00    M    M  7.0 17 300   M    M   1        23 270
18  46  26  36  -6  29   0 0.00    M    M  4.0 13 250   M    M   4        16 240
19  49  26  38  -4  27   0 0.00    M    M  4.0 13 270   M    M   1        17 290
20  53  26  40  -2  25   0 0.00    M    M  6.4 17 160   M    M   1 18     23 120
21  48  41  45   2  20   0 1.07    M    M 11.2 23  50   M    M  10 18     31  50
22  50  38  44   1  21   0 0.26    M    M 14.2 28 300   M    M   8 1      41 300
23  50  34  42  -2  23   0 0.00    M    M 13.5 24 300   M    M   2        36 280
================================================================================
SM 1062  686       614   0  3.16    M    186.1          M       97
================================================================================
AV 46.2 29.8                               8.1 FASTST   M    M   4    MAX(MPH)
                                 MISC ---->  # 29 220               # 41  300
================================================================================
NOTES:
# LAST OF SEVERAL OCCURRENCES

COLUMN 17 PEAK WIND IN M.P.H.

PRELIMINARY LOCAL CLIMATOLOGICAL DATA (WS FORM: F-6) , PAGE 2

                                          STATION:  TRENTON NJ
                                          MONTH:    MARCH
                                          YEAR:     2019
                                          LATITUDE:   40 16 N
                                          LONGITUDE:  74 49 W

[TEMPERATURE DATA]      [PRECIPITATION DATA]       SYMBOLS USED IN COLUMN 16

AVERAGE MONTHLY: 38.0   TOTAL FOR MONTH:   3.16    1 = FOG OR MIST
DPTR FM NORMAL:  -2.2   DPTR FM NORMAL:    0.14    2 = FOG REDUCING VISIBILITY
HIGHEST:    74 ON 15    GRTST 24HR  1.07 ON 21-21      TO 1/4 MILE OR LESS
LOWEST:     15 ON  7                               3 = THUNDER
                        SNOW, ICE PELLETS, HAIL    4 = ICE PELLETS
                        TOTAL MONTH:    M          5 = HAIL
                        GRTST 24HR    M  ON   M    6 = FREEZING RAIN OR DRIZZLE
                        GRTST DEPTH:  M  ON   M    7 = DUSTSTORM OR SANDSTORM:
                                                       VSBY 1/2 MILE OR LESS
                                                   8 = SMOKE OR HAZE
[NO. OF DAYS WITH]      [WEATHER - DAYS WITH]      9 = BLOWING SNOW
                                                   X = TORNADO
MAX 32 OR BELOW:   3    0.01 INCH OR MORE:   8
MAX 90 OR ABOVE:   0    0.10 INCH OR MORE:   7
MIN 32 OR BELOW:  13    0.50 INCH OR MORE:   2
MIN  0 OR BELOW:   0    1.00 INCH OR MORE:   1

[HDD (BASE 65) ]
TOTAL THIS MO.   614    CLEAR  (SCALE 0-3)  11
DPTR FM NORMAL    43    PTCLDY (SCALE 4-7)   8
TOTAL FM JUL 1  4187    CLOUDY (SCALE 8-10)  4
DPTR FM NORMAL  -198

[CDD (BASE 65) ]
TOTAL THIS MO.     0
DPTR FM NORMAL     0    [PRESSURE DATA]
TOTAL FM JAN 1     0    HIGHEST SLP M ON M
DPTR FM NORMAL     0    LOWEST  SLP 29.26 ON 22

[REMARKS]
