000
CXUS54 KTSA 260840
CF6TUL
PRELIMINARY LOCAL CLIMATOLOGICAL DATA (WS FORM: F-6)

                                          STATION:   TULSA OKLAHOMA
                                          MONTH:     MAY
                                          YEAR:      2019
                                          LATITUDE:   36 12 N
                                          LONGITUDE:  95 54 W

  TEMPERATURE IN F:       :PCPN:    SNOW:  WIND      :SUNSHINE: SKY     :PK WND
================================================================================
1   2   3   4   5  6A  6B    7    8   9   10  11  12  13   14  15   16   17  18
                                     12Z  AVG MX 2MIN
DY MAX MIN AVG DEP HDD CDD  WTR  SNW DPTH SPD SPD DIR MIN PSBL S-S WX    SPD DR
================================================================================

 1  78  61  70   5   0   5 0.22  0.0    0  9.1 22 120   M    M   8 13     28 150
 2  69  56  63  -3   2   0 0.00  0.0    0  9.8 24 360   M    M   9        29 350
 3  68  57  63  -3   2   0 0.79  0.0    0  3.7 25 320   M    M  10 13     34 320
 4  71  55  63  -3   2   0    T  0.0    0  5.3 14 360   M    M   7 1      17  20
 5  78  52  65  -1   0   0    T  0.0    0  7.6 18 180   M    M   6 3      27 170
 6  84  43  64  -3   1   0 0.71  0.0    0  9.3 22 300   M    M   8 13     26 170
 7  83  65  74   7   0   9    T  0.0    0 10.7 24 150   M    M   8        32 160
 8  75  61  68   1   0   3 1.33  0.0    0 10.9 31 310   M    M  10 13     38 300
 9  65  45  55 -12  10   0 0.00  0.0    0 11.8 22 330   M    M   9        27 330
10  65  42  54 -14  11   0 0.09  0.0    0  8.1 17 350   M    M   8 1      21 350
11  63  52  58 -10   7   0 0.38  0.0    0  4.6 13 320   M    M   9 1      15 320
12  76  52  64  -4   1   0 0.00  0.0    0  6.8 18 280   M    M   5        22 280
13  80  49  65  -3   0   0 0.00  0.0    0  5.1 13 130   M    M   4        17 110
14  87  62  75   6   0  10 0.22  0.0    0 10.2 23 190   M    M   5 13     29 190
15  89  65  77   8   0  12 0.00  0.0    0  9.0 18 190   M    M   1 8      22 200
16  88  68  78   9   0  13 0.00  0.0    0 12.8 23 200   M    M   3        29 180
17  86  68  77   7   0  12 0.00  0.0    0 16.5 28 170   M    M   6        36 180
18  76  57  67  -3   0   2 1.22  0.0    0 12.2 31 240   M    M   9 13     39 170
19  78  55  67  -3   0   2    T  0.0    0  6.6 14 320   M    M   3 13     18 290
20  76  57  67  -3   0   2 2.86  0.0    0 10.8 40 340   M    M   9 138X   45 350
21  77  61  69  -2   0   4 1.92  0.0    M 16.3 36 200   M    M   5 13     48 200
22  86  58  72   1   0   7 0.18  0.0    0 11.8 30 190   M    M   8 138    39 170
23  88  71  80   9   0  15 0.00  0.0    0 13.0 26 170   M    M   6        34 150
24  88  67  78   7   0  13 0.16  0.0    0 14.5 28 170   M    M   6 1      33 170
25  85  66  76   4   0  11 0.93  0.0    0 11.9 31 260   M    M   9 13X    37 270
================================================================================
SM 1959 1445        36 120 11.01     0.0 248.4          M      171
================================================================================
AV 78.4 57.8                               9.9 FASTST   M    M   7    MAX(MPH)
                                 MISC ---->  # 40 340               # 48  200
================================================================================
NOTES:
# LAST OF SEVERAL OCCURRENCES

COLUMN 17 PEAK WIND IN M.P.H.

PRELIMINARY LOCAL CLIMATOLOGICAL DATA (WS FORM: F-6) , PAGE 2

                                          STATION:  TULSA OKLAHOMA
                                          MONTH:    MAY
                                          YEAR:     2019
                                          LATITUDE:   36 12 N
                                          LONGITUDE:  95 54 W

[TEMPERATURE DATA]      [PRECIPITATION DATA]       SYMBOLS USED IN COLUMN 16

AVERAGE MONTHLY: 68.1   TOTAL FOR MONTH:  11.01    1 = FOG OR MIST
DPTR FM NORMAL:  -0.4   DPTR FM NORMAL:    6.23    2 = FOG REDUCING VISIBILITY
HIGHEST:    89 ON 15    GRTST 24HR  3.15 ON 30- 1      TO 1/4 MILE OR LESS
LOWEST:     42 ON 10                               3 = THUNDER
                        SNOW, ICE PELLETS, HAIL    4 = ICE PELLETS
                        TOTAL MONTH:   0.0 INCH    5 = HAIL
                        GRTST 24HR     0.0         6 = FREEZING RAIN OR DRIZZLE
                        GRTST DEPTH:   0           7 = DUSTSTORM OR SANDSTORM:
                                                       VSBY 1/2 MILE OR LESS
                                                   8 = SMOKE OR HAZE
[NO. OF DAYS WITH]      [WEATHER - DAYS WITH]      9 = BLOWING SNOW
                                                   X = TORNADO
MAX 32 OR BELOW:   0    0.01 INCH OR MORE:  13
MAX 90 OR ABOVE:   0    0.10 INCH OR MORE:  12
MIN 32 OR BELOW:   0    0.50 INCH OR MORE:   7
MIN  0 OR BELOW:   0    1.00 INCH OR MORE:   4

[HDD (BASE 65) ]
TOTAL THIS MO.    36    CLEAR  (SCALE 0-3)   2
DPTR FM NORMAL    -1    PTCLDY (SCALE 4-7)  12
TOTAL FM JUL 1  3737    CLOUDY (SCALE 8-10) 11
DPTR FM NORMAL   165

[CDD (BASE 65) ]
TOTAL THIS MO.   120
DPTR FM NORMAL    -1    [PRESSURE DATA]
TOTAL FM JAN 1   188    HIGHEST SLP M ON M
DPTR FM NORMAL     2    LOWEST  SLP 29.39 ON 21

[REMARKS]
