000
CXUS54 KMEG 200636
CF6TUP
PRELIMINARY LOCAL CLIMATOLOGICAL DATA (WS FORM: F-6)

                                          STATION:   TUPELO
                                          MONTH:     MAY
                                          YEAR:      2019
                                          LATITUDE:   34 16 N
                                          LONGITUDE:  88 46 W

  TEMPERATURE IN F:       :PCPN:    SNOW:  WIND      :SUNSHINE: SKY     :PK WND
================================================================================
1   2   3   4   5  6A  6B    7    8   9   10  11  12  13   14  15   16   17  18
                                     12Z  AVG MX 2MIN
DY MAX MIN AVG DEP HDD CDD  WTR  SNW DPTH SPD SPD DIR MIN PSBL S-S WX    SPD DR
================================================================================

 1  84  65  75   8   0  10 0.10  0.0    0  6.5 20 180   M    M   2 3      33 270
 2  84  64  74   7   0   9 0.06  0.0    0  8.2 24 170   M    M   2 13     33 180
 3  78  65  72   5   0   7 0.00  0.0    0  3.1 12 340   M    M   4        14 330
 4  73  63  68   1   0   3 1.75  0.0    0  5.7 24  10   M    M  10 13     28  10
 5  72  56  64  -4   1   0 0.00  0.0    0  4.7 13  10   M    M   6        15 330
 6  81  51  66  -2   0   1 0.00  0.0    0  2.1  9 110   M    M   0 1      13  90
 7  85  59  72   4   0   7 0.00  0.0    0  3.3 12 190   M    M   0        14 130
 8  87  62  75   7   0  10 0.47  0.0    0 10.5 29 240   M    M   1 13     37 230
 9  69  64  67  -2   0   2 2.32  0.0    0  5.9 20 130   M    M   8 13     27 330
10  73  65  69   0   0   4 0.56  0.0    0  4.7 10  30   M    M  10 1      13  30
11  76  63  70   1   0   5 0.13  0.0    0  5.3 13 270   M    M  10 1      19 270
12  73  58  66  -4   0   1 0.01  0.0    0  4.0 12 340   M    M   8 1      15 330
13  75  54  65  -5   0   0 0.00  0.0    0  5.2 16 340   M    M   2        19 340
14  75  51  63  -7   2   0 0.00  0.0    0  3.4 13  40   M    M   1        16  50
15  85  56  71   1   0   6 0.00  0.0    0  4.3 14 250   M    M   1 1      19 260
16  89  68  79   8   0  14 0.00  0.0    0  4.0 13 240   M    M   1        17 250
17  89  64  77   6   0  12 0.00  0.0    0  3.3 13 190   M    M   1 1      17 180
18  87  65  76   5   0  11    T  0.0    0  8.6 20 190   M    M   2 1      26 190
19  82  67  75   3   0  10 0.04  0.0    0  9.3 23 170   M    M   5 1      32 170
================================================================================
SM 1517 1160         3 112  5.44     0.0 102.1          M       74
================================================================================
AV 79.8 61.1                               5.4 FASTST   M    M   4    MAX(MPH)
                                 MISC ---->  # 29 240               # 37  230
================================================================================
NOTES:
# LAST OF SEVERAL OCCURRENCES

COLUMN 17 PEAK WIND IN M.P.H.

PRELIMINARY LOCAL CLIMATOLOGICAL DATA (WS FORM: F-6) , PAGE 2

                                          STATION:  TUPELO
                                          MONTH:    MAY
                                          YEAR:     2019
                                          LATITUDE:   34 16 N
                                          LONGITUDE:  88 46 W

[TEMPERATURE DATA]      [PRECIPITATION DATA]       SYMBOLS USED IN COLUMN 16

AVERAGE MONTHLY: 70.5   TOTAL FOR MONTH:   5.44    1 = FOG OR MIST
DPTR FM NORMAL:   1.4   DPTR FM NORMAL:    1.88    2 = FOG REDUCING VISIBILITY
HIGHEST:    89 ON 17,16 GRTST 24HR  2.32 ON  9- 9      TO 1/4 MILE OR LESS
LOWEST:     51 ON 14, 6                            3 = THUNDER
                        SNOW, ICE PELLETS, HAIL    4 = ICE PELLETS
                        TOTAL MONTH:   0.0 INCH    5 = HAIL
                        GRTST 24HR     0.0         6 = FREEZING RAIN OR DRIZZLE
                        GRTST DEPTH:   0           7 = DUSTSTORM OR SANDSTORM:
                                                       VSBY 1/2 MILE OR LESS
                                                   8 = SMOKE OR HAZE
[NO. OF DAYS WITH]      [WEATHER - DAYS WITH]      9 = BLOWING SNOW
                                                   X = TORNADO
MAX 32 OR BELOW:   0    0.01 INCH OR MORE:   9
MAX 90 OR ABOVE:   0    0.10 INCH OR MORE:   6
MIN 32 OR BELOW:   0    0.50 INCH OR MORE:   3
MIN  0 OR BELOW:   0    1.00 INCH OR MORE:   2

[HDD (BASE 65) ]
TOTAL THIS MO.     3    CLEAR  (SCALE 0-3)  11
DPTR FM NORMAL   -20    PTCLDY (SCALE 4-7)   5
TOTAL FM JUL 1  2734    CLOUDY (SCALE 8-10)  3
DPTR FM NORMAL  -221

[CDD (BASE 65) ]
TOTAL THIS MO.   112
DPTR FM NORMAL    14    [PRESSURE DATA]
TOTAL FM JAN 1   178    HIGHEST SLP M ON M
DPTR FM NORMAL     4    LOWEST  SLP 29.72 ON  8

[REMARKS]
