000
CXUS54 KMEG 200634
CF6TUP
PRELIMINARY LOCAL CLIMATOLOGICAL DATA (WS FORM: F-6)

                                          STATION:   TUPELO
                                          MONTH:     MARCH
                                          YEAR:      2019
                                          LATITUDE:   34 16 N
                                          LONGITUDE:  88 46 W

  TEMPERATURE IN F:       :PCPN:    SNOW:  WIND      :SUNSHINE: SKY     :PK WND
================================================================================
1   2   3   4   5  6A  6B    7    8   9   10  11  12  13   14  15   16   17  18
                                     12Z  AVG MX 2MIN
DY MAX MIN AVG DEP HDD CDD  WTR  SNW DPTH SPD SPD DIR MIN PSBL S-S WX    SPD DR
================================================================================

 1  47  41  44  -6  21   0 0.04  0.0    0  7.0 14 360   M    M   9 1      16 350
 2  50  41  46  -4  19   0 0.01  0.0    0  8.4 14  30   M    M  10 18     19  10
 3  44  33  39 -11  26   0 1.01  0.0    0 11.8 23 360   M    M  10 1      28  10
 4  34  25  30 -21  35   0 0.00  0.0    0 11.8 22  20   M    M   7        26  20
 5  42  23  33 -18  32   0 0.00  0.0    0  6.8 16 260   M    M   2        23 280
 6  47  21  34 -17  31   0 0.00  0.0    0  3.5 12  20   M    M   0        14  20
 7  53  26  40 -12  25   0    T  0.0    0  6.1 17 180   M    M   7        24 170
 8  69  49  59   7   6   0 0.08  0.0    0  7.7 15 170   M    M  10 1      17 210
 9  73  59  66  14   0   1 0.52  0.0    0 12.7 30 190   M    M   9 138    37 190
10  72  48  60   8   5   0 0.00  0.0    0  4.4 15  10   M    M   4 12     18  10
11  64  48  56   3   9   0 0.16  0.0    0  6.6 20 360   M    M   4 1      24 350
12  67  45  56   3   9   0 0.00  0.0    0  4.9 10  60   M    M   1        14  90
13  73  55  64  11   1   0    T  0.0    0 16.7 35 150   M    M   5        52 140
14  79  59  69  15   0   4 0.22  0.0    0 14.6 28 170   M    M   6 13     36 170
15  61  41  51  -3  14   0 0.00  0.0    0  7.1 17 350   M    M   0        23 330
16  59  37  48  -6  17   0 0.00  0.0    0  7.9 18  20   M    M   0        23  20
17  66  33  50  -4  15   0 0.00  0.0    0  3.2 14 360   M    M   0        18 360
18  59  36  48  -7  17   0 0.00  0.0    0  8.0 20  30   M    M   1        24  40
19  61  30  46  -9  19   0 0.00  0.0    0  4.2 15  30   M    M   0        19  40
================================================================================
SM 1120  750       301   5  2.04     0.0 153.4          M       85
================================================================================
AV 59.0 39.5                               8.1 FASTST   M    M   4    MAX(MPH)
                                 MISC ---->  # 35 150               # 52  140
================================================================================
NOTES:
# LAST OF SEVERAL OCCURRENCES

COLUMN 17 PEAK WIND IN M.P.H.

PRELIMINARY LOCAL CLIMATOLOGICAL DATA (WS FORM: F-6) , PAGE 2

                                          STATION:  TUPELO
                                          MONTH:    MARCH
                                          YEAR:     2019
                                          LATITUDE:   34 16 N
                                          LONGITUDE:  88 46 W

[TEMPERATURE DATA]      [PRECIPITATION DATA]       SYMBOLS USED IN COLUMN 16

AVERAGE MONTHLY: 49.2   TOTAL FOR MONTH:   2.04    1 = FOG OR MIST
DPTR FM NORMAL:  -3.2   DPTR FM NORMAL:   -1.01    2 = FOG REDUCING VISIBILITY
HIGHEST:    79 ON 14    GRTST 24HR  1.01 ON  3- 3      TO 1/4 MILE OR LESS
LOWEST:     21 ON  6                               3 = THUNDER
                        SNOW, ICE PELLETS, HAIL    4 = ICE PELLETS
                        TOTAL MONTH:   0.0 INCH    5 = HAIL
                        GRTST 24HR     0.0         6 = FREEZING RAIN OR DRIZZLE
                        GRTST DEPTH:   0           7 = DUSTSTORM OR SANDSTORM:
                                                       VSBY 1/2 MILE OR LESS
                                                   8 = SMOKE OR HAZE
[NO. OF DAYS WITH]      [WEATHER - DAYS WITH]      9 = BLOWING SNOW
                                                   X = TORNADO
MAX 32 OR BELOW:   0    0.01 INCH OR MORE:   7
MAX 90 OR ABOVE:   0    0.10 INCH OR MORE:   4
MIN 32 OR BELOW:   5    0.50 INCH OR MORE:   2
MIN  0 OR BELOW:   0    1.00 INCH OR MORE:   1

[HDD (BASE 65) ]
TOTAL THIS MO.   301    CLEAR  (SCALE 0-3)   8
DPTR FM NORMAL    55    PTCLDY (SCALE 4-7)   6
TOTAL FM JUL 1  2520    CLOUDY (SCALE 8-10)  5
DPTR FM NORMAL  -157

[CDD (BASE 65) ]
TOTAL THIS MO.     5
DPTR FM NORMAL     5    [PRESSURE DATA]
TOTAL FM JAN 1    15    HIGHEST SLP M ON M
DPTR FM NORMAL    13    LOWEST  SLP 29.60 ON  9

[REMARKS]
