000
CXUS55 KTWC 220855
CF6TUS
PRELIMINARY LOCAL CLIMATOLOGICAL DATA (WS FORM: F-6)

                                          STATION:   TUCSON AZ
                                          MONTH:     MARCH
                                          YEAR:      2019
                                          LATITUDE:   32  7 N
                                          LONGITUDE: 110 56 W

  TEMPERATURE IN F:       :PCPN:    SNOW:  WIND      :SUNSHINE: SKY     :PK WND
================================================================================
1   2   3   4   5  6A  6B    7    8   9   10  11  12  13   14  15   16   17  18
                                     12Z  AVG MX 2MIN
DY MAX MIN AVG DEP HDD CDD  WTR  SNW DPTH SPD SPD DIR MIN PSBL S-S WX    SPD DR
================================================================================

 1  77  47  62   5   3   0 0.00  0.0    M  6.7 15 340   M    M   M        24 260
 2  80  50  65   7   0   0 0.00  0.0    M  6.1 21 270   M    M   M        29 300
 3  74  50  62   4   3   0 0.00  0.0    M  6.2 16 310   M    M   M 8      24 310
 4  74  46  60   2   5   0 0.00  0.0    0  5.3 17 340   M    M   M        23 360
 5  82  45  64   6   1   0 0.00  0.0    0  6.8 16 340   M    M   M        23 190
 6  86  49  68  10   0   3 0.00  0.0    0  8.0 20 230   M    M   M        27 260
 7  77  58  68  10   0   3 0.00  0.0    M  8.4 21 230   M    M   M        30 240
 8  65  46  56  -3   9   0 0.00  0.0    0  9.1 26 240   M    M   M        39 260
 9  63  38  51  -8  14   0 0.00  0.0    0  6.1 14 350   M    M   M        18 350
10  73  44  59   0   6   0 0.00  0.0    0  9.0 25 220   M    M   M        36 250
11  81  50  66   7   0   1    T  0.0    M 12.0 26 240   M    M   M        39 230
12  58  46  52  -7  13   0 0.62    M    0  7.3 22 200   M    M   M 1      29 290
13  61  45  53  -7  12   0    T    M    M 12.3 26 270   M    M   M        38 260
14  59  37  48 -12  17   0 0.00  0.0    M  5.4 16 350   M    M   M        22 350
15  70  35  53  -7  12   0 0.00  0.0    M 11.5 28 130   M    M   M        39 130
16  74  55  65   5   0   0 0.00  0.0    M 14.5 31 130   M    M   M        39 140
17  77  53  65   5   0   0 0.00  0.0    M 10.7 26 130   M    M   M        35 120
18  80  50  65   5   0   0 0.00  0.0    M  7.7 20 130   M    M   M        27 140
19  80  60  70   9   0   5 0.00  0.0    M  8.5 18 140   M    M   M        23 120
20  82  52  67   6   0   2 0.00  0.0    M  8.9 21 230   M    M   M        30 180
21  68  48  58  -3   7   0 0.00  0.0    M  6.0 15 340   M    M   M        26 340
================================================================================
SM 1541 1004       102  14  0.62     0.0 176.5          M        M
================================================================================
AV 73.4 47.8                               8.4 FASTST   M    M   0    MAX(MPH)
                                 MISC ---->  # 31 130               # 39  260
================================================================================
NOTES:
# LAST OF SEVERAL OCCURRENCES

COLUMN 17 PEAK WIND IN M.P.H.

PRELIMINARY LOCAL CLIMATOLOGICAL DATA (WS FORM: F-6) , PAGE 2

                                          STATION:  TUCSON AZ
                                          MONTH:    MARCH
                                          YEAR:     2019
                                          LATITUDE:   32  7 N
                                          LONGITUDE: 110 56 W

[TEMPERATURE DATA]      [PRECIPITATION DATA]       SYMBOLS USED IN COLUMN 16

AVERAGE MONTHLY: 60.6   TOTAL FOR MONTH:   0.62    1 = FOG OR MIST
DPTR FM NORMAL:   1.4   DPTR FM NORMAL:    0.09    2 = FOG REDUCING VISIBILITY
HIGHEST:    86 ON  6    GRTST 24HR  0.62 ON 12-12      TO 1/4 MILE OR LESS
LOWEST:     35 ON 15                               3 = THUNDER
                        SNOW, ICE PELLETS, HAIL    4 = ICE PELLETS
                        TOTAL MONTH:   0.0 INCH    5 = HAIL
                        GRTST 24HR     0.0         6 = FREEZING RAIN OR DRIZZLE
                        GRTST DEPTH:   0           7 = DUSTSTORM OR SANDSTORM:
                                                       VSBY 1/2 MILE OR LESS
                                                   8 = SMOKE OR HAZE
[NO. OF DAYS WITH]      [WEATHER - DAYS WITH]      9 = BLOWING SNOW
                                                   X = TORNADO
MAX 32 OR BELOW:   0    0.01 INCH OR MORE:   1
MAX 90 OR ABOVE:   0    0.10 INCH OR MORE:   1
MIN 32 OR BELOW:   0    0.50 INCH OR MORE:   1
MIN  0 OR BELOW:   0    1.00 INCH OR MORE:   0

[HDD (BASE 65) ]
TOTAL THIS MO.   102    CLEAR  (SCALE 0-3)   0
DPTR FM NORMAL   -33    PTCLDY (SCALE 4-7)   0
TOTAL FM JUL 1  1371    CLOUDY (SCALE 8-10)  0
DPTR FM NORMAL   -31

[CDD (BASE 65) ]
TOTAL THIS MO.    14
DPTR FM NORMAL     1    [PRESSURE DATA]
TOTAL FM JAN 1    14    HIGHEST SLP M ON M
DPTR FM NORMAL    -3    LOWEST  SLP 29.65 ON 11

[REMARKS]
