000
CXUS55 KREV 230840
CF6TVL
PRELIMINARY LOCAL CLIMATOLOGICAL DATA (WS FORM: F-6)

                                          STATION:   SOUTH LAKE TAHOE CA
                                          MONTH:     MAY
                                          YEAR:      2019
                                          LATITUDE:   38 53 N
                                          LONGITUDE: 119 60 W

  TEMPERATURE IN F:       :PCPN:    SNOW:  WIND      :SUNSHINE: SKY     :PK WND
================================================================================
1   2   3   4   5  6A  6B    7    8   9   10  11  12  13   14  15   16   17  18
                                     12Z  AVG MX 2MIN
DY MAX MIN AVG DEP HDD CDD  WTR  SNW DPTH SPD SPD DIR MIN PSBL S-S WX    SPD DR
================================================================================

 1  55  25  40  -4  25   0 0.00  0.0    0  3.5 12 210   M    M   M        18  20
 2  60  27  44   0  21   0 0.00  0.0    0  2.7 13  20   M    M   0        22  20
 3  63  30  47   2  18   0 0.00  0.0    0  3.3 14  30   M    M   1        18  30
 4  65  30  48   3  17   0 0.00  0.0    0  4.0 14  20   M    M   0        21  30
 5  66  31  49   4  16   0 0.10  0.0    0  4.2 18 190   M    M   4 13     24 200
 6  68  35  52   6  13   0 0.00  0.0    0  3.9 22  20   M    M   2        28  30
 7  65  33  49   3  16   0 0.00  0.0    0  3.2 14  30   M    M   0        19  50
 8  66  34  50   4  15   0 0.00  0.0    0  3.6 13  20   M    M   1        17  20
 9  63  35  49   3  16   0 0.01  0.0    0  6.5 23  30   M    M   M        38  20
10  61  35  48   2  17   0 0.00  0.0    0  7.6 21  40   M    M   2        29  50
11  69  29  49   2  16   0 0.00  0.0    0  3.9 12  30   M    M   M        18  10
12  71  34  53   6  12   0 0.00  0.0    0  4.6 16 190   M    M   0 3      21 200
13  68  35  52   5  13   0 0.00  0.0    0  5.3 21 200   M    M   M 8      30 170
14  62  40  51   3  14   0 0.00  0.0    0  5.4 20 190   M    M   1 8      28 210
15  54  40  47  -1  18   0 0.14  0.0    0 12.0 35 190   M    M   8 1      47 190
16  42  31  37 -11  28   0 0.29    M    M 12.8 25 190   M    M   8 128    34 180
17  47  31  39  -9  26   0 0.02    M    M  6.0 15 190   M    M   7 1      18 170
18  52  29  41  -7  24   0    T    M    M  5.9 20 190   M    M   4 1      28 190
19  43  28  36 -13  29   0 0.10    M    0  6.8 22 180   M    M   6 18     28 180
20  49  25  37 -12  28   0    T    M    0  8.0 18 190   M    M   3        33 200
21  43  32  38 -11  27   0 0.19    M    0  8.3 21 190   M    M   9 18     31 160
22  49  31  40  -9  25   0 0.12    M    0  4.5 18  30   M    M   8 1      25  30
================================================================================
SM 1281  700       434   0  0.97     0.0 126.0          M       64
================================================================================
AV 58.2 31.8                               5.7 FASTST   M    M   4    MAX(MPH)
                                 MISC ---->  # 35 190               # 47  190
================================================================================
NOTES:
# LAST OF SEVERAL OCCURRENCES

COLUMN 17 PEAK WIND IN M.P.H.

PRELIMINARY LOCAL CLIMATOLOGICAL DATA (WS FORM: F-6) , PAGE 2

                                          STATION:  SOUTH LAKE TAHOE CA
                                          MONTH:    MAY
                                          YEAR:     2019
                                          LATITUDE:   38 53 N
                                          LONGITUDE: 119 60 W

[TEMPERATURE DATA]      [PRECIPITATION DATA]       SYMBOLS USED IN COLUMN 16

AVERAGE MONTHLY: 45.0   TOTAL FOR MONTH:   0.97    1 = FOG OR MIST
DPTR FM NORMAL:  -1.8   DPTR FM NORMAL:    0.14    2 = FOG REDUCING VISIBILITY
HIGHEST:    71 ON 12    GRTST 24HR  0.29 ON 16-16      TO 1/4 MILE OR LESS
LOWEST:     25 ON 20, 1                            3 = THUNDER
                        SNOW, ICE PELLETS, HAIL    4 = ICE PELLETS
                        TOTAL MONTH:   0.0 INCH    5 = HAIL
                        GRTST 24HR     0.0         6 = FREEZING RAIN OR DRIZZLE
                        GRTST DEPTH:   0           7 = DUSTSTORM OR SANDSTORM:
                                                       VSBY 1/2 MILE OR LESS
                                                   8 = SMOKE OR HAZE
[NO. OF DAYS WITH]      [WEATHER - DAYS WITH]      9 = BLOWING SNOW
                                                   X = TORNADO
MAX 32 OR BELOW:   0    0.01 INCH OR MORE:   8
MAX 90 OR ABOVE:   0    0.10 INCH OR MORE:   6
MIN 32 OR BELOW:  13    0.50 INCH OR MORE:   0
MIN  0 OR BELOW:   0    1.00 INCH OR MORE:   0

[HDD (BASE 65) ]
TOTAL THIS MO.   434    CLEAR  (SCALE 0-3)  10
DPTR FM NORMAL    34    PTCLDY (SCALE 4-7)   6
TOTAL FM JUL 1  7132    CLOUDY (SCALE 8-10)  2
DPTR FM NORMAL  -158

[CDD (BASE 65) ]
TOTAL THIS MO.     0
DPTR FM NORMAL     0    [PRESSURE DATA]
TOTAL FM JAN 1     0    HIGHEST SLP M ON M
DPTR FM NORMAL     0    LOWEST  SLP 29.54 ON 16

[REMARKS]
