145
CXUS55 KREV 201002
CF6TVL
PRELIMINARY LOCAL CLIMATOLOGICAL DATA (WS FORM: F-6)

                                          STATION:   SOUTH LAKE TAHOE CA
                                          MONTH:     MARCH
                                          YEAR:      2019
                                          LATITUDE:   38 53 N
                                          LONGITUDE: 119 60 W

  TEMPERATURE IN F:       :PCPN:    SNOW:  WIND      :SUNSHINE: SKY     :PK WND
================================================================================
1   2   3   4   5  6A  6B    7    8   9   10  11  12  13   14  15   16   17  18
                                     12Z  AVG MX 2MIN
DY MAX MIN AVG DEP HDD CDD  WTR  SNW DPTH SPD SPD DIR MIN PSBL S-S WX    SPD DR
================================================================================

 1  42  34  38   5  27   0    T    M    M 10.9 24 180   M    M   6        38 200
 2  41  33  37   4  28   0 0.38    M    M  3.5 14 180   M    M  10 1      21 210
 3  41  33  37   4  28   0 0.24    M    M  2.1 12 170   M    M  10 1      16 180
 4  42  26  34   0  31   0    T    M    M  4.5 15 190   M    M   1 1      22 190
 5  40  27  34   0  31   0 0.23    M    M  4.5 23 190   M    M   7 1      35 190
 6  40  32  36   2  29   0 0.93    M    M  8.6 22 190   M    M   9 128    33 180
 7  38  30  34   0  31   0 0.02    M    M  7.0 16 190   M    M   9 18     26 180
 8  31  22  27  -7  38   0    T    M    M  9.2 20 200   M    M   8 1      28 200
 9  33  19  26  -8  39   0    T    M    M  6.8 20 190   M    M   7 18     28 190
10  35  16  26  -9  39   0 0.01    M    M  4.3 14  50   M    M   6 18     20  80
11  40  23  32  -3  33   0 0.01    M    M  3.9 16  70   M    M   5 1      24  70
12  42  14  28  -7  37   0 0.04    M    M  4.9 17 200   M    M   5 128    27 210
13  35   9  22 -13  43   0 0.00  0.0    M  5.0 15  20   M    M   1        22  20
14  41   8  25 -10  40   0 0.00  0.0    M  3.0 12  30   M    M   0        16 120
15  45  11  28  -8  37   0 0.00  0.0    M  3.3 10  20   M    M   0        15  30
16  49  14  32  -4  33   0 0.00  0.0    M  3.6 10  30   M    M   0        14  30
17  52  17  35  -1  30   0 0.00  0.0    M  4.3 10  30   M    M   M        13  40
18  54  21  38   2  27   0 0.00  0.0    M  3.2 13  30   M    M   M        16  30
19  52  25  39   3  26   0    T  0.0    M  3.5 16 170   M    M   M        23 160
================================================================================
SM  793  414       627   0  1.86     0.0  96.1          M       84
================================================================================
AV 41.7 21.8                               5.1 FASTST   M    M   5    MAX(MPH)
                                 MISC ---->  # 24 180               # 38  200
================================================================================
NOTES:
# LAST OF SEVERAL OCCURRENCES

COLUMN 17 PEAK WIND IN M.P.H.

PRELIMINARY LOCAL CLIMATOLOGICAL DATA (WS FORM: F-6) , PAGE 2

                                          STATION:  SOUTH LAKE TAHOE CA
                                          MONTH:    MARCH
                                          YEAR:     2019
                                          LATITUDE:   38 53 N
                                          LONGITUDE: 119 60 W

[TEMPERATURE DATA]      [PRECIPITATION DATA]       SYMBOLS USED IN COLUMN 16

AVERAGE MONTHLY: 31.8   TOTAL FOR MONTH:   1.86    1 = FOG OR MIST
DPTR FM NORMAL:  -2.9   DPTR FM NORMAL:   -0.05    2 = FOG REDUCING VISIBILITY
HIGHEST:    54 ON 18    GRTST 24HR  0.93 ON  6- 6      TO 1/4 MILE OR LESS
LOWEST:      8 ON 14                               3 = THUNDER
                        SNOW, ICE PELLETS, HAIL    4 = ICE PELLETS
                        TOTAL MONTH:   0.0 INCH    5 = HAIL
                        GRTST 24HR     0.0         6 = FREEZING RAIN OR DRIZZLE
                        GRTST DEPTH:  M  ON   M    7 = DUSTSTORM OR SANDSTORM:
                                                       VSBY 1/2 MILE OR LESS
                                                   8 = SMOKE OR HAZE
[NO. OF DAYS WITH]      [WEATHER - DAYS WITH]      9 = BLOWING SNOW
                                                   X = TORNADO
MAX 32 OR BELOW:   1    0.01 INCH OR MORE:   8
MAX 90 OR ABOVE:   0    0.10 INCH OR MORE:   4
MIN 32 OR BELOW:  16    0.50 INCH OR MORE:   1
MIN  0 OR BELOW:   0    1.00 INCH OR MORE:   0

[HDD (BASE 65) ]
TOTAL THIS MO.   627    CLEAR  (SCALE 0-3)   5
DPTR FM NORMAL    49    PTCLDY (SCALE 4-7)   7
TOTAL FM JUL 1  5654    CLOUDY (SCALE 8-10)  4
DPTR FM NORMAL  -161

[CDD (BASE 65) ]
TOTAL THIS MO.     0
DPTR FM NORMAL     0    [PRESSURE DATA]
TOTAL FM JAN 1     0    HIGHEST SLP M ON M
DPTR FM NORMAL     0    LOWEST  SLP 29.55 ON  6

[REMARKS]
