000
CXUS54 KJAN 191414
CF6TVR
PRELIMINARY LOCAL CLIMATOLOGICAL DATA (WS FORM: F-6)

                                          STATION:   VICKSBURG
                                          MONTH:     MARCH
                                          YEAR:      2019
                                          LATITUDE:   32 20 N
                                          LONGITUDE:  91  2 W

  TEMPERATURE IN F:       :PCPN:    SNOW:  WIND      :SUNSHINE: SKY     :PK WND
================================================================================
1   2   3   4   5  6A  6B    7    8   9   10  11  12  13   14  15   16   17  18
                                     12Z  AVG MX 2MIN
DY MAX MIN AVG DEP HDD CDD  WTR  SNW DPTH SPD SPD DIR MIN PSBL S-S WX    SPD DR
================================================================================

 1  53  46  50  -4  15   0    T  0.0    0  5.9 13  10   M    M   8 18     15  10
 2  58  48  53  -1  12   0 0.05  0.0    0  6.3 14  10   M    M  10 1      17 360
 3  53  39  46  -8  19   0 0.68  0.0    0 11.5 25  10   M    M  10 13     31  10
 4  39  30  35 -19  30   0 0.00  0.0    0 14.7 22  10   M    M   9        28  20
 5  43  30  37 -18  28   0 0.00  0.0    0  7.3 16  10   M    M   0        27  10
 6  49  29  39 -16  26   0 0.00  0.0    0  2.4 10  20   M    M   0        14  40
 7  59  34  47  -8  18   0    T  0.0    0  8.0 17 160   M    M   8        20 180
 8  72  55  64   9   1   0    T  0.0    0  8.1 20 170   M    M  10        27 190
 9  78  65  72  16   0   7 0.02  0.0    0 10.3 23 180   M    M   9 1      33 180
10  73  60  67  11   0   2 0.14  0.0    0  5.8 15 360   M    M   7 12     18  10
11  60  52  56   0   9   0 0.69  0.0    0  7.2 21  10   M    M   7 1      29  10
12  67  50  59   3   6   0 0.00  0.0    0  5.4 12 100   M    M   0        13  80
13  78  57  68  11   0   3 0.00  0.0    0 14.0 26 160   M    M   5        34 160
14  79  60  70  13   0   5 0.14  0.0    0  8.7 20 170   M    M   8 1      26 170
15  60  49  55  -2  10   0 0.00  0.0    0  9.8 17  10   M    M   2        25  10
16  58  47  53  -4  12   0 0.00  0.0    0  9.3 17  10   M    M   0        22  40
17  63  43  53  -5  12   0 0.00  0.0    0  6.1 15  10   M    M   0        19  10
18  66  40  53  -5  12   0 0.00  0.0    0  5.1 13  40   M    M   0 1      16  30
================================================================================
SM 1108  834       210  17  1.72     0.0 145.9          M       93
================================================================================
AV 61.6 46.3                               8.1 FASTST   M    M   5    MAX(MPH)
                                 MISC ---->  # 26 160               # 34  160
================================================================================
NOTES:
# LAST OF SEVERAL OCCURRENCES

COLUMN 17 PEAK WIND IN M.P.H.

PRELIMINARY LOCAL CLIMATOLOGICAL DATA (WS FORM: F-6) , PAGE 2

                                          STATION:  VICKSBURG
                                          MONTH:    MARCH
                                          YEAR:     2019
                                          LATITUDE:   32 20 N
                                          LONGITUDE:  91  2 W

[TEMPERATURE DATA]      [PRECIPITATION DATA]       SYMBOLS USED IN COLUMN 16

AVERAGE MONTHLY: 53.9   TOTAL FOR MONTH:   1.72    1 = FOG OR MIST
DPTR FM NORMAL:  -1.8   DPTR FM NORMAL:   -1.34    2 = FOG REDUCING VISIBILITY
HIGHEST:    79 ON 14    GRTST 24HR  0.69 ON 11-11      TO 1/4 MILE OR LESS
LOWEST:     29 ON  6                               3 = THUNDER
                        SNOW, ICE PELLETS, HAIL    4 = ICE PELLETS
                        TOTAL MONTH:   0.0 INCH    5 = HAIL
                        GRTST 24HR     0.0         6 = FREEZING RAIN OR DRIZZLE
                        GRTST DEPTH:   0           7 = DUSTSTORM OR SANDSTORM:
                                                       VSBY 1/2 MILE OR LESS
                                                   8 = SMOKE OR HAZE
[NO. OF DAYS WITH]      [WEATHER - DAYS WITH]      9 = BLOWING SNOW
                                                   X = TORNADO
MAX 32 OR BELOW:   0    0.01 INCH OR MORE:   6
MAX 90 OR ABOVE:   0    0.10 INCH OR MORE:   4
MIN 32 OR BELOW:   3    0.50 INCH OR MORE:   2
MIN  0 OR BELOW:   0    1.00 INCH OR MORE:   0

[HDD (BASE 65) ]
TOTAL THIS MO.   210    CLEAR  (SCALE 0-3)   7
DPTR FM NORMAL    31    PTCLDY (SCALE 4-7)   3
TOTAL FM JUL 1  1961    CLOUDY (SCALE 8-10)  8
DPTR FM NORMAL  -194

[CDD (BASE 65) ]
TOTAL THIS MO.    17
DPTR FM NORMAL     2    [PRESSURE DATA]
TOTAL FM JAN 1    34    HIGHEST SLP M ON M
DPTR FM NORMAL    10    LOWEST  SLP 29.77 ON M

[REMARKS]
