000
CXUS54 KSHV 181500
CF6TXK
PRELIMINARY LOCAL CLIMATOLOGICAL DATA (WS FORM: F-6)

                                          STATION:   TEXARKANA
                                          MONTH:     MARCH
                                          YEAR:      2019
                                          LATITUDE:   33 27 N
                                          LONGITUDE:  94  0 W

  TEMPERATURE IN F:       :PCPN:    SNOW:  WIND      :SUNSHINE: SKY     :PK WND
================================================================================
1   2   3   4   5  6A  6B    7    8   9   10  11  12  13   14  15   16   17  18
                                     12Z  AVG MX 2MIN
DY MAX MIN AVG DEP HDD CDD  WTR  SNW DPTH SPD SPD DIR MIN PSBL S-S WX    SPD DR
================================================================================

 1  49  35  42 -10  23   0 0.02  0.0    0  3.9 10 310   M    M  10 1      13 140
 2  50  43  47  -5  18   0 0.01  0.0    0  6.9 13  50   M    M  10 1      18  40
 3  43  31  37 -15  28   0 0.67  0.0    0  9.8 17 330   M    M  10 13     24 340
 4  34  25  30 -23  35   0 0.00  0.0    0  9.0 15  10   M    M   7        23  20
 5  46  24  35 -18  30   0 0.00  0.0    0  5.8 14 310   M    M   1        18 310
 6  51  25  38 -15  27   0 0.00  0.0    0  4.2 13 150   M    M   0        17 140
 7  60  40  50  -4  15   0 0.01  0.0    0  9.5 16 170   M    M  10 1      22 180
 8  80  57  69  15   0   4    T  0.0    0  9.9 22 230   M    M   7 1      30 230
 9  76  56  66  12   0   1 0.38  0.0    0 11.6 38 290   M    M   6 13     55 290
10  67  50  59   5   6   0 0.00  0.0    0  7.1 14  70   M    M   1        22  60
11  59  47  53  -2  12   0 0.96    M    0  6.8 17  40   M    M   7 1      24  50
12  63  54  59   4   6   0    T  0.0    0  7.0 17 150   M    M   8        23 140
13  67  55  61   6   4   0 0.37  0.0    0 11.8 28 260   M    M   9 13     40 260
14  68  49  59   3   6   0 0.04  0.0    0 13.5 23 240   M    M   3 13     30 240
15  61  43  52  -4  13   0 0.00  0.0    0  9.6 18 360   M    M   0        27 330
16  60  33  47  -9  18   0 0.00  0.0    0  2.9 13  60   M    M   0        18  60
17  67  37  52  -4  13   0 0.00  0.0    0  1.6 10 120   M    M   0        15 140
================================================================================
SM 1001  704       254   5  2.46     0.0 130.9          M       89
================================================================================
AV 58.9 41.4                               7.7 FASTST   M    M   5    MAX(MPH)
                                 MISC ---->  # 38 290               # 55  290
================================================================================
NOTES:
# LAST OF SEVERAL OCCURRENCES

COLUMN 17 PEAK WIND IN M.P.H.

PRELIMINARY LOCAL CLIMATOLOGICAL DATA (WS FORM: F-6) , PAGE 2

                                          STATION:  TEXARKANA
                                          MONTH:    MARCH
                                          YEAR:     2019
                                          LATITUDE:   33 27 N
                                          LONGITUDE:  94  0 W

[TEMPERATURE DATA]      [PRECIPITATION DATA]       SYMBOLS USED IN COLUMN 16

AVERAGE MONTHLY: 50.2   TOTAL FOR MONTH:   2.46    1 = FOG OR MIST
DPTR FM NORMAL:  -4.0   DPTR FM NORMAL:    0.12    2 = FOG REDUCING VISIBILITY
HIGHEST:    80 ON  8    GRTST 24HR  0.96 ON 11-11      TO 1/4 MILE OR LESS
LOWEST:     24 ON  5                               3 = THUNDER
                        SNOW, ICE PELLETS, HAIL    4 = ICE PELLETS
                        TOTAL MONTH:   0.0 INCH    5 = HAIL
                        GRTST 24HR     0.0         6 = FREEZING RAIN OR DRIZZLE
                        GRTST DEPTH:   0           7 = DUSTSTORM OR SANDSTORM:
                                                       VSBY 1/2 MILE OR LESS
                                                   8 = SMOKE OR HAZE
[NO. OF DAYS WITH]      [WEATHER - DAYS WITH]      9 = BLOWING SNOW
                                                   X = TORNADO
MAX 32 OR BELOW:   0    0.01 INCH OR MORE:   8
MAX 90 OR ABOVE:   0    0.10 INCH OR MORE:   4
MIN 32 OR BELOW:   4    0.50 INCH OR MORE:   2
MIN  0 OR BELOW:   0    1.00 INCH OR MORE:   0

[HDD (BASE 65) ]
TOTAL THIS MO.   254    CLEAR  (SCALE 0-3)   7
DPTR FM NORMAL    61    PTCLDY (SCALE 4-7)   5
TOTAL FM JUL 1  2458    CLOUDY (SCALE 8-10)  5
DPTR FM NORMAL    71

[CDD (BASE 65) ]
TOTAL THIS MO.     5
DPTR FM NORMAL     0    [PRESSURE DATA]
TOTAL FM JAN 1    22    HIGHEST SLP M ON M
DPTR FM NORMAL    13    LOWEST  SLP 29.61 ON 13

[REMARKS]
