000
CXUS54 KMRX 181000
CF6TYS
PRELIMINARY LOCAL CLIMATOLOGICAL DATA (WS FORM: F-6)

                                          STATION:   KNOXVILLE    ASOS
                                          MONTH:     MARCH
                                          YEAR:      2019
                                          LATITUDE:   35 49 N
                                          LONGITUDE:  83 59 W

  TEMPERATURE IN F:       :PCPN:    SNOW:  WIND      :SUNSHINE: SKY     :PK WND
================================================================================
1   2   3   4   5  6A  6B    7    8   9   10  11  12  13   14  15   16   17  18
                                     12Z  AVG MX 2MIN
DY MAX MIN AVG DEP HDD CDD  WTR  SNW DPTH SPD SPD DIR MIN PSBL S-S WX    SPD DR
================================================================================

 1  56  46  51   5  14   0 0.45  0.0    0  6.0 15 280   M    M  10 1      21 290
 2  55  43  49   3  16   0 0.00  0.0    0  6.0 16 350   M    M   9        21 360
 3  46  36  41  -6  24   0 1.53  0.0    0  5.7 16  30   M    M  10 1      20 360
 4  36  28  32 -15  33   0    T  0.0    0  7.6 16 320   M    M  10        22 350
 5  38  23  31 -16  34   0 0.00  0.0    0  7.9 20 250   M    M   4        26 250
 6  38  20  29 -19  36   0 0.00  0.0    0  5.6 14 280   M    M   2        16 280
 7  50  29  40  -8  25   0    T    T    0  4.0 10  60   M    M   9 4      14  10
 8  44  38  41  -7  24   0 0.43  0.0    0  5.3 10  40   M    M  10 134    13  10
 9  64  43  54   6  11   0 0.57  0.0    0  6.2 24 290   M    M  10 138    29 240
10  70  52  61  12   4   0 0.17  0.0    0 11.3 22 240   M    M   7 13     29 200
11  56  43  50   1  15   0 0.13  0.0    0  3.1 13  30   M    M   8 1      16  30
12  59  34  47  -2  18   0 0.00  0.0    0  5.8 16  40   M    M   8 12     18  30
13  68  42  55   5  10   0 0.00  0.0    0  3.5  9 330   M    M  10        11 330
14  75  56  66  16   0   1 0.02  0.0    0 13.7 31 220   M    M   9 3      39 210
15  66  46  56   6   9   0 0.09  0.0    0 14.8 26 250   M    M   6 1      33 250
16  56  36  46  -4  19   0 0.00  0.0    0  7.9 20  20   M    M   5        24  20
17  59  31  45  -6  20   0 0.00  0.0    0  3.9 17 240   M    M   2        24 240
================================================================================
SM  936  646       312   1  3.39    T    118.3          M      129
================================================================================
AV 55.1 38.0                               7.0 FASTST   M    M   8    MAX(MPH)
                                 MISC ---->  # 31 220               # 39  210
================================================================================
NOTES:
# LAST OF SEVERAL OCCURRENCES

COLUMN 17 PEAK WIND IN M.P.H.

PRELIMINARY LOCAL CLIMATOLOGICAL DATA (WS FORM: F-6) , PAGE 2

                                          STATION:  KNOXVILLE    ASOS
                                          MONTH:    MARCH
                                          YEAR:     2019
                                          LATITUDE:   35 49 N
                                          LONGITUDE:  83 59 W

[TEMPERATURE DATA]      [PRECIPITATION DATA]       SYMBOLS USED IN COLUMN 16

AVERAGE MONTHLY: 46.5   TOTAL FOR MONTH:   3.39    1 = FOG OR MIST
DPTR FM NORMAL:  -1.9   DPTR FM NORMAL:    1.06    2 = FOG REDUCING VISIBILITY
HIGHEST:    75 ON 14    GRTST 24HR  1.53 ON  3- 3      TO 1/4 MILE OR LESS
LOWEST:     20 ON  6                               3 = THUNDER
                        SNOW, ICE PELLETS, HAIL    4 = ICE PELLETS
                        TOTAL MONTH:    T          5 = HAIL
                        GRTST 24HR    T  ON  7- 7  6 = FREEZING RAIN OR DRIZZLE
                        GRTST DEPTH:   0           7 = DUSTSTORM OR SANDSTORM:
                                                       VSBY 1/2 MILE OR LESS
                                                   8 = SMOKE OR HAZE
[NO. OF DAYS WITH]      [WEATHER - DAYS WITH]      9 = BLOWING SNOW
                                                   X = TORNADO
MAX 32 OR BELOW:   0    0.01 INCH OR MORE:   8
MAX 90 OR ABOVE:   0    0.10 INCH OR MORE:   6
MIN 32 OR BELOW:   5    0.50 INCH OR MORE:   2
MIN  0 OR BELOW:   0    1.00 INCH OR MORE:   1

[HDD (BASE 65) ]
TOTAL THIS MO.   312    CLEAR  (SCALE 0-3)   2
DPTR FM NORMAL    27    PTCLDY (SCALE 4-7)   6
TOTAL FM JUL 1  2976    CLOUDY (SCALE 8-10)  9
DPTR FM NORMAL  -205

[CDD (BASE 65) ]
TOTAL THIS MO.     1
DPTR FM NORMAL     1    [PRESSURE DATA]
TOTAL FM JAN 1     6    HIGHEST SLP M ON M
DPTR FM NORMAL     6    LOWEST  SLP 29.74 ON  3

[REMARKS]
