000
CXUS56 KPQR 241200
CF6UAO
PRELIMINARY LOCAL CLIMATOLOGICAL DATA (WS FORM: F-6)

                                          STATION:   AURORA STATE OR
                                          MONTH:     MARCH
                                          YEAR:      2019
                                          LATITUDE:   45 15 N
                                          LONGITUDE: 122 46 W

  TEMPERATURE IN F:       :PCPN:    SNOW:  WIND      :SUNSHINE: SKY     :PK WND
================================================================================
1   2   3   4   5  6A  6B    7    8   9   10  11  12  13   14  15   16   17  18
                                     12Z  AVG MX 2MIN
DY MAX MIN AVG DEP HDD CDD  WTR  SNW DPTH SPD SPD DIR MIN PSBL S-S WX    SPD DR
================================================================================

 1  55  34  45  -1  20   0 0.01    M    M  3.8  8 360   M    M   6        11 350
 2  48  31  40  -6  25   0 0.00    M    M 13.4 23 360   M    M   0        28 360
 3  46  29  38  -8  27   0 0.00    M    M 16.2 23  40   M    M   0        30  40
 4  46  25  36 -10  29   0 0.00    M    M  8.3 15 360   M    M   0        20 360
 5  45  26  36 -10  29   0 0.00    M    M  8.3 15  40   M    M   2        19  20
 6  38  32  35 -11  30   0 0.15    M    M  5.8 12 350   M    M   9 18     14 180
 7   M   M   M   M   M   M 0.01    M    M  7.4 14 170   M    M   9        23 170
 8   M   M   M   M   M   M 0.20    M    M  4.4 10 170   M    M  10 128    21 180
 9  51  34  43  -4  22   0 0.00    M    M  7.3 15  10   M    M   6 1      21 360
10  53  32  43  -4  22   0 0.00    M    M 10.5 20 360   M    M   0        22 360
11  57  28  43  -4  22   0 0.14    M    M  2.6 13 200   M    M   3 1      19 190
12  52  41  47   0  18   0 0.30    M    M  6.6 22 160   M    M   8 1      26 160
13  55  36  46  -2  19   0 0.00    M    M  2.7  9 200   M    M   6        13 270
14  58  33  46  -2  19   0 0.00    M    M  1.2  8 360   M    M   3         9 360
15  64  36  50   2  15   0 0.00    M    M  2.7  9  20   M    M   0        12  50
16  64  36  50   2  15   0 0.00    M    M  2.8  8 360   M    M   0        11 330
17  71  40  56   8   9   0 0.00    M    M  9.1 17 350   M    M   0        21  20
18  72  44  58  10   7   0 0.00    M    M 12.8 24  60   M    M   0        32  50
19  79  50  65  17   0   0 0.00    M    M 12.2 18  40   M    M   0        25  30
20  77  48  63  15   2   0 0.00    M    M  7.6 17  50   M    M   0        25  50
21  57  45  51   3  14   0 0.02    M    M  4.2 14 180   M    M   8 1      21 160
22  54  37  46  -3  19   0 0.19    M    M  2.3 10 210   M    M   8 12     15 220
23  59  42  51   2  14   0    T    M    M  2.6 13 230   M    M   7 12     16 230
================================================================================
SM 1201  759       377   0  1.02    M    154.8          M       85
================================================================================
AV 57.2 36.1                               6.7 FASTST   M    M   4    MAX(MPH)
                                 MISC ---->  # 24  60               # 32   50
================================================================================
NOTES:
# LAST OF SEVERAL OCCURRENCES

COLUMN 17 PEAK WIND IN M.P.H.

PRELIMINARY LOCAL CLIMATOLOGICAL DATA (WS FORM: F-6) , PAGE 2

                                          STATION:  AURORA STATE OR
                                          MONTH:    MARCH
                                          YEAR:     2019
                                          LATITUDE:   45 15 N
                                          LONGITUDE: 122 46 W

[TEMPERATURE DATA]      [PRECIPITATION DATA]       SYMBOLS USED IN COLUMN 16

AVERAGE MONTHLY: 46.7   TOTAL FOR MONTH:   1.02    1 = FOG OR MIST
DPTR FM NORMAL:  -0.6   DPTR FM NORMAL:   -1.86    2 = FOG REDUCING VISIBILITY
HIGHEST:    79 ON 19    GRTST 24HR  0.30 ON 12-12      TO 1/4 MILE OR LESS
LOWEST:     25 ON  4                               3 = THUNDER
                        SNOW, ICE PELLETS, HAIL    4 = ICE PELLETS
                        TOTAL MONTH:    M          5 = HAIL
                        GRTST 24HR    M  ON   M    6 = FREEZING RAIN OR DRIZZLE
                        GRTST DEPTH:  M  ON   M    7 = DUSTSTORM OR SANDSTORM:
                                                       VSBY 1/2 MILE OR LESS
                                                   8 = SMOKE OR HAZE
[NO. OF DAYS WITH]      [WEATHER - DAYS WITH]      9 = BLOWING SNOW
                                                   X = TORNADO
MAX 32 OR BELOW:   0    0.01 INCH OR MORE:   8
MAX 90 OR ABOVE:   0    0.10 INCH OR MORE:   5
MIN 32 OR BELOW:   7    0.50 INCH OR MORE:   0
MIN  0 OR BELOW:   0    1.00 INCH OR MORE:   0

[HDD (BASE 65) ]
TOTAL THIS MO.   377    CLEAR  (SCALE 0-3)  13
DPTR FM NORMAL   -30    PTCLDY (SCALE 4-7)   7
TOTAL FM JUL 1  3357    CLOUDY (SCALE 8-10)  3
DPTR FM NORMAL  -205

[CDD (BASE 65) ]
TOTAL THIS MO.     0
DPTR FM NORMAL     0    [PRESSURE DATA]
TOTAL FM JAN 1     0    HIGHEST SLP M ON M
DPTR FM NORMAL     0    LOWEST  SLP 29.61 ON  6

[REMARKS]
