000
CXUS53 KSGF 260800
CF6UNO
PRELIMINARY LOCAL CLIMATOLOGICAL DATA (WS FORM: F-6)

                                          STATION:   WEST PLAINS MO
                                          MONTH:     MAY
                                          YEAR:      2019
                                          LATITUDE:   36 52 N
                                          LONGITUDE:  91 55 W

  TEMPERATURE IN F:       :PCPN:    SNOW:  WIND      :SUNSHINE: SKY     :PK WND
================================================================================
1   2   3   4   5  6A  6B    7    8   9   10  11  12  13   14  15   16   17  18
                                     12Z  AVG MX 2MIN
DY MAX MIN AVG DEP HDD CDD  WTR  SNW DPTH SPD SPD DIR MIN PSBL S-S WX    SPD DR
================================================================================

 1  72  59  66   4   0   1 1.91    M    M  6.4 26 250   M    M   5 13     39 240
 2  68  59  64   2   1   0 0.84    M    M  4.3 12 270   M    M   8 13     14 260
 3  69  57  63   1   2   0 0.88    M    M  4.8 17 270   M    M  10 123    24 260
 4  64  47  56  -6   9   0 0.00    M    M  5.2 13  30   M    M   8 12     18 350
 5  75  44  60  -3   5   0 0.00    M    M  2.0 10  60   M    M   0        13  40
 6  66  56  61  -2   4   0 0.12    M    M  5.0 12 120   M    M   6 1      19 180
 7  81  56  69   6   0   4 0.23    M    M  4.1 22 300   M    M   5 13     32 310
 8  73  63  68   5   0   3 0.72    M    M  6.8 21 170   M    M   7 1      37 160
 9  72  49  61  -3   4   0 0.00    M    M  8.0 17 320   M    M   9        22 360
10  65  45  55  -9  10   0 0.00    M    M  6.6 14  10   M    M   5        20  10
11  54  48  51 -13  14   0 0.72    M    M  5.1 12  60   M    M  10 1      17  40
12  65  48  57  -7   8   0 0.03    M    M  3.9 14 340   M    M   8 1      20 330
13  69  42  56  -9   9   0 0.00    M    M  2.5 13 320   M    M   3 12     16 310
14  74  44  59  -6   6   0 0.00    M    M  5.6 13 160   M    M   1        18 150
15  86  61  74   9   0   9 0.00    M    M  6.0 18 270   M    M   2        25 260
16  87  61  74   9   0   9 0.00  0.0    0  6.0 15 250   M    M   0 1      24 240
17  84  64  74   8   0   9 0.00    M    M  8.3 16 190   M    M   0        24 220
18  80  62  71   5   0   6 0.61    M    M 10.9 33 220   M    M   6 13     52 230
19  76  54  65  -1   0   0 0.05    M    M  8.4 22 270   M    M   5 13     32 280
20  78  51  65  -1   0   0 0.08    M    M  8.3 18 120   M    M   2 13     30 120
21  79  57  68   1   0   3 2.26    M    M  9.6 29 270   M    M   6 138    47 230
22  83  53  68   1   0   3 0.00    M    M  9.2 20 190   M    M   2        31 190
23  87  73  80  13   0  15 0.00    M    M  8.3 16 180   M    M   1        22 170
24  87  68  78  10   0  13 0.00    M    M  8.1 17 160   M    M   0        26 230
25  86  67  77   9   0  12 0.00    M    M  6.6 15 220   M    M   1        24 220
================================================================================
SM 1880 1388        72  87  8.45     0.0 160.0          M      110
================================================================================
AV 75.2 55.5                               6.4 FASTST   M    M   4    MAX(MPH)
                                 MISC ---->  # 33 220               # 52  230
================================================================================
NOTES:
# LAST OF SEVERAL OCCURRENCES

COLUMN 17 PEAK WIND IN M.P.H.

PRELIMINARY LOCAL CLIMATOLOGICAL DATA (WS FORM: F-6) , PAGE 2

                                          STATION:  WEST PLAINS MO
                                          MONTH:    MAY
                                          YEAR:     2019
                                          LATITUDE:   36 52 N
                                          LONGITUDE:  91 55 W

[TEMPERATURE DATA]      [PRECIPITATION DATA]       SYMBOLS USED IN COLUMN 16

AVERAGE MONTHLY: 65.4   TOTAL FOR MONTH:   8.45    1 = FOG OR MIST
DPTR FM NORMAL:   0.7   DPTR FM NORMAL:    4.32    2 = FOG REDUCING VISIBILITY
HIGHEST:    87 ON 24,23 GRTST 24HR  2.26 ON 21-21      TO 1/4 MILE OR LESS
LOWEST:     42 ON 13                               3 = THUNDER
                        SNOW, ICE PELLETS, HAIL    4 = ICE PELLETS
                        TOTAL MONTH:   0.0 INCH    5 = HAIL
                        GRTST 24HR     0.0         6 = FREEZING RAIN OR DRIZZLE
                        GRTST DEPTH:   0           7 = DUSTSTORM OR SANDSTORM:
                                                       VSBY 1/2 MILE OR LESS
                                                   8 = SMOKE OR HAZE
[NO. OF DAYS WITH]      [WEATHER - DAYS WITH]      9 = BLOWING SNOW
                                                   X = TORNADO
MAX 32 OR BELOW:   0    0.01 INCH OR MORE:  12
MAX 90 OR ABOVE:   0    0.10 INCH OR MORE:   9
MIN 32 OR BELOW:   0    0.50 INCH OR MORE:   7
MIN  0 OR BELOW:   0    1.00 INCH OR MORE:   2

[HDD (BASE 65) ]
TOTAL THIS MO.    72    CLEAR  (SCALE 0-3)  10
DPTR FM NORMAL    -3    PTCLDY (SCALE 4-7)  11
TOTAL FM JUL 1  4322    CLOUDY (SCALE 8-10)  4
DPTR FM NORMAL   -15

[CDD (BASE 65) ]
TOTAL THIS MO.    87
DPTR FM NORMAL    22    [PRESSURE DATA]
TOTAL FM JAN 1   118    HIGHEST SLP M ON M
DPTR FM NORMAL    25    LOWEST  SLP 29.51 ON 21

[REMARKS]
