000
CXUS53 KUNR 190945
CF6UNR
PRELIMINARY LOCAL CLIMATOLOGICAL DATA (WS FORM: F-6)

                                          STATION:   EAST RAPID CITY SD
                                          MONTH:     APRIL
                                          YEAR:      2018
                                          LATITUDE:   44  4 N
                                          LONGITUDE: 103 13 W

  TEMPERATURE IN F:       :PCPN:    SNOW:  WIND      :SUNSHINE: SKY     :PK WND
================================================================================
1   2   3   4   5  6A  6B    7    8   9   10  11  12  13   14  15   16   17  18
                                     12Z  AVG MX 2MIN
DY MAX MIN AVG DEP HDD CDD  WTR  SNW DPTH SPD SPD DIR MIN PSBL S-S WX    SPD DR
================================================================================

 1  47  13  30 -10  35   0    T    T    T 11.6 21 140   M    M   M        28 140
 2  33  14  24 -16  41   0 0.11  2.4    0 14.1 25 330   M    M   M        36 340
 3  19  10  15 -26  50   0 0.08  1.7    4 10.9 22 350   M    M   M        32 340
 4  35  10  23 -18  42   0 0.06  0.9    2  6.7 18 360   M    M   M        23 360
 5  36  22  29 -12  36   0 0.06  1.1    1 12.7 28 360   M    M   M        37 330
 6  22  10  16 -26  49   0 0.14  2.5    3 12.3 24 360   M    M   M        31 360
 7  36  10  23 -19  42   0 0.00  0.0    1 10.2 20 140   M    M   M        25 150
 8  40  25  33  -9  32   0 0.03  0.5    T 13.6 31  20   M    M   M        41 350
 9  50  25  38  -4  27   0    T    T    T  8.2 24 350   M    M   M        38 350
10  65  40  53  10  12   0 0.00  0.0    0  6.3 17 320   M    M   M        24 320
11  70  44  57  14   8   0    T  0.0    0 10.5 37 350   M    M   M        51 330
12  58  33  46   2  19   0 0.14    T    0  9.1 24 120   M    M   M        32 120
13  33  21  27 -17  38   0 0.82  9.7    3 16.5 29 350   M    M   M 9      40 350
14  27  18  23 -21  42   0 0.00  0.0    3  9.5 18 350   M    M   M        25 340
15  36  20  28 -17  37   0 0.00  0.0    3  7.6 16 140   M    M   M        21 130
16  52  20  36  -9  29   0 0.00  0.0    T 16.0 28 140   M    M   M        35 140
17  45  28  37  -8  28   0    T  0.0    0 14.5 32 330   M    M   M        43 330
18  53  33  43  -3  22   0 0.01  0.0    T 14.4 33 330   M    M   M        49 320
================================================================================
SM  757  396       589   0  1.45    18.8 204.7          M        M
================================================================================
AV 42.1 22.0                              11.4 FASTST   M    M   5    MAX(MPH)
                                 MISC ---->  # 37 350               # 51  330
================================================================================
NOTES:
# LAST OF SEVERAL OCCURRENCES

COLUMN 17 PEAK WIND IN M.P.H.

PRELIMINARY LOCAL CLIMATOLOGICAL DATA (WS FORM: F-6) , PAGE 2

                                          STATION:  EAST RAPID CITY SD
                                          MONTH:    APRIL
                                          YEAR:     2018
                                          LATITUDE:   44  4 N
                                          LONGITUDE: 103 13 W

[TEMPERATURE DATA]      [PRECIPITATION DATA]       SYMBOLS USED IN COLUMN 16

AVERAGE MONTHLY: 32.0   TOTAL FOR MONTH:   1.45    1 = FOG OR MIST
DPTR FM NORMAL: -10.8   DPTR FM NORMAL:    0.38    2 = FOG REDUCING VISIBILITY
HIGHEST:    70 ON 11    GRTST 24HR  0.82 ON 13-13      TO 1/4 MILE OR LESS
LOWEST:     10 ON  7, 6                            3 = THUNDER
                        SNOW, ICE PELLETS, HAIL    4 = ICE PELLETS
                        TOTAL MONTH:  18.8 INCHES  5 = HAIL
                        GRTST 24HR   9.7 ON 13-13  6 = FREEZING RAIN OR DRIZZLE
                        GRTST DEPTH:   4 ON  3     7 = DUSTSTORM OR SANDSTORM:
                                                       VSBY 1/2 MILE OR LESS
                                                   8 = SMOKE OR HAZE
[NO. OF DAYS WITH]      [WEATHER - DAYS WITH]      9 = BLOWING SNOW
                                                   X = TORNADO
MAX 32 OR BELOW:   3    0.01 INCH OR MORE:   9
MAX 90 OR ABOVE:   0    0.10 INCH OR MORE:   4
MIN 32 OR BELOW:  14    0.50 INCH OR MORE:   1
MIN  0 OR BELOW:   0    1.00 INCH OR MORE:   0

[HDD (BASE 65) ]
TOTAL THIS MO.   589    CLEAR  (SCALE 0-3)   0
DPTR FM NORMAL   188    PTCLDY (SCALE 4-7)   0
TOTAL FM JUL 1  6639    CLOUDY (SCALE 8-10)  0
DPTR FM NORMAL   376

[CDD (BASE 65) ]
TOTAL THIS MO.     0
DPTR FM NORMAL     0    [PRESSURE DATA]
TOTAL FM JAN 1     0    HIGHEST SLP M ON M
DPTR FM NORMAL     0    LOWEST  SLP 29.27 ON  8

[REMARKS]
