000
CXUS53 KUNR 180945
CF6UNR
PRELIMINARY LOCAL CLIMATOLOGICAL DATA (WS FORM: F-6)

                                          STATION:   EAST RAPID CITY SD
                                          MONTH:     MARCH
                                          YEAR:      2019
                                          LATITUDE:   44  4 N
                                          LONGITUDE: 103 13 W

  TEMPERATURE IN F:       :PCPN:    SNOW:  WIND      :SUNSHINE: SKY     :PK WND
================================================================================
1   2   3   4   5  6A  6B    7    8   9   10  11  12  13   14  15   16   17  18
                                     12Z  AVG MX 2MIN
DY MAX MIN AVG DEP HDD CDD  WTR  SNW DPTH SPD SPD DIR MIN PSBL S-S WX    SPD DR
================================================================================

 1  22  11  17 -15  48   0 0.04  0.7    3 10.7 22 360   M    M   M 6      30 360
 2  11 -11   0 -32  65   0 0.07  1.8    4 12.4 26 360   M    M   M        32 350
 3   4 -12  -4 -36  69   0 0.00  0.0    4  4.1 14  10   M    M   M        17 360
 4  15 -10   3 -29  62   0 0.00  0.0    3  5.2 21 300   M    M   M        28 300
 5  26   6  16 -17  49   0 0.00  0.0    3  8.5 23  20   M    M   M        30 360
 6  21  11  16 -17  49   0 0.01  0.3    3  7.5 14 140   M    M   M        17 140
 7  20   6  13 -20  52   0 0.15  2.5    6 10.8 22 150   M    M   M        29 160
 8  34  14  24 -10  41   0 0.05  0.5    4  4.6 14 330   M    M   M        17 330
 9  33  18  26  -8  39   0 0.09  1.0    5 15.4 43 330   M    M   M 9      58 330
10  35  18  27  -7  38   0 0.00  0.0    4  4.9 12  30   M    M   M        14  30
11  42  22  32  -2  33   0 0.00  0.0    3  8.1 20 160   M    M   M        26 160
12  51  29  40   5  25   0 0.00  0.0    1  5.0 14 290   M    M   M        20 280
13  36  27  32  -3  33   0 0.45  4.5    T 23.9 44 320   M    M   M 9      64 330
14  33  25  29  -6  36   0 0.05  0.5    2 26.1 49 330   M    M   M 9      70 320
15  39  21  30  -6  35   0 0.00  0.0    2  6.3 13 140   M    M   M        15 130
16  38  25  32  -4  33   0 0.00  0.0    1  8.4 25  10   M    M   M        33  10
17  38  24  31  -5  34   0 0.00  0.0    T  8.5 25  10   M    M   M        32  10
================================================================================
SM  498  224       741   0  0.91    11.8 170.4          M        M
================================================================================
AV 29.3 13.2                              10.0 FASTST   M    M   3    MAX(MPH)
                                 MISC ---->  # 49 330               # 70  320
================================================================================
NOTES:
# LAST OF SEVERAL OCCURRENCES

COLUMN 17 PEAK WIND IN M.P.H.

PRELIMINARY LOCAL CLIMATOLOGICAL DATA (WS FORM: F-6) , PAGE 2

                                          STATION:  EAST RAPID CITY SD
                                          MONTH:    MARCH
                                          YEAR:     2019
                                          LATITUDE:   44  4 N
                                          LONGITUDE: 103 13 W

[TEMPERATURE DATA]      [PRECIPITATION DATA]       SYMBOLS USED IN COLUMN 16

AVERAGE MONTHLY: 21.2   TOTAL FOR MONTH:   0.91    1 = FOG OR MIST
DPTR FM NORMAL: -12.6   DPTR FM NORMAL:    0.49    2 = FOG REDUCING VISIBILITY
HIGHEST:    51 ON 12    GRTST 24HR  0.45 ON 13-13      TO 1/4 MILE OR LESS
LOWEST:    -12 ON  3                               3 = THUNDER
                        SNOW, ICE PELLETS, HAIL    4 = ICE PELLETS
                        TOTAL MONTH:  11.8 INCHES  5 = HAIL
                        GRTST 24HR   4.5 ON 13-13  6 = FREEZING RAIN OR DRIZZLE
                        GRTST DEPTH:   6 ON  7     7 = DUSTSTORM OR SANDSTORM:
                                                       VSBY 1/2 MILE OR LESS
                                                   8 = SMOKE OR HAZE
[NO. OF DAYS WITH]      [WEATHER - DAYS WITH]      9 = BLOWING SNOW
                                                   X = TORNADO
MAX 32 OR BELOW:   7    0.01 INCH OR MORE:   8
MAX 90 OR ABOVE:   0    0.10 INCH OR MORE:   2
MIN 32 OR BELOW:  17    0.50 INCH OR MORE:   0
MIN  0 OR BELOW:   3    1.00 INCH OR MORE:   0

[HDD (BASE 65) ]
TOTAL THIS MO.   741    CLEAR  (SCALE 0-3)   0
DPTR FM NORMAL   210    PTCLDY (SCALE 4-7)   0
TOTAL FM JUL 1  6187    CLOUDY (SCALE 8-10)  0
DPTR FM NORMAL   702

[CDD (BASE 65) ]
TOTAL THIS MO.     0
DPTR FM NORMAL     0    [PRESSURE DATA]
TOTAL FM JAN 1     0    HIGHEST SLP M ON M
DPTR FM NORMAL     0    LOWEST  SLP 29.28 ON 13

[REMARKS]
