000
CXUS53 KUNR 260945
CF6UNR
PRELIMINARY LOCAL CLIMATOLOGICAL DATA (WS FORM: F-6)

                                          STATION:   EAST RAPID CITY SD
                                          MONTH:     MAY
                                          YEAR:      2019
                                          LATITUDE:   44  4 N
                                          LONGITUDE: 103 13 W

  TEMPERATURE IN F:       :PCPN:    SNOW:  WIND      :SUNSHINE: SKY     :PK WND
================================================================================
1   2   3   4   5  6A  6B    7    8   9   10  11  12  13   14  15   16   17  18
                                     12Z  AVG MX 2MIN
DY MAX MIN AVG DEP HDD CDD  WTR  SNW DPTH SPD SPD DIR MIN PSBL S-S WX    SPD DR
================================================================================

 1  41  29  35 -16  30   0 0.30  3.2    4  5.8 13  10   M    M   M 6      16 360
 2  61  25  43  -8  22   0    T  0.0    T  7.1 17 200   M    M   M        33 220
 3  58  41  50  -1  15   0    T  0.0    0  7.8 20  20   M    M   M        28 330
 4  69  43  56   4   9   0    T  0.0    0  9.5 22  10   M    M   M        30 350
 5  53  35  44  -8  21   0 0.08    T    0  8.9 17  30   M    M   M        21  20
 6  38  33  36 -16  29   0 0.16    T    0  7.0 13 140   M    M   M 1      17 120
 7  39  32  36 -17  29   0 0.33    T    0  9.6 17 140   M    M   M 124    23 140
 8  41  33  37 -16  28   0 0.19    T    0 13.6 24 360   M    M   M 12     35 330
 9  49  36  43 -11  22   0    T  0.0    0  8.3 17  20   M    M   M        23  20
10  61  33  47  -7  18   0    T  0.0    0  7.2 22 170   M    M   M        35 190
11  55  39  47  -7  18   0 0.06  0.0    0 15.9 33 320   M    M   M        49 320
12  65  38  52  -3  13   0 0.00  0.0    0  7.0 14  10   M    M   M        18 360
13  77  44  61   6   4   0 0.04  0.0    0  6.1 15 140   M    M   M        18  10
14  75  56  66  11   0   1 0.01  0.0    0  7.7 15 150   M    M   M        20  10
15  85  49  67  11   0   2 0.19  0.0    0  9.6 25 300   M    M   M 3      37 290
16  66  49  58   2   7   0 0.02  0.0    0  8.5 20  40   M    M   M        26 350
17  49  38  44 -12  21   0 0.34  0.0    0  9.3 23 110   M    M   M 3      29 110
18  42  33  38 -18  27   0 0.51    T    0 16.2 24 320   M    M   M        33 330
19  42  32  37 -20  28   0 0.02    T    0 11.2 20  10   M    M   M        30 320
20  38  31  35 -22  30   0 0.42  1.2    T  6.6 15 130   M    M   M        21 130
21  38  31  35 -22  30   0 1.97  1.5    1 11.2 25  20   M    M   M        35  30
22  47  31  39 -19  26   0 0.18  0.5    2 15.1 25 330   M    M   M        37 330
23  48  40  44 -14  21   0 0.12  0.0    0  8.2 18 330   M    M   M 1      26 340
24  66  41  54  -4  11   0 0.03  0.0    0  8.3 18 320   M    M   M        30 270
25  67  43  55  -3  10   0 0.00  0.0    0  8.2 21 130   M    M   M        26 120
================================================================================
SM 1370  935       469   3  4.97     6.4 233.9          M        M
================================================================================
AV 54.8 37.4                               9.4 FASTST   M    M   6    MAX(MPH)
                                 MISC ---->  # 33 320               # 49  320
================================================================================
NOTES:
# LAST OF SEVERAL OCCURRENCES

COLUMN 17 PEAK WIND IN M.P.H.

PRELIMINARY LOCAL CLIMATOLOGICAL DATA (WS FORM: F-6) , PAGE 2

                                          STATION:  EAST RAPID CITY SD
                                          MONTH:    MAY
                                          YEAR:     2019
                                          LATITUDE:   44  4 N
                                          LONGITUDE: 103 13 W

[TEMPERATURE DATA]      [PRECIPITATION DATA]       SYMBOLS USED IN COLUMN 16

AVERAGE MONTHLY: 46.1   TOTAL FOR MONTH:   4.97    1 = FOG OR MIST
DPTR FM NORMAL:  -8.7   DPTR FM NORMAL:    1.68    2 = FOG REDUCING VISIBILITY
HIGHEST:    85 ON 15    GRTST 24HR  1.97 ON 21-21      TO 1/4 MILE OR LESS
LOWEST:     25 ON  2                               3 = THUNDER
                        SNOW, ICE PELLETS, HAIL    4 = ICE PELLETS
                        TOTAL MONTH:   6.4 INCHES  5 = HAIL
                        GRTST 24HR   3.2 ON  1- 1  6 = FREEZING RAIN OR DRIZZLE
                        GRTST DEPTH:   4 ON  1     7 = DUSTSTORM OR SANDSTORM:
                                                       VSBY 1/2 MILE OR LESS
                                                   8 = SMOKE OR HAZE
[NO. OF DAYS WITH]      [WEATHER - DAYS WITH]      9 = BLOWING SNOW
                                                   X = TORNADO
MAX 32 OR BELOW:   0    0.01 INCH OR MORE:  18
MAX 90 OR ABOVE:   0    0.10 INCH OR MORE:  11
MIN 32 OR BELOW:   7    0.50 INCH OR MORE:   2
MIN  0 OR BELOW:   0    1.00 INCH OR MORE:   1

[HDD (BASE 65) ]
TOTAL THIS MO.   469    CLEAR  (SCALE 0-3)   0
DPTR FM NORMAL   201    PTCLDY (SCALE 4-7)   0
TOTAL FM JUL 1  7593    CLOUDY (SCALE 8-10)  0
DPTR FM NORMAL   859

[CDD (BASE 65) ]
TOTAL THIS MO.     3
DPTR FM NORMAL    -6    [PRESSURE DATA]
TOTAL FM JAN 1     3    HIGHEST SLP M ON M
DPTR FM NORMAL    -7    LOWEST  SLP 29.37 ON 22

[REMARKS]
