000
CXUS54 KHGX 251515
CF6UTS
PRELIMINARY LOCAL CLIMATOLOGICAL DATA (WS FORM: F-6)

                                          STATION:   HUNTSVILLE_(ASOS)
                                          MONTH:     MARCH
                                          YEAR:      2019
                                          LATITUDE:   30 45 N
                                          LONGITUDE:  95 35 W

  TEMPERATURE IN F:       :PCPN:    SNOW:  WIND      :SUNSHINE: SKY     :PK WND
================================================================================
1   2   3   4   5  6A  6B    7    8   9   10  11  12  13   14  15   16   17  18
                                     12Z  AVG MX 2MIN
DY MAX MIN AVG DEP HDD CDD  WTR  SNW DPTH SPD SPD DIR MIN PSBL S-S WX    SPD DR
================================================================================

 1  53  41  47 -10  18   0 0.00  0.0    0  3.3  7  60   M    M  10 18     12 340
 2  59  50  55  -3  10   0 0.00  0.0    0  3.3 10 360   M    M  10 12     13  10
 3  56  35  46 -12  19   0 0.06  0.0    0  8.9 18 340   M    M  10 12     27 330
 4  35  31  33 -25  32   0    T  0.0    0  8.8 15 330   M    M  10        25  10
 5  48  26  37 -21  28   0 0.00  0.0    0  5.4 16 340   M    M   0        24 340
 6  59  27  43 -15  22   0 0.00  0.0    0  5.4 15 160   M    M   3        22 200
 7  73  51  62   3   3   0    T  0.0    0  7.9 18 190   M    M   9        24 190
 8  81  68  75  16   0  10    T  0.0    0 11.8 21 220   M    M   8        29 220
 9  83  60  72  13   0   7    T  0.0    0 10.1 25 190   M    M   7 12     36 190
10  81  61  71  12   0   6    T  0.0    0  3.2  9  60   M    M   8 128    14  80
11  71  59  65   5   0   0 0.01  0.0    0  5.7 13  60   M    M   9        20  50
12  72  61  67   7   0   2 0.00  0.0    0  6.8 15 160   M    M   3        22 160
13  73  55  64   4   1   0 0.57  0.0    0  8.4 21 170   M    M  10        38 160
14  73  53  63   3   2   0 0.18  0.0    0  8.2 24 310   M    M   5 3      40 310
15  62  47  55  -5  10   0    T  0.0    0  7.3 16 340   M    M   3        23  10
16  63  42  53  -8  12   0    T  0.0    0  3.0 10  50   M    M   2        15  70
17  68  43  56  -5   9   0 0.00  0.0    0  2.0 10  60   M    M   1        18  50
18  72  42  57  -4   8   0 0.00  0.0    0  2.6 12 100   M    M   0        17  80
19  72  46  59  -2   6   0 0.00  0.0    0  3.2 10 160   M    M   1        17 170
20  75  44  60  -2   5   0 0.00  0.0    0  2.7 13 290   M    M   3        19 290
21  75  45  60  -2   5   0 0.00  0.0    0  2.9 13 280   M    M   0 18     17 280
22  80  46  63   1   2   0 0.00  0.0    0  3.7  9 190   M    M   0 8      13 180
23  74  58  66   4   0   1 0.00  0.0    0  7.0 15 190   M    M   6        23 160
24  81  62  72  10   0   7 0.00  0.0    0  8.2 14 200   M    M   7 1      22 170
================================================================================
SM 1639 1153       192  33  0.82     0.0 139.8          M      125
================================================================================
AV 68.3 48.0                               5.8 FASTST   M    M   5    MAX(MPH)
                                 MISC ---->  # 25 190               # 40  310
================================================================================
NOTES:
# LAST OF SEVERAL OCCURRENCES

COLUMN 17 PEAK WIND IN M.P.H.

PRELIMINARY LOCAL CLIMATOLOGICAL DATA (WS FORM: F-6) , PAGE 2

                                          STATION:  HUNTSVILLE_(ASOS)
                                          MONTH:    MARCH
                                          YEAR:     2019
                                          LATITUDE:   30 45 N
                                          LONGITUDE:  95 35 W

[TEMPERATURE DATA]      [PRECIPITATION DATA]       SYMBOLS USED IN COLUMN 16

AVERAGE MONTHLY: 58.2   TOTAL FOR MONTH:   0.82    1 = FOG OR MIST
DPTR FM NORMAL:  -1.7   DPTR FM NORMAL:   -1.89    2 = FOG REDUCING VISIBILITY
HIGHEST:    83 ON  9    GRTST 24HR  0.57 ON 13-13      TO 1/4 MILE OR LESS
LOWEST:     26 ON  5                               3 = THUNDER
                        SNOW, ICE PELLETS, HAIL    4 = ICE PELLETS
                        TOTAL MONTH:   0.0 INCH    5 = HAIL
                        GRTST 24HR     0.0         6 = FREEZING RAIN OR DRIZZLE
                        GRTST DEPTH:   0           7 = DUSTSTORM OR SANDSTORM:
                                                       VSBY 1/2 MILE OR LESS
                                                   8 = SMOKE OR HAZE
[NO. OF DAYS WITH]      [WEATHER - DAYS WITH]      9 = BLOWING SNOW
                                                   X = TORNADO
MAX 32 OR BELOW:   0    0.01 INCH OR MORE:   4
MAX 90 OR ABOVE:   0    0.10 INCH OR MORE:   2
MIN 32 OR BELOW:   3    0.50 INCH OR MORE:   1
MIN  0 OR BELOW:   0    1.00 INCH OR MORE:   0

[HDD (BASE 65) ]
TOTAL THIS MO.   192    CLEAR  (SCALE 0-3)  10
DPTR FM NORMAL    34    PTCLDY (SCALE 4-7)   5
TOTAL FM JUL 1  1816    CLOUDY (SCALE 8-10)  9
DPTR FM NORMAL   203

[CDD (BASE 65) ]
TOTAL THIS MO.    33
DPTR FM NORMAL     3    [PRESSURE DATA]
TOTAL FM JAN 1    57    HIGHEST SLP M ON M
DPTR FM NORMAL     0    LOWEST  SLP 29.62 ON 13

[REMARKS]
