000
CXUS54 KHGX 211515
CF6UTS
PRELIMINARY LOCAL CLIMATOLOGICAL DATA (WS FORM: F-6)

                                          STATION:   HUNTSVILLE_(ASOS)
                                          MONTH:     MAY
                                          YEAR:      2019
                                          LATITUDE:   30 45 N
                                          LONGITUDE:  95 35 W

  TEMPERATURE IN F:       :PCPN:    SNOW:  WIND      :SUNSHINE: SKY     :PK WND
================================================================================
1   2   3   4   5  6A  6B    7    8   9   10  11  12  13   14  15   16   17  18
                                     12Z  AVG MX 2MIN
DY MAX MIN AVG DEP HDD CDD  WTR  SNW DPTH SPD SPD DIR MIN PSBL S-S WX    SPD DR
================================================================================

 1  87  75  81   9   0  16 0.19  0.0    0  5.9 16 170   M    M   8 1      24 180
 2  84  63  74   2   0   9 2.23  0.0    0  5.5 22 310   M    M   7 13     33 320
 3  78  67  73   0   0   8 0.67  0.0    0  2.7 13 300   M    M   5 13     17 310
 4  83  64  74   1   0   9 0.19  0.0    0  3.5 14 320   M    M   4 13     19 310
 5  86  61  74   1   0   9 0.00  0.0    0  2.5  9 190   M    M   2 12     14 190
 6  86  64  75   1   0  10 0.00  0.0    0  4.1 10 190   M    M   2        16 160
 7  84  69  77   3   0  12 0.44  0.0    0  3.5 12 180   M    M   7 138    19 150
 8  83  67  75   1   0  10 0.45  0.0    0  3.5 22 320   M    M   8 13     30 320
 9  89  68  79   5   0  14 0.09  0.0    0  5.0 12 190   M    M   6 138    20 110
10  73  60  67  -8   0   2 0.20  0.0    0  4.1 12 350   M    M  10 13     18 340
11  71  62  67  -8   0   2 0.50  0.0    0  3.8 12 310   M    M  10 13     17 350
12  76  60  68  -7   0   3 0.01  0.0    0  3.8 14 340   M    M   6 1      20 340
13  84  57  71  -4   0   6 0.00  0.0    0  1.2  7  40   M    M   0        13  50
14  86  63  75  -1   0  10 0.00  0.0    0  2.5  8  60   M    M   0        12  40
15  87  63  75  -1   0  10 0.00  0.0    0  3.2 10 170   M    M   1        16 160
16  88  63  76   0   0  11 0.00  0.0    0  3.7 10 170   M    M   1 1      15 190
17  89  66  78   2   0  13 0.00  0.0    0  5.4 13 160   M    M   4        25 160
18  87  76  82   5   0  17 0.02  0.0    0  7.7 17 160   M    M   9 8      27 160
19  93  78  86   9   0  21    T  0.0    0  7.1 16 190   M    M   5 38     20 210
20  91  78  85   8   0  20 0.00  0.0    0  8.5 17 160   M    M   5 8      29 160
================================================================================
SM 1685 1324         0 212  4.99     0.0  87.2          M      100
================================================================================
AV 84.3 66.2                               4.4 FASTST   M    M   5    MAX(MPH)
                                 MISC ---->  # 22 310               # 33  320
================================================================================
NOTES:
# LAST OF SEVERAL OCCURRENCES

COLUMN 17 PEAK WIND IN M.P.H.

PRELIMINARY LOCAL CLIMATOLOGICAL DATA (WS FORM: F-6) , PAGE 2

                                          STATION:  HUNTSVILLE_(ASOS)
                                          MONTH:    MAY
                                          YEAR:     2019
                                          LATITUDE:   30 45 N
                                          LONGITUDE:  95 35 W

[TEMPERATURE DATA]      [PRECIPITATION DATA]       SYMBOLS USED IN COLUMN 16

AVERAGE MONTHLY: 75.2   TOTAL FOR MONTH:   4.99    1 = FOG OR MIST
DPTR FM NORMAL:   0.5   DPTR FM NORMAL:    2.68    2 = FOG REDUCING VISIBILITY
HIGHEST:    93 ON 19    GRTST 24HR  2.23 ON  2- 2      TO 1/4 MILE OR LESS
LOWEST:     57 ON 13                               3 = THUNDER
                        SNOW, ICE PELLETS, HAIL    4 = ICE PELLETS
                        TOTAL MONTH:   0.0 INCH    5 = HAIL
                        GRTST 24HR     0.0         6 = FREEZING RAIN OR DRIZZLE
                        GRTST DEPTH:   0           7 = DUSTSTORM OR SANDSTORM:
                                                       VSBY 1/2 MILE OR LESS
                                                   8 = SMOKE OR HAZE
[NO. OF DAYS WITH]      [WEATHER - DAYS WITH]      9 = BLOWING SNOW
                                                   X = TORNADO
MAX 32 OR BELOW:   0    0.01 INCH OR MORE:  11
MAX 90 OR ABOVE:   2    0.10 INCH OR MORE:   8
MIN 32 OR BELOW:   0    0.50 INCH OR MORE:   3
MIN  0 OR BELOW:   0    1.00 INCH OR MORE:   1

[HDD (BASE 65) ]
TOTAL THIS MO.     0    CLEAR  (SCALE 0-3)   6
DPTR FM NORMAL     0    PTCLDY (SCALE 4-7)  11
TOTAL FM JUL 1  1831    CLOUDY (SCALE 8-10)  3
DPTR FM NORMAL   135

[CDD (BASE 65) ]
TOTAL THIS MO.   212
DPTR FM NORMAL    17    [PRESSURE DATA]
TOTAL FM JAN 1   446    HIGHEST SLP M ON M
DPTR FM NORMAL    31    LOWEST  SLP 29.64 ON  8

[REMARKS]
