000
CXUS55 KVEF 230940
CF6VGT
PRELIMINARY LOCAL CLIMATOLOGICAL DATA (WS FORM: F-6)

                                          STATION:   NORTH_LAS_VEGAS NV
                                          MONTH:     MARCH
                                          YEAR:      2019
                                          LATITUDE:   36 12 N
                                          LONGITUDE: 115 12 W

  TEMPERATURE IN F:       :PCPN:    SNOW:  WIND      :SUNSHINE: SKY     :PK WND
================================================================================
1   2   3   4   5  6A  6B    7    8   9   10  11  12  13   14  15   16   17  18
                                     12Z  AVG MX 2MIN
DY MAX MIN AVG DEP HDD CDD  WTR  SNW DPTH SPD SPD DIR MIN PSBL S-S WX    SPD DR
================================================================================

 1  73  53  63   8   2   0 0.00  0.0    0  7.9 22 170   M    M   1        26 170
 2  70  54  62   7   3   0 0.02  0.0    0 13.0 33 240   M    M   5        39 240
 3  69  48  59   3   6   0 0.00  0.0    0  6.2 18 260   M    M   0        22 250
 4  67  48  58   2   7   0 0.00    M    M  3.7 10 140   M    M   1        13 100
 5  70  52  61   5   4   0    T    M    M  5.4 13 100   M    M   3         M  M
 6  61  54  58   2   7   0 0.26  0.0    0  9.3 22 190   M    M   7        28 240
 7  67  52  60   3   5   0 0.00  0.0    0 13.4 26 160   M    M   1        33 200
 8  58  45  52  -5  13   0 0.00  0.0    0 11.5 25 220   M    M   2        33 220
 9  59  38  49  -8  16   0 0.00  0.0    0  6.6 16 140   M    M   1        22 110
10  58  47  53  -4  12   0    T  0.0    0  7.9 17 340   M    M   6        20 340
11  65  46  56  -2   9   0 0.09  0.0    0  9.2 23  90   M    M   3 1      33  90
12  64  47  56  -2   9   0 0.04  0.0    0  9.2 37 340   M    M   6        48 320
13  57  46  52  -6  13   0 0.00  0.0    0 19.3 36 330   M    M   1        46 340
14  60  43  52  -6  13   0 0.00  0.0    0 12.6 24 330   M    M   0        32 330
15  66  44  55  -3  10   0 0.00  0.0    0  9.5 21  80   M    M   0        26  80
16  71  50  61   2   4   0 0.00    M    0  9.5 22 330   M    M   0        26 340
17  74  46  60   1   5   0 0.00    M    0  4.2 12 130   M    M   0        14 160
18  77  48  63   4   2   0 0.00  0.0    0  4.5 13 150   M    M   0        16 150
19  76  51  64   4   1   0 0.00  0.0    0  4.4 13  80   M    M   0        15 130
20  67  53  60   0   5   0 0.03  0.0    0  8.1 31 220   M    M   8        43 210
21  63  48  56  -4   9   0 0.01    M    0  8.0 24 260   M    M   4        30 250
22  68  47  58  -2   7   0 0.00  0.0    0  5.7 17 320   M    M   2        23 320
================================================================================
SM 1460 1060       162   0  0.45     0.0 189.1          M       51
================================================================================
AV 66.4 48.2                               8.6 FASTST   M    M   2    MAX(MPH)
                                 MISC ---->  # 37 340               # 48  320
================================================================================
NOTES:
# LAST OF SEVERAL OCCURRENCES

COLUMN 17 PEAK WIND IN M.P.H.

PRELIMINARY LOCAL CLIMATOLOGICAL DATA (WS FORM: F-6) , PAGE 2

                                          STATION:  NORTH_LAS_VEGAS NV
                                          MONTH:    MARCH
                                          YEAR:     2019
                                          LATITUDE:   36 12 N
                                          LONGITUDE: 115 12 W

[TEMPERATURE DATA]      [PRECIPITATION DATA]       SYMBOLS USED IN COLUMN 16

AVERAGE MONTHLY: 57.3   TOTAL FOR MONTH:   0.45    1 = FOG OR MIST
DPTR FM NORMAL:  -0.4   DPTR FM NORMAL:   -0.02    2 = FOG REDUCING VISIBILITY
HIGHEST:    77 ON 18    GRTST 24HR  0.26 ON  6- 6      TO 1/4 MILE OR LESS
LOWEST:     38 ON  9                               3 = THUNDER
                        SNOW, ICE PELLETS, HAIL    4 = ICE PELLETS
                        TOTAL MONTH:   0.0 INCH    5 = HAIL
                        GRTST 24HR     0.0         6 = FREEZING RAIN OR DRIZZLE
                        GRTST DEPTH:   0           7 = DUSTSTORM OR SANDSTORM:
                                                       VSBY 1/2 MILE OR LESS
                                                   8 = SMOKE OR HAZE
[NO. OF DAYS WITH]      [WEATHER - DAYS WITH]      9 = BLOWING SNOW
                                                   X = TORNADO
MAX 32 OR BELOW:   0    0.01 INCH OR MORE:   6
MAX 90 OR ABOVE:   0    0.10 INCH OR MORE:   1
MIN 32 OR BELOW:   0    0.50 INCH OR MORE:   0
MIN  0 OR BELOW:   0    1.00 INCH OR MORE:   0

[HDD (BASE 65) ]
TOTAL THIS MO.   162    CLEAR  (SCALE 0-3)  14
DPTR FM NORMAL   -10    PTCLDY (SCALE 4-7)   8
TOTAL FM JUL 1  1970    CLOUDY (SCALE 8-10)  0
DPTR FM NORMAL    37

[CDD (BASE 65) ]
TOTAL THIS MO.     0
DPTR FM NORMAL   -12    [PRESSURE DATA]
TOTAL FM JAN 1     0    HIGHEST SLP M ON M
DPTR FM NORMAL   -12    LOWEST  SLP 29.47 ON 12

[REMARKS]
