000
CXUS53 KSGF 220800
CF6VIH
PRELIMINARY LOCAL CLIMATOLOGICAL DATA (WS FORM: F-6)

                                          STATION:   VICHY-ROLLA MO
                                          MONTH:     MARCH
                                          YEAR:      2019
                                          LATITUDE:   38  7 N
                                          LONGITUDE:  91 46 W

  TEMPERATURE IN F:       :PCPN:    SNOW:  WIND      :SUNSHINE: SKY     :PK WND
================================================================================
1   2   3   4   5  6A  6B    7    8   9   10  11  12  13   14  15   16   17  18
                                     12Z  AVG MX 2MIN
DY MAX MIN AVG DEP HDD CDD  WTR  SNW DPTH SPD SPD DIR MIN PSBL S-S WX    SPD DR
================================================================================

 1  34  24  29 -11  36   0    T    M    M  3.3  7 270   M    M  10 18      9 280
 2  38  27  33  -7  32   0    T    M    M  8.2 13  10   M    M   6 18     17 360
 3  27   6  17 -24  48   0 0.05    M    M 13.2 21 340   M    M   6 128    28 330
 4  19   0  10 -31  55   0 0.00    M    M 10.3 17 320   M    M   0        24 310
 5  25   7  16 -26  49   0 0.00    M    M 12.5 21 290   M    M   0        31 310
 6  35   7  21 -21  44   0 0.00    M    M  5.4 13 240   M    M   3        17 220
 7  40  28  34  -8  31   0 0.00    M    M 11.3 18 110   M    M   6 18     25 100
 8  49  32  41  -2  24   0    T    M    M  7.8 14 120   M    M  10 128    18 120
 9  66  41  54  11  11   0 1.38    M    M 20.0 39 240   M    M  10 138    53 240
10  46  31  39  -4  26   0 0.00    M    M  8.3 24 270   M    M   1        33 270
11  52  37  45   1  20   0    T    M    M  6.1 10 120   M    M   7        14 110
12  51  37  44   0  21   0 1.06    M    M 13.0 24 170   M    M   5 13     37 150
13  64  47  56  12   9   0 0.39    M    M 16.6 29 180   M    M   6 13     45 150
14  59  40  50   5  15   0 0.12    M    M 21.9 37 230   M    M   8 13     57 240
15  47  29  38  -7  27   0 0.00    M    M 14.7 24 280   M    M   5        36 290
16  53  24  39  -6  26   0 0.00    M    M  4.9 13 270   M    M   0        16 300
17  49  31  40  -6  25   0 0.00    M    M  7.5 14 340   M    M   2        20 330
18  53  32  43  -3  22   0 0.00    M    M  5.0 14 350   M    M   3        21 330
19  59  30  45  -1  20   0 0.00    M    M 10.0 20 180   M    M   4        29 180
20  51  41  46  -1  19   0    T    M    M 11.0 20 190   M    M   9        27 180
21  55  36  46  -1  19   0 0.00    M    M  9.8 20 330   M    M   3        27 310
================================================================================
SM  972  587       579   0  3.00    M    220.8          M      104
================================================================================
AV 46.3 28.0                              10.5 FASTST   M    M   5    MAX(MPH)
                                 MISC ---->  # 39 240               # 57  240
================================================================================
NOTES:
# LAST OF SEVERAL OCCURRENCES

COLUMN 17 PEAK WIND IN M.P.H.

PRELIMINARY LOCAL CLIMATOLOGICAL DATA (WS FORM: F-6) , PAGE 2

                                          STATION:  VICHY-ROLLA MO
                                          MONTH:    MARCH
                                          YEAR:     2019
                                          LATITUDE:   38  7 N
                                          LONGITUDE:  91 46 W

[TEMPERATURE DATA]      [PRECIPITATION DATA]       SYMBOLS USED IN COLUMN 16

AVERAGE MONTHLY: 37.1   TOTAL FOR MONTH:   3.00    1 = FOG OR MIST
DPTR FM NORMAL:  -6.5   DPTR FM NORMAL:    0.89    2 = FOG REDUCING VISIBILITY
HIGHEST:    66 ON  9    GRTST 24HR  1.38 ON  9- 9      TO 1/4 MILE OR LESS
LOWEST:      0 ON  4                               3 = THUNDER
                        SNOW, ICE PELLETS, HAIL    4 = ICE PELLETS
                        TOTAL MONTH:    M          5 = HAIL
                        GRTST 24HR    M  ON   M    6 = FREEZING RAIN OR DRIZZLE
                        GRTST DEPTH:  M  ON   M    7 = DUSTSTORM OR SANDSTORM:
                                                       VSBY 1/2 MILE OR LESS
                                                   8 = SMOKE OR HAZE
[NO. OF DAYS WITH]      [WEATHER - DAYS WITH]      9 = BLOWING SNOW
                                                   X = TORNADO
MAX 32 OR BELOW:   3    0.01 INCH OR MORE:   5
MAX 90 OR ABOVE:   0    0.10 INCH OR MORE:   4
MIN 32 OR BELOW:  14    0.50 INCH OR MORE:   2
MIN  0 OR BELOW:   1    1.00 INCH OR MORE:   2

[HDD (BASE 65) ]
TOTAL THIS MO.   579    CLEAR  (SCALE 0-3)   8
DPTR FM NORMAL   128    PTCLDY (SCALE 4-7)   8
TOTAL FM JUL 1  4437    CLOUDY (SCALE 8-10)  5
DPTR FM NORMAL   196

[CDD (BASE 65) ]
TOTAL THIS MO.     0
DPTR FM NORMAL     0    [PRESSURE DATA]
TOTAL FM JAN 1     0    HIGHEST SLP M ON M
DPTR FM NORMAL     0    LOWEST  SLP 29.36 ON  9

[REMARKS]
