000
CXUS52 KTAE 240800
CF6VLD
PRELIMINARY LOCAL CLIMATOLOGICAL DATA (WS FORM: F-6)

                                          STATION:   VALDOSTA
                                          MONTH:     MARCH
                                          YEAR:      2019
                                          LATITUDE:   30 46 N
                                          LONGITUDE:  83 17 W

  TEMPERATURE IN F:       :PCPN:    SNOW:  WIND      :SUNSHINE: SKY     :PK WND
================================================================================
1   2   3   4   5  6A  6B    7    8   9   10  11  12  13   14  15   16   17  18
                                     12Z  AVG MX 2MIN
DY MAX MIN AVG DEP HDD CDD  WTR  SNW DPTH SPD SPD DIR MIN PSBL S-S WX    SPD DR
================================================================================

 1  67  57  62   5   3   0 1.28  0.0    0  2.7 12 290   M    M   6 123    22 260
 2  75  59  67   9   0   2 0.13  0.0    0  3.9 18  20   M    M   7 123    28 360
 3  79  64  72  14   0   7 0.05  0.0    0  6.1 20 200   M    M   8 13     31 200
 4  65  40  53  -5  12   0 0.00  0.0    0  5.2 17 290   M    M   6        23 300
 5  55  38  47 -11  18   0 0.35  0.0    0  5.0 17 330   M    M   4 1      23 330
 6  54  30  42 -16  23   0 0.00  0.0    0  4.9 15 360   M    M   0        23 360
 7  64  31  48 -11  17   0 0.00  0.0    0  1.2  7 140   M    M   0        11 140
 8  76  40  58  -1   7   0 0.00  0.0    0  4.1 20 190   M    M   1        24 200
 9  80  46  63   4   2   0 0.00  0.0    0  3.7 14 170   M    M   1 1      17 180
10  86  55  71  12   0   6 0.00  0.0    0  3.5 15 180   M    M   4 1      20 180
11  79  60  70  11   0   5 0.30  0.0    0  2.4 14 360   M    M   9 123    18 360
12  76  56  66   6   0   1    T  0.0    0  7.6 15  10   M    M   3 1      19  50
13  78  54  66   6   0   1 0.00  0.0    0  7.9 17 150   M    M   0        23 170
14  82  58  70  10   0   5 0.00  0.0    0  5.5 18 180   M    M   4        24 170
15  85  58  72  12   0   7 0.32  0.0    0  5.7 15 180   M    M   3 1      20 200
16  63  50  57  -3   8   0    T  0.0    0  5.3 18 360   M    M   6 18     21  10
17  58  47  53  -7  12   0 0.04  0.0    0  5.2 14  10   M    M   7 1      17 360
18  66  39  53  -7  12   0 0.00  0.0    0  5.1 18 360   M    M   0 1      22  10
19  64  49  57  -4   8   0 0.00  0.0    0  8.5 16  20   M    M   1        21  50
20  66  40  53  -8  12   0 0.00  0.0    0  5.3 10  10   M    M   1         M  M
21  73  37  55  -6  10   0 0.00  0.0    0  3.0 13 290   M    M   0 18     27 300
22  72  38  55  -6  10   0 0.00  0.0    0  1.8  9 360   M    M   0 8      18 300
23  76  36  56  -5   9   0 0.00  0.0    0  2.7 13  40   M    M   0        16  50
================================================================================
SM 1639 1082       163  34  2.47     0.0 106.3          M       71
================================================================================
AV 71.3 47.0                               4.6 FASTST   M    M   3    MAX(MPH)
                                 MISC ---->  # 20 200               # 31  200
================================================================================
NOTES:
# LAST OF SEVERAL OCCURRENCES

COLUMN 17 PEAK WIND IN M.P.H.

PRELIMINARY LOCAL CLIMATOLOGICAL DATA (WS FORM: F-6) , PAGE 2

                                          STATION:  VALDOSTA
                                          MONTH:    MARCH
                                          YEAR:     2019
                                          LATITUDE:   30 46 N
                                          LONGITUDE:  83 17 W

[TEMPERATURE DATA]      [PRECIPITATION DATA]       SYMBOLS USED IN COLUMN 16

AVERAGE MONTHLY: 59.2   TOTAL FOR MONTH:   2.47    1 = FOG OR MIST
DPTR FM NORMAL:  -0.3   DPTR FM NORMAL:   -1.18    2 = FOG REDUCING VISIBILITY
HIGHEST:    86 ON 10    GRTST 24HR  1.28 ON  1- 1      TO 1/4 MILE OR LESS
LOWEST:     30 ON  6                               3 = THUNDER
                        SNOW, ICE PELLETS, HAIL    4 = ICE PELLETS
                        TOTAL MONTH:   0.0 INCH    5 = HAIL
                        GRTST 24HR     0.0         6 = FREEZING RAIN OR DRIZZLE
                        GRTST DEPTH:   0           7 = DUSTSTORM OR SANDSTORM:
                                                       VSBY 1/2 MILE OR LESS
                                                   8 = SMOKE OR HAZE
[NO. OF DAYS WITH]      [WEATHER - DAYS WITH]      9 = BLOWING SNOW
                                                   X = TORNADO
MAX 32 OR BELOW:   0    0.01 INCH OR MORE:   7
MAX 90 OR ABOVE:   0    0.10 INCH OR MORE:   5
MIN 32 OR BELOW:   2    0.50 INCH OR MORE:   1
MIN  0 OR BELOW:   0    1.00 INCH OR MORE:   1

[HDD (BASE 65) ]
TOTAL THIS MO.   163    CLEAR  (SCALE 0-3)  12
DPTR FM NORMAL    13    PTCLDY (SCALE 4-7)  10
TOTAL FM JUL 1  1298    CLOUDY (SCALE 8-10)  1
DPTR FM NORMAL  -232

[CDD (BASE 65) ]
TOTAL THIS MO.    34
DPTR FM NORMAL    11    [PRESSURE DATA]
TOTAL FM JAN 1    85    HIGHEST SLP M ON M
DPTR FM NORMAL    52    LOWEST  SLP 29.74 ON  3

[REMARKS]
