000
CXUS56 KLOX 261655
CF6VNY
PRELIMINARY LOCAL CLIMATOLOGICAL DATA (WS FORM: F-6)

                                          STATION:   VAN NUYS AIRPORT CA
                                          MONTH:     MARCH
                                          YEAR:      2019
                                          LATITUDE:   34 13 N
                                          LONGITUDE: 118 29 W

  TEMPERATURE IN F:       :PCPN:    SNOW:  WIND      :SUNSHINE: SKY     :PK WND
================================================================================
1   2   3   4   5  6A  6B    7    8   9   10  11  12  13   14  15   16   17  18
                                     12Z  AVG MX 2MIN
DY MAX MIN AVG DEP HDD CDD  WTR  SNW DPTH SPD SPD DIR MIN PSBL S-S WX    SPD DR
================================================================================

 1  68  55  62   4   3   0 0.00  0.0    0  2.4  8 110   M    M   8 18     11 280
 2  65  56  61   3   4   0 0.69  0.0    0  7.4 17 130   M    M   9 18     22 130
 3  64  53  59   1   6   0 0.03  0.0    0  4.7 15 180   M    M   9 12     18 170
 4  66  50  58   0   7   0 0.00  0.0    0  3.2 15 160   M    M   6        19 160
 5  71  50  61   3   4   0 0.06  0.0    0  3.3 16 300   M    M   6 3      22 290
 6  61  55  58   0   7   0 0.94  0.0    0  6.4 21 120   M    M   8 138    26 120
 7  63  49  56  -2   9   0 0.03    M    0  4.2 15 170   M    M   6 1      20 180
 8  61  48  55  -3  10   0 0.00  0.0    0  4.3 13 250   M    M   4        18 240
 9  62  46  54  -4  11   0 0.00  0.0    0  4.0 13 170   M    M   6        18 170
10  63  46  55  -3  10   0 0.03    M    0  3.5 16  40   M    M   6        19  40
11  65  45  55  -3  10   0 0.00  0.0    0  8.4 25  40   M    M   7 18     33  30
12  74  55  65   6   0   0 0.00  0.0    0  8.0 17 350   M    M   3        23  30
13  69  53  61   2   4   0 0.00  0.0    0 16.1 33  10   M    M   0        43  10
14  73  55  64   5   1   0 0.00  0.0    0 15.0 24  20   M    M   0        32  10
15  73  53  63   4   2   0 0.00  0.0    0 13.7 28  30   M    M   0        36  20
16  78  51  65   6   0   0 0.00  0.0    0 10.9 26  10   M    M   0        36  20
17  82  51  67   8   0   2 0.00  0.0    0  4.0 13 300   M    M   0        19 300
18  80  52  66   7   0   1 0.00  0.0    0  3.4 13 150   M    M   0        17 150
19  69  53  61   2   4   0 0.00  0.0    0  6.3 16 170   M    M   2        19 180
20  63  51  57  -2   8   0 0.03  0.0    0  4.2 20 360   M    M   8 3      23 350
21  60  48  54  -5  11   0 0.01    M    0  2.8 13 200   M    M   6        17 220
22  68  44  56  -3   9   0 0.00  0.0    0  2.7 13 160   M    M   0        19 160
23  64  51  58  -1   7   0 0.00  0.0    0  3.3 12 180   M    M   7 8      13 180
24  72  45  59   0   6   0 0.00  0.0    0  2.1 12 170   M    M   2 12     14 150
25  77  49  63   4   2   0 0.00    M    0  3.3 14 180   M    M   0        17 170
================================================================================
SM 1711 1264       135   3  1.82     0.0 147.6          M      103
================================================================================
AV 68.4 50.6                               5.9 FASTST   M    M   4    MAX(MPH)
                                 MISC ---->  # 33  10               # 43   10
================================================================================
NOTES:
# LAST OF SEVERAL OCCURRENCES

COLUMN 17 PEAK WIND IN M.P.H.

PRELIMINARY LOCAL CLIMATOLOGICAL DATA (WS FORM: F-6) , PAGE 2

                                          STATION:  VAN NUYS AIRPORT CA
                                          MONTH:    MARCH
                                          YEAR:     2019
                                          LATITUDE:   34 13 N
                                          LONGITUDE: 118 29 W

[TEMPERATURE DATA]      [PRECIPITATION DATA]       SYMBOLS USED IN COLUMN 16

AVERAGE MONTHLY: 59.5   TOTAL FOR MONTH:   1.82    1 = FOG OR MIST
DPTR FM NORMAL:   0.9   DPTR FM NORMAL:   -0.47    2 = FOG REDUCING VISIBILITY
HIGHEST:    82 ON 17    GRTST 24HR  0.94 ON  6- 6      TO 1/4 MILE OR LESS
LOWEST:     44 ON 22                               3 = THUNDER
                        SNOW, ICE PELLETS, HAIL    4 = ICE PELLETS
                        TOTAL MONTH:   0.0 INCH    5 = HAIL
                        GRTST 24HR     0.0         6 = FREEZING RAIN OR DRIZZLE
                        GRTST DEPTH:   0           7 = DUSTSTORM OR SANDSTORM:
                                                       VSBY 1/2 MILE OR LESS
                                                   8 = SMOKE OR HAZE
[NO. OF DAYS WITH]      [WEATHER - DAYS WITH]      9 = BLOWING SNOW
                                                   X = TORNADO
MAX 32 OR BELOW:   0    0.01 INCH OR MORE:   8
MAX 90 OR ABOVE:   0    0.10 INCH OR MORE:   2
MIN 32 OR BELOW:   0    0.50 INCH OR MORE:   2
MIN  0 OR BELOW:   0    1.00 INCH OR MORE:   0

[HDD (BASE 65) ]
TOTAL THIS MO.   135    CLEAR  (SCALE 0-3)  11
DPTR FM NORMAL   -36    PTCLDY (SCALE 4-7)  11
TOTAL FM JUL 1   893    CLOUDY (SCALE 8-10)  3
DPTR FM NORMAL  -372

[CDD (BASE 65) ]
TOTAL THIS MO.     3
DPTR FM NORMAL    -4    [PRESSURE DATA]
TOTAL FM JAN 1     9    HIGHEST SLP M ON M
DPTR FM NORMAL    -9    LOWEST  SLP 29.66 ON 12

[REMARKS]
