000
CXUS52 KMLB 240709
CF6VRB
PRELIMINARY LOCAL CLIMATOLOGICAL DATA (WS FORM: F-6)

                                          STATION:   VERO BEACH
                                          MONTH:     MARCH
                                          YEAR:      2019
                                          LATITUDE:   27 39 N
                                          LONGITUDE:  80 25 W

  TEMPERATURE IN F:       :PCPN:    SNOW:  WIND      :SUNSHINE: SKY     :PK WND
================================================================================
1   2   3   4   5  6A  6B    7    8   9   10  11  12  13   14  15   16   17  18
                                     12Z  AVG MX 2MIN
DY MAX MIN AVG DEP HDD CDD  WTR  SNW DPTH SPD SPD DIR MIN PSBL S-S WX    SPD DR
================================================================================

 1  83  56  70   4   0   5 0.00  0.0    0  5.9 17 140   M    M   0 1      21 120
 2  85  59  72   6   0   7 0.00  0.0    0  6.9 16 120   M    M   2 123    20 120
 3  86  68  77  11   0  12    T  0.0    0  9.3 20 180   M    M   2        26 170
 4  88  67  78  12   0  13 0.01  0.0    0 10.5 30 290   M    M   6 1      38 290
 5  74  53  64  -2   1   0 0.00  0.0    0 10.0 22 320   M    M   7 18     26 310
 6  62  45  54 -12  11   0 0.00  0.0    0 12.8 22 350   M    M   0        31  30
 7  72  44  58  -8   7   0 0.00  0.0    0  6.7 15  90   M    M   1        20 100
 8  77  49  63  -4   2   0 0.00  0.0    0  3.3 13 120   M    M   1        18  70
 9  82  58  70   3   0   5 0.00  0.0    0  8.6 18 130   M    M   3 1      24 120
10  85  65  75   8   0  10 0.00  0.0    0 11.6 24 130   M    M   5        29 130
11  85  62  74   7   0   9 0.00  0.0    0  5.9 16 150   M    M   2 12     19 150
12  78  64  71   4   0   6    T  0.0    0  9.0 18 360   M    M   6        23 360
13  79  69  74   7   0   9    T  0.0    0 11.9 21 100   M    M   3        26  90
14  80  69  75   8   0  10 0.00  0.0    0 11.4 20 120   M    M   2        25 110
15  82  59  71   4   0   6 0.00  0.0    0  8.6 20 140   M    M   3 12     24 130
16  78  65  72   5   0   7 0.13  0.0    0  5.8 12  10   M    M  10 18     15  20
17  78  62  70   2   0   5 0.00  0.0    0 10.7 22 350   M    M   6        28 360
18  74  62  68   0   0   3 0.02  0.0    0 13.1 24 350   M    M   9        30 360
19  67  62  65  -3   0   0 0.99  0.0    0  9.3 20  60   M    M  10 1      25  70
20  76  61  69   1   0   4 0.18  0.0    0 13.6 24 360   M    M   7 18     31 360
21  76  56  66  -2   0   1 0.00  0.0    0  7.3 15 320   M    M   4        21 340
22  77  50  64  -4   1   0 0.00  0.0    0  8.0 15 300   M    M   0        22 360
23  76  45  61  -7   4   0 0.00  0.0    0  5.0 13  40   M    M   0        16  90
================================================================================
SM 1800 1350        26 112  1.33     0.0 205.2          M       89
================================================================================
AV 78.3 58.7                               8.9 FASTST   M    M   4    MAX(MPH)
                                 MISC ---->  # 30 290               # 38  290
================================================================================
NOTES:
# LAST OF SEVERAL OCCURRENCES

COLUMN 17 PEAK WIND IN M.P.H.

PRELIMINARY LOCAL CLIMATOLOGICAL DATA (WS FORM: F-6) , PAGE 2

                                          STATION:  VERO BEACH
                                          MONTH:    MARCH
                                          YEAR:     2019
                                          LATITUDE:   27 39 N
                                          LONGITUDE:  80 25 W

[TEMPERATURE DATA]      [PRECIPITATION DATA]       SYMBOLS USED IN COLUMN 16

AVERAGE MONTHLY: 68.5   TOTAL FOR MONTH:   1.33    1 = FOG OR MIST
DPTR FM NORMAL:   1.5   DPTR FM NORMAL:   -1.71    2 = FOG REDUCING VISIBILITY
HIGHEST:    88 ON  4    GRTST 24HR  0.99 ON 19-19      TO 1/4 MILE OR LESS
LOWEST:     44 ON  7                               3 = THUNDER
                        SNOW, ICE PELLETS, HAIL    4 = ICE PELLETS
                        TOTAL MONTH:   0.0 INCH    5 = HAIL
                        GRTST 24HR     0.0         6 = FREEZING RAIN OR DRIZZLE
                        GRTST DEPTH:   0           7 = DUSTSTORM OR SANDSTORM:
                                                       VSBY 1/2 MILE OR LESS
                                                   8 = SMOKE OR HAZE
[NO. OF DAYS WITH]      [WEATHER - DAYS WITH]      9 = BLOWING SNOW
                                                   X = TORNADO
MAX 32 OR BELOW:   0    0.01 INCH OR MORE:   5
MAX 90 OR ABOVE:   0    0.10 INCH OR MORE:   3
MIN 32 OR BELOW:   0    0.50 INCH OR MORE:   1
MIN  0 OR BELOW:   0    1.00 INCH OR MORE:   0

[HDD (BASE 65) ]
TOTAL THIS MO.    26    CLEAR  (SCALE 0-3)  11
DPTR FM NORMAL   -21    PTCLDY (SCALE 4-7)   9
TOTAL FM JUL 1   287    CLOUDY (SCALE 8-10)  3
DPTR FM NORMAL  -145

[CDD (BASE 65) ]
TOTAL THIS MO.   112
DPTR FM NORMAL    20    [PRESSURE DATA]
TOTAL FM JAN 1   331    HIGHEST SLP M ON M
DPTR FM NORMAL   100    LOWEST  SLP 29.84 ON  3

[REMARKS]
