000
CXUS51 KBTV 260700
CF6VSF
PRELIMINARY LOCAL CLIMATOLOGICAL DATA (WS FORM: F-6)

                                          STATION:   SPRINGFIELD VT
                                          MONTH:     MARCH
                                          YEAR:      2019
                                          LATITUDE:   43 19 N
                                          LONGITUDE:  72 31 W

  TEMPERATURE IN F:       :PCPN:    SNOW:  WIND      :SUNSHINE: SKY     :PK WND
================================================================================
1   2   3   4   5  6A  6B    7    8   9   10  11  12  13   14  15   16   17  18
                                     12Z  AVG MX 2MIN
DY MAX MIN AVG DEP HDD CDD  WTR  SNW DPTH SPD SPD DIR MIN PSBL S-S WX    SPD DR
================================================================================

 1  34   1  18  -9  47   0 0.00  0.0    0  1.3  9 170   M    M   0        11 160
 2  34  16  25  -2  40   0    T    M    0  0.5  7 250   M    M   8 1       8 130
 3  34  24  29   2  36   0 0.11    M    0  2.2 12 310   M    M   9 1      19 320
 4  34  16  25  -3  40   0 0.12    M    0  5.0 20 280   M    M   8 18     25 280
 5  23   4  14 -14  51   0    T    M    0  3.7 14 270   M    M   4 1      19 230
 6  20  -5   8 -20  57   0    T    M    0  6.9 21 260   M    M   3 8      30 280
 7  22  -9   7 -22  58   0    T    M    0  4.5 17 270   M    M   4        28 330
 8  34  -2  16 -13  49   0 0.00  0.0    0  3.2 13 220   M    M   1        19 190
 9  42   3  23  -6  42   0 0.00  0.0    0  1.7 12 120   M    M   0        15  50
10  32  18  25  -5  40   0 0.43    M    0  2.9 13 140   M    M   8 126    17 140
11  41  31  36   6  29   0    T    M    0 10.7 22 270   M    M  10 1      33 250
12  38  22  30   0  35   0 0.05    M    0  7.0 20 270   M    M   5 8      29 270
13  41  13  27  -3  38   0    T    M    0  1.2  8 110   M    M   4 1      11 140
14  50  32  41  10  24   0 0.00  0.0    0  3.1 13 150   M    M   7        17 150
15  59  35  47  16  18   0 0.06    M    0  2.7 12 130   M    M   7 123    17 300
16  46  31  39   8  26   0 0.00  0.0    0 11.9 28 260   M    M   9        43 270
17  34  23  29  -3  36   0    T    M    0  7.9 18 270   M    M   8        28 290
18  36  19  28  -4  37   0    T    M    0  5.3 18 280   M    M   4        27 280
19  38  20  29  -3  36   0 0.00  0.0    0  3.0 16 280   M    M   4        22 270
20  49  14  32  -1  33   0 0.00  0.0    0  2.2 10 160   M    M   1         M  M
21  43  25  34   1  31   0 0.01    M    0  2.3 15 190   M    M   7 1      22 170
22  37  32  35   1  30   0 0.50    M    0  6.9 21 280   M    M  10 1      31 300
23  37  27  32  -2  33   0 0.01    M    0 11.8 24 290   M    M   5 1      39 280
24  50  23  37   3  28   0 0.00  0.0    0  7.1 17 250   M    M   1        25 260
25  43  21  32  -3  33   0 0.00  0.0    0  6.4 18 260   M    M   2        24 280
================================================================================
SM  951  434       927   0  1.29     0.0 121.4          M      129
================================================================================
AV 38.0 17.4                               4.9 FASTST   M    M   5    MAX(MPH)
                                 MISC ---->  # 28 260               # 43  270
================================================================================
NOTES:
# LAST OF SEVERAL OCCURRENCES

COLUMN 17 PEAK WIND IN M.P.H.

PRELIMINARY LOCAL CLIMATOLOGICAL DATA (WS FORM: F-6) , PAGE 2

                                          STATION:  SPRINGFIELD VT
                                          MONTH:    MARCH
                                          YEAR:     2019
                                          LATITUDE:   43 19 N
                                          LONGITUDE:  72 31 W

[TEMPERATURE DATA]      [PRECIPITATION DATA]       SYMBOLS USED IN COLUMN 16

AVERAGE MONTHLY: 27.7   TOTAL FOR MONTH:   1.29    1 = FOG OR MIST
DPTR FM NORMAL:  -2.9   DPTR FM NORMAL:   -1.19    2 = FOG REDUCING VISIBILITY
HIGHEST:    59 ON 15    GRTST 24HR  0.50 ON 22-22      TO 1/4 MILE OR LESS
LOWEST:     -9 ON  7                               3 = THUNDER
                        SNOW, ICE PELLETS, HAIL    4 = ICE PELLETS
                        TOTAL MONTH:   0.0 INCH    5 = HAIL
                        GRTST 24HR     0.0         6 = FREEZING RAIN OR DRIZZLE
                        GRTST DEPTH:   0           7 = DUSTSTORM OR SANDSTORM:
                                                       VSBY 1/2 MILE OR LESS
                                                   8 = SMOKE OR HAZE
[NO. OF DAYS WITH]      [WEATHER - DAYS WITH]      9 = BLOWING SNOW
                                                   X = TORNADO
MAX 32 OR BELOW:   4    0.01 INCH OR MORE:   8
MAX 90 OR ABOVE:   0    0.10 INCH OR MORE:   4
MIN 32 OR BELOW:  24    0.50 INCH OR MORE:   1
MIN  0 OR BELOW:   3    1.00 INCH OR MORE:   0

[HDD (BASE 65) ]
TOTAL THIS MO.   927    CLEAR  (SCALE 0-3)   6
DPTR FM NORMAL    65    PTCLDY (SCALE 4-7)  13
TOTAL FM JUL 1  6390    CLOUDY (SCALE 8-10)  6
DPTR FM NORMAL    83

[CDD (BASE 65) ]
TOTAL THIS MO.     0
DPTR FM NORMAL     0    [PRESSURE DATA]
TOTAL FM JAN 1     0    HIGHEST SLP M ON M
DPTR FM NORMAL     0    LOWEST  SLP 29.16 ON 22

[REMARKS]
