000
CXUS51 KILN 221205
CF6VTA
PRELIMINARY LOCAL CLIMATOLOGICAL DATA (WS FORM: F-6)

                                          STATION:   NEWARK
                                          MONTH:     MAY
                                          YEAR:      2019
                                          LATITUDE:   40  1 N
                                          LONGITUDE:  82 28 W

  TEMPERATURE IN F:       :PCPN:    SNOW:  WIND      :SUNSHINE: SKY     :PK WND
================================================================================
1   2   3   4   5  6A  6B    7    8   9   10  11  12  13   14  15   16   17  18
                                     12Z  AVG MX 2MIN
DY MAX MIN AVG DEP HDD CDD  WTR  SNW DPTH SPD SPD DIR MIN PSBL S-S WX    SPD DR
================================================================================

 1  83  47  65   9   0   0    T    M    M  7.6 31 290   M    M   4 12     40 290
 2  79  58  69  12   0   4 0.21    M    M  3.5 14 290   M    M   6 12     17 290
 3  71  58  65   8   0   0 0.27    M    M  1.7  8 350   M    M   8 1      11 330
 4  59  54  57   0   8   0 0.31    M    M  3.6  9  20   M    M  10 1      14  10
 5  67  44  56  -2   9   0 0.00    M    M  4.7 12 310   M    M   6 1      15 360
 6  75  40  58   0   7   0 0.00    M    M  2.9 13 200   M    M   0 1      15 220
 7  79  47  63   5   2   0 0.00    M    M  4.1 14  10   M    M   3 1      20  30
 8  81  51  66   8   0   1 0.00    M    M  5.5 13  70   M    M   1        18  80
 9  78  57  68   9   0   3 0.21    M    M 10.2 29 230   M    M   4 1      40 240
10  66  49  58  -1   7   0 0.31    M    M  7.3 14 280   M    M   8 1      19 260
11  69  44  57  -2   8   0 0.01    M    M  6.7 17  80   M    M   3        21  70
12  58  47  53  -7  12   0 0.15    M    M  4.0 10  20   M    M   9 1      16 360
13  59  44  52  -8  13   0 0.05    M    M  8.0 17 310   M    M  10 1      22 320
14  66  44  55  -5  10   0 0.00    M    M  5.8 16 330   M    M   3        25 330
15  71  40  56  -5   9   0 0.00    M    M  3.9 15 240   M    M   2 1      20 260
16  77  50  64   3   1   0    T    M    M  5.6 15 240   M    M   2 1      23 200
17  82  62  72  11   0   7 0.46    M    M  6.8 17 270   M    M   5 13     23 260
18  85  60  73  12   0   8 0.00    M    M  4.8 21 270   M    M   3 138    27 270
19  85  61  73  11   0   8 0.05    M    M 10.4 31 230   M    M   3 1      41 220
20  71  51  61  -1   4   0 0.01    M    M  9.9 22 250   M    M   6        29 250
21  66  45  56  -6   9   0 0.00    M    M  7.3 16  80   M    M   4        22  60
================================================================================
SM 1527 1053        99  31  2.04    M    124.3          M      100
================================================================================
AV 72.7 50.1                               5.9 FASTST   M    M   5    MAX(MPH)
                                 MISC ---->  # 31 290               # 41  220
================================================================================
NOTES:
# LAST OF SEVERAL OCCURRENCES

COLUMN 17 PEAK WIND IN M.P.H.

PRELIMINARY LOCAL CLIMATOLOGICAL DATA (WS FORM: F-6) , PAGE 2

                                          STATION:  NEWARK
                                          MONTH:    MAY
                                          YEAR:     2019
                                          LATITUDE:   40  1 N
                                          LONGITUDE:  82 28 W

[TEMPERATURE DATA]      [PRECIPITATION DATA]       SYMBOLS USED IN COLUMN 16

AVERAGE MONTHLY: 61.4   TOTAL FOR MONTH:   2.04    1 = FOG OR MIST
DPTR FM NORMAL:   2.1   DPTR FM NORMAL:   -0.80    2 = FOG REDUCING VISIBILITY
HIGHEST:    85 ON 19,18 GRTST 24HR  0.46 ON 17-17      TO 1/4 MILE OR LESS
LOWEST:     40 ON 15, 6                            3 = THUNDER
                        SNOW, ICE PELLETS, HAIL    4 = ICE PELLETS
                        TOTAL MONTH:    M          5 = HAIL
                        GRTST 24HR    M  ON   M    6 = FREEZING RAIN OR DRIZZLE
                        GRTST DEPTH:  M  ON   M    7 = DUSTSTORM OR SANDSTORM:
                                                       VSBY 1/2 MILE OR LESS
                                                   8 = SMOKE OR HAZE
[NO. OF DAYS WITH]      [WEATHER - DAYS WITH]      9 = BLOWING SNOW
                                                   X = TORNADO
MAX 32 OR BELOW:   0    0.01 INCH OR MORE:  11
MAX 90 OR ABOVE:   0    0.10 INCH OR MORE:   7
MIN 32 OR BELOW:   0    0.50 INCH OR MORE:   0
MIN  0 OR BELOW:   0    1.00 INCH OR MORE:   0

[HDD (BASE 65) ]
TOTAL THIS MO.    99    CLEAR  (SCALE 0-3)   8
DPTR FM NORMAL   -20    PTCLDY (SCALE 4-7)   9
TOTAL FM JUL 1  5197    CLOUDY (SCALE 8-10)  4
DPTR FM NORMAL  -424

[CDD (BASE 65) ]
TOTAL THIS MO.    31
DPTR FM NORMAL    31    [PRESSURE DATA]
TOTAL FM JAN 1    32    HIGHEST SLP M ON M
DPTR FM NORMAL    32    LOWEST  SLP 29.71 ON M

[REMARKS]
