000
CXUS51 KILN 251359
CF6VTA
PRELIMINARY LOCAL CLIMATOLOGICAL DATA (WS FORM: F-6)

                                          STATION:   NEWARK
                                          MONTH:     MARCH
                                          YEAR:      2019
                                          LATITUDE:   40  1 N
                                          LONGITUDE:  82 28 W

  TEMPERATURE IN F:       :PCPN:    SNOW:  WIND      :SUNSHINE: SKY     :PK WND
================================================================================
1   2   3   4   5  6A  6B    7    8   9   10  11  12  13   14  15   16   17  18
                                     12Z  AVG MX 2MIN
DY MAX MIN AVG DEP HDD CDD  WTR  SNW DPTH SPD SPD DIR MIN PSBL S-S WX    SPD DR
================================================================================

 1  44  29  37   2  28   0 0.00    M    M  5.2 12  70   M    M   7        15  80
 2  42  26  34  -1  31   0 0.00    M    M  3.8 13 300   M    M   7 18     16 300
 3  36  25  31  -4  34   0 0.13    M    M  5.6 13 360   M    M  10 128    18  20
 4  28  10  19 -17  46   0    T    M    M 11.1 21 250   M    M   6        25 250
 5  21   8  15 -21  50   0    T    M    M 11.4 22 260   M    M   5        28 240
 6  24  11  18 -18  47   0 0.00    M    M  9.9 18 230   M    M   6        23 240
 7  34  19  27  -9  38   0 0.00    M    M  4.6 10 210   M    M   3        16 290
 8  41  25  33  -4  32   0 0.00    M    M  1.2  8  80   M    M   5 1      12 100
 9  53  24  39   2  26   0 1.44    M    M  7.8 22 160   M    M   7 1      28 150
10  59  39  49  12  16   0 0.00    M    M 16.7 32 240   M    M   6        41 250
11  50  34  42   4  23   0 0.00    M    M  8.1 18 290   M    M   2        24 300
12  49  26  38   0  27   0 0.00    M    M  3.0 10 270   M    M   0 8      20 280
13  65  29  47   9  18   0    T    M    M  3.3 10 160   M    M   4        13 140
14  78  50  64  25   1   0 0.75    M    M 10.8 47 260   M    M   5 13     65 250
15  56  37  47   8  18   0    T    M    M 16.1 26 270   M    M   7        34 250
16  44  29  37  -2  28   0 0.00    M    M  8.4 21 260   M    M   6        25 260
17  43  23  33  -7  32   0 0.05    M    M  2.4 14 250   M    M   5 1      17 250
18  44  26  35  -5  30   0 0.00    M    M  3.9 13 290   M    M   5 1      20 260
19  49  22  36  -4  29   0 0.00    M    M  1.7 10 260   M    M   3        14 200
20  57  25  41   0  24   0    T    M    M  3.8 12 230   M    M   4        17 210
21  54  43  49   8  16   0 0.03    M    M  6.2 22 320   M    M  10 18     30 320
22  45  36  41  -1  24   0 0.04    M    M 12.2 25 320   M    M   9 1      35 310
23  53  26  40  -2  25   0 0.00    M    M  4.2 14 270   M    M   0        19 300
24  61  26  44   2  21   0 0.04    M    M  3.8 22 230   M    M   4 1      27 230
================================================================================
SM 1130  648       664   0  2.48    M    165.2          M      126
================================================================================
AV 47.1 27.0                               6.9 FASTST   M    M   5    MAX(MPH)
                                 MISC ---->  # 47 260               # 65  250
================================================================================
NOTES:
# LAST OF SEVERAL OCCURRENCES

COLUMN 17 PEAK WIND IN M.P.H.

PRELIMINARY LOCAL CLIMATOLOGICAL DATA (WS FORM: F-6) , PAGE 2

                                          STATION:  NEWARK
                                          MONTH:    MARCH
                                          YEAR:     2019
                                          LATITUDE:   40  1 N
                                          LONGITUDE:  82 28 W

[TEMPERATURE DATA]      [PRECIPITATION DATA]       SYMBOLS USED IN COLUMN 16

AVERAGE MONTHLY: 37.0   TOTAL FOR MONTH:   2.48    1 = FOG OR MIST
DPTR FM NORMAL:  -1.3   DPTR FM NORMAL:    0.20    2 = FOG REDUCING VISIBILITY
HIGHEST:    78 ON 14    GRTST 24HR  1.44 ON  9- 9      TO 1/4 MILE OR LESS
LOWEST:      8 ON  5                               3 = THUNDER
                        SNOW, ICE PELLETS, HAIL    4 = ICE PELLETS
                        TOTAL MONTH:    M          5 = HAIL
                        GRTST 24HR    M  ON   M    6 = FREEZING RAIN OR DRIZZLE
                        GRTST DEPTH:  M  ON   M    7 = DUSTSTORM OR SANDSTORM:
                                                       VSBY 1/2 MILE OR LESS
                                                   8 = SMOKE OR HAZE
[NO. OF DAYS WITH]      [WEATHER - DAYS WITH]      9 = BLOWING SNOW
                                                   X = TORNADO
MAX 32 OR BELOW:   3    0.01 INCH OR MORE:   7
MAX 90 OR ABOVE:   0    0.10 INCH OR MORE:   3
MIN 32 OR BELOW:  18    0.50 INCH OR MORE:   2
MIN  0 OR BELOW:   0    1.00 INCH OR MORE:   1

[HDD (BASE 65) ]
TOTAL THIS MO.   664    CLEAR  (SCALE 0-3)   5
DPTR FM NORMAL    23    PTCLDY (SCALE 4-7)  16
TOTAL FM JUL 1  4648    CLOUDY (SCALE 8-10)  3
DPTR FM NORMAL  -280

[CDD (BASE 65) ]
TOTAL THIS MO.     0
DPTR FM NORMAL     0    [PRESSURE DATA]
TOTAL FM JAN 1     0    HIGHEST SLP M ON M
DPTR FM NORMAL     0    LOWEST  SLP 29.57 ON 14

[REMARKS]
