000
CXUS55 KLBF 191200
CF6VTN
PRELIMINARY LOCAL CLIMATOLOGICAL DATA (WS FORM: F-6)

                                          STATION:   VALENTINE
                                          MONTH:     MARCH
                                          YEAR:      2019
                                          LATITUDE:   42 52 N
                                          LONGITUDE: 100 33 W

  TEMPERATURE IN F:       :PCPN:    SNOW:  WIND      :SUNSHINE: SKY     :PK WND
================================================================================
1   2   3   4   5  6A  6B    7    8   9   10  11  12  13   14  15   16   17  18
                                     12Z  AVG MX 2MIN
DY MAX MIN AVG DEP HDD CDD  WTR  SNW DPTH SPD SPD DIR MIN PSBL S-S WX    SPD DR
================================================================================

 1  26  16  21 -10  44   0    T    T    9 11.8 25 330   M    M   9 18     32 330
 2  16  -7   5 -27  60   0 0.02  0.4    9 10.1 21  30   M    M   8 18     26  40
 3   4 -17  -6 -38  71   0 0.00  0.0    9 10.6 24 320   M    M   1 8      33 310
 4  16 -16   0 -32  65   0 0.00  0.0    9 13.6 23 290   M    M   0        32 300
 5  24  -3  11 -22  54   0 0.00  0.0    8  9.4 24 320   M    M   2        36 310
 6  25  -7   9 -24  56   0    T    T    8  6.9 17  50   M    M   6 1      20  40
 7  24  12  18 -15  47   0 0.22  2.7   10  9.4 16  80   M    M  10 18     20  80
 8  33  11  22 -12  43   0    T    T   11  7.9 17 140   M    M   5 1268   21 110
 9  31  22  27  -7  38   0 0.02  0.2    8 15.6 35 320   M    M   8 18     50 320
10  38   4  21 -13  44   0    T    T    8  6.4 13 180   M    M   4        15 180
11  41  10  26  -9  39   0 0.00  0.0    6  6.0 20 190   M    M   3 128    28 180
12  53  35  44   9  21   0 0.00  0.0    4  9.1 28 200   M    M   4 128    37 210
13  38  29  34  -1  31   0 1.35  4.0    T 21.3 38 340   M    M  10 126    56 360
14  35  29  32  -4  33   0 0.10  1.1    5 27.6 43 330   M    M   5 128    68 330
15  40  17  29  -7  36   0 0.00  0.0    5  8.6 16 310   M    M   0        26 320
16  41  20  31  -5  34   0 0.00  0.0    1  9.2 17 310   M    M   0        23 320
17  44  20  32  -5  33   0 0.00  0.0    1  7.2 14 350   M    M   0        20  10
18  49  19  34  -3  31   0 0.00  0.0    1  6.9 17 230   M    M   3 18     27 230
================================================================================
SM  578  194       780   0  1.71     8.4 197.6          M       78
================================================================================
AV 32.1 10.8                              11.0 FASTST   M    M   4    MAX(MPH)
                                 MISC ---->  # 43 330               # 68  330
================================================================================
NOTES:
# LAST OF SEVERAL OCCURRENCES

COLUMN 17 PEAK WIND IN M.P.H.

PRELIMINARY LOCAL CLIMATOLOGICAL DATA (WS FORM: F-6) , PAGE 2

                                          STATION:  VALENTINE
                                          MONTH:    MARCH
                                          YEAR:     2019
                                          LATITUDE:   42 52 N
                                          LONGITUDE: 100 33 W

[TEMPERATURE DATA]      [PRECIPITATION DATA]       SYMBOLS USED IN COLUMN 16

AVERAGE MONTHLY: 21.4   TOTAL FOR MONTH:   1.71    1 = FOG OR MIST
DPTR FM NORMAL: -12.7   DPTR FM NORMAL:    1.18    2 = FOG REDUCING VISIBILITY
HIGHEST:    53 ON 12    GRTST 24HR  1.35 ON 13-13      TO 1/4 MILE OR LESS
LOWEST:    -17 ON  3                               3 = THUNDER
                        SNOW, ICE PELLETS, HAIL    4 = ICE PELLETS
                        TOTAL MONTH:   8.4 INCHES  5 = HAIL
                        GRTST 24HR   4.0 ON 13-13  6 = FREEZING RAIN OR DRIZZLE
                        GRTST DEPTH:  11 ON  8     7 = DUSTSTORM OR SANDSTORM:
                                                       VSBY 1/2 MILE OR LESS
                                                   8 = SMOKE OR HAZE
[NO. OF DAYS WITH]      [WEATHER - DAYS WITH]      9 = BLOWING SNOW
                                                   X = TORNADO
MAX 32 OR BELOW:   8    0.01 INCH OR MORE:   5
MAX 90 OR ABOVE:   0    0.10 INCH OR MORE:   3
MIN 32 OR BELOW:  17    0.50 INCH OR MORE:   1
MIN  0 OR BELOW:   5    1.00 INCH OR MORE:   1

[HDD (BASE 65) ]
TOTAL THIS MO.   780    CLEAR  (SCALE 0-3)   7
DPTR FM NORMAL   225    PTCLDY (SCALE 4-7)   6
TOTAL FM JUL 1  6111    CLOUDY (SCALE 8-10)  5
DPTR FM NORMAL   320

[CDD (BASE 65) ]
TOTAL THIS MO.     0
DPTR FM NORMAL     0    [PRESSURE DATA]
TOTAL FM JAN 1     0    HIGHEST SLP M ON M
DPTR FM NORMAL     0    LOWEST  SLP 28.99 ON 13

[REMARKS]
