000
CXUS56 KPQR 191200
CF6VUO
PRELIMINARY LOCAL CLIMATOLOGICAL DATA (WS FORM: F-6)

                                          STATION:   VANCOUVER WA
                                          MONTH:     MARCH
                                          YEAR:      2019
                                          LATITUDE:   45 37 N
                                          LONGITUDE: 122 39 W

  TEMPERATURE IN F:       :PCPN:    SNOW:  WIND      :SUNSHINE: SKY     :PK WND
================================================================================
1   2   3   4   5  6A  6B    7    8   9   10  11  12  13   14  15   16   17  18
                                     12Z  AVG MX 2MIN
DY MAX MIN AVG DEP HDD CDD  WTR  SNW DPTH SPD SPD DIR MIN PSBL S-S WX    SPD DR
================================================================================

 1  48  32  40  -5  25   0 0.02    M    M  5.0 12 120   M    M   4        15 120
 2  49  24  37  -9  28   0 0.00    M    M  8.4 22 100   M    M   0 1      31  90
 3  41  29  35 -11  30   0 0.00    M    M 13.6 25  90   M    M   0        37  80
 4  43  25  34 -12  31   0 0.00    M    M 11.1 21  90   M    M   0        31  70
 5  44  20  32 -14  33   0 0.00    M    M  5.2 14 130   M    M   2        19 120
 6  37  29  33 -13  32   0 0.14    M    M  2.6 10 110   M    M   9 1      13 120
 7  46  34  40  -6  25   0 0.02    M    M  4.5 14 200   M    M   8 1      19 210
 8  43  28  36 -11  29   0 0.09    M    M  2.7 10 190   M    M   9 1      14 170
 9  50  32  41  -6  24   0 0.00    M    M  4.4 15  80   M    M   6 12     19  80
10  51  24  38  -9  27   0 0.00    M    M  5.3 17 100   M    M   0        22  90
11  56  24  40  -7  25   0 0.26    M    M  4.5 14 210   M    M   3 1      18 200
12  49  38  44  -3  21   0 0.39    M    M  5.5 20 290   M    M   7 1      26 290
13  53  37  45  -3  20   0 0.01    M    M  2.3  9 290   M    M   5        12 300
14  57  36  47  -1  18   0 0.00    M    M  3.2 12 120   M    M   4        16 120
15  62  33  48   0  17   0 0.00    M    M  2.5 10 120   M    M   1        14 120
16  60  33  47  -1  18   0 0.00    M    M  2.8 10 110   M    M   0        13 120
17  71  31  51   3  14   0 0.00    M    M  4.5 21  80   M    M   0        29  80
18  69  35  52   4  13   0 0.00  0.0    0  9.3 26  90   M    M   0        38  90
================================================================================
SM  929  544       430   0  0.93     0.0  97.4          M       58
================================================================================
AV 51.6 30.2                               5.4 FASTST   M    M   3    MAX(MPH)
                                 MISC ---->  # 26  90               # 38   90
================================================================================
NOTES:
# LAST OF SEVERAL OCCURRENCES

COLUMN 17 PEAK WIND IN M.P.H.

PRELIMINARY LOCAL CLIMATOLOGICAL DATA (WS FORM: F-6) , PAGE 2

                                          STATION:  VANCOUVER WA
                                          MONTH:    MARCH
                                          YEAR:     2019
                                          LATITUDE:   45 37 N
                                          LONGITUDE: 122 39 W

[TEMPERATURE DATA]      [PRECIPITATION DATA]       SYMBOLS USED IN COLUMN 16

AVERAGE MONTHLY: 40.9   TOTAL FOR MONTH:   0.93    1 = FOG OR MIST
DPTR FM NORMAL:  -6.0   DPTR FM NORMAL:   -1.20    2 = FOG REDUCING VISIBILITY
HIGHEST:    71 ON 17    GRTST 24HR  0.39 ON 12-12      TO 1/4 MILE OR LESS
LOWEST:     20 ON  5                               3 = THUNDER
                        SNOW, ICE PELLETS, HAIL    4 = ICE PELLETS
                        TOTAL MONTH:   0.0 INCH    5 = HAIL
                        GRTST 24HR     0.0         6 = FREEZING RAIN OR DRIZZLE
                        GRTST DEPTH:   0           7 = DUSTSTORM OR SANDSTORM:
                                                       VSBY 1/2 MILE OR LESS
                                                   8 = SMOKE OR HAZE
[NO. OF DAYS WITH]      [WEATHER - DAYS WITH]      9 = BLOWING SNOW
                                                   X = TORNADO
MAX 32 OR BELOW:   0    0.01 INCH OR MORE:   7
MAX 90 OR ABOVE:   0    0.10 INCH OR MORE:   3
MIN 32 OR BELOW:  11    0.50 INCH OR MORE:   0
MIN  0 OR BELOW:   0    1.00 INCH OR MORE:   0

[HDD (BASE 65) ]
TOTAL THIS MO.   430    CLEAR  (SCALE 0-3)  10
DPTR FM NORMAL   104    PTCLDY (SCALE 4-7)   5
TOTAL FM JUL 1  3557    CLOUDY (SCALE 8-10)  3
DPTR FM NORMAL   117

[CDD (BASE 65) ]
TOTAL THIS MO.     0
DPTR FM NORMAL     0    [PRESSURE DATA]
TOTAL FM JAN 1     0    HIGHEST SLP M ON M
DPTR FM NORMAL     0    LOWEST  SLP 29.61 ON  6

[REMARKS]
