000
CXUS51 KAKQ 220833
CF6WAL
PRELIMINARY LOCAL CLIMATOLOGICAL DATA (WS FORM: F-6)

                                          STATION:   WALLOPS ISLAND VA
                                          MONTH:     MAY
                                          YEAR:      2019
                                          LATITUDE:   37 55 N
                                          LONGITUDE:  75 28 W

  TEMPERATURE IN F:       :PCPN:    SNOW:  WIND      :SUNSHINE: SKY     :PK WND
================================================================================
1   2   3   4   5  6A  6B    7    8   9   10  11  12  13   14  15   16   17  18
                                     12Z  AVG MX 2MIN
DY MAX MIN AVG DEP HDD CDD  WTR  SNW DPTH SPD SPD DIR MIN PSBL S-S WX    SPD DR
================================================================================

 1  75  59  67   9   0   2 0.00  0.0    0 11.6 22 200   M    M   5        29 200
 2  87  62  75  16   0  10 0.00  0.0    0 10.4 17 250   M    M   2 1      26 230
 3  81  62  72  13   0   7 0.00  0.0    0 10.7 21 180   M    M   2 1      26 180
 4  83  66  75  16   0  10 0.04  0.0    0  8.7 16 160   M    M   4 1      19 250
 5  69  55  62   2   3   0 0.18  0.0    0  8.3 16 340   M    M  10 12     23 330
 6  71  53  62   2   3   0 0.02  0.0    0  7.0 15 350   M    M   6 1      20 350
 7  71  55  63   3   2   0 0.00  0.0    0  9.4 16 180   M    M   1        20 200
 8  77  60  69   9   0   4 0.00  0.0    0  9.2 20  50   M    M   4        24  50
 9  75  62  69   8   0   4    T  0.0    0 10.1 16 180   M    M   5        22 180
10  77  65  71  10   0   6 0.00  0.0    0 14.8 23 200   M    M   3        32 190
11  75  63  69   8   0   4 0.12  0.0    0  8.0 17  60   M    M   7 1      20  70
12  75  54  65   3   0   0 0.59  0.0    0  9.3 25  40   M    M   8 18     31  30
13  61  51  56  -6   9   0 0.62  0.0    0 11.0 22  50   M    M  10 1      29  60
14  64  49  57  -5   8   0 0.03  0.0    0  6.7 18 310   M    M   7 1      26 310
15  71  48  60  -2   5   0 0.01  0.0    0  9.3 16 240   M    M   2        23 280
16  71  61  66   3   0   1    T  0.0    0  8.4 16 140   M    M   3        20 330
17  81  58  70   7   0   5    T  0.0    0  7.1 17 180   M    M   3        25 220
18  77  64  71   8   0   6 0.00  0.0    0  8.3 18  50   M    M   0        21  50
19  78  64  71   7   0   6 0.00  0.0    0 11.6 21 190   M    M   5 12     28 190
20  88  68  78  14   0  13    T  0.0    0 11.9 23 190   M    M   3        29 190
21  76  58  67   3   0   2 0.00  0.0    0  7.2 17 310   M    M   2        22 330
================================================================================
SM 1583 1237        30  80  1.61     0.0 199.0          M       92
================================================================================
AV 75.4 58.9                               9.5 FASTST   M    M   4    MAX(MPH)
                                 MISC ---->  # 25  40               # 32  190
================================================================================
NOTES:
# LAST OF SEVERAL OCCURRENCES

COLUMN 17 PEAK WIND IN M.P.H.

PRELIMINARY LOCAL CLIMATOLOGICAL DATA (WS FORM: F-6) , PAGE 2

                                          STATION:  WALLOPS ISLAND VA
                                          MONTH:    MAY
                                          YEAR:     2019
                                          LATITUDE:   37 55 N
                                          LONGITUDE:  75 28 W

[TEMPERATURE DATA]      [PRECIPITATION DATA]       SYMBOLS USED IN COLUMN 16

AVERAGE MONTHLY: 67.1   TOTAL FOR MONTH:   1.61    1 = FOG OR MIST
DPTR FM NORMAL:   5.9   DPTR FM NORMAL:   -0.28    2 = FOG REDUCING VISIBILITY
HIGHEST:    88 ON 20    GRTST 24HR  0.62 ON 13-13      TO 1/4 MILE OR LESS
LOWEST:     48 ON 15                               3 = THUNDER
                        SNOW, ICE PELLETS, HAIL    4 = ICE PELLETS
                        TOTAL MONTH:   0.0 INCH    5 = HAIL
                        GRTST 24HR     0.0         6 = FREEZING RAIN OR DRIZZLE
                        GRTST DEPTH:   0           7 = DUSTSTORM OR SANDSTORM:
                                                       VSBY 1/2 MILE OR LESS
                                                   8 = SMOKE OR HAZE
[NO. OF DAYS WITH]      [WEATHER - DAYS WITH]      9 = BLOWING SNOW
                                                   X = TORNADO
MAX 32 OR BELOW:   0    0.01 INCH OR MORE:   8
MAX 90 OR ABOVE:   0    0.10 INCH OR MORE:   4
MIN 32 OR BELOW:   0    0.50 INCH OR MORE:   2
MIN  0 OR BELOW:   0    1.00 INCH OR MORE:   0

[HDD (BASE 65) ]
TOTAL THIS MO.    30    CLEAR  (SCALE 0-3)   9
DPTR FM NORMAL   -78    PTCLDY (SCALE 4-7)  10
TOTAL FM JUL 1  3473    CLOUDY (SCALE 8-10)  2
DPTR FM NORMAL  -677

[CDD (BASE 65) ]
TOTAL THIS MO.    80
DPTR FM NORMAL    51    [PRESSURE DATA]
TOTAL FM JAN 1    99    HIGHEST SLP M ON M
DPTR FM NORMAL    59    LOWEST  SLP 29.59 ON  5

[REMARKS]
