000
CXUS56 KLOX 251655
CF6WJF
PRELIMINARY LOCAL CLIMATOLOGICAL DATA (WS FORM: F-6)

                                          STATION:   LANCASTER FOX FIELD CA
                                          MONTH:     MAY
                                          YEAR:      2019
                                          LATITUDE:   34 43 N
                                          LONGITUDE: 118 13 W

  TEMPERATURE IN F:       :PCPN:    SNOW:  WIND      :SUNSHINE: SKY     :PK WND
================================================================================
1   2   3   4   5  6A  6B    7    8   9   10  11  12  13   14  15   16   17  18
                                     12Z  AVG MX 2MIN
DY MAX MIN AVG DEP HDD CDD  WTR  SNW DPTH SPD SPD DIR MIN PSBL S-S WX    SPD DR
================================================================================

 1  75  45  60  -4   5   0 0.00  0.0    0  9.2 23 240   M    M   0        29 240
 2  81  47  64   0   1   0 0.00  0.0    0  6.6 22 250   M    M   0        26 260
 3  84  42  63  -1   2   0 0.00  0.0    0  9.1 24 260   M    M   0        30 200
 4  82  53  68   3   0   3 0.00  0.0    0 13.3 26 210   M    M   0        33 210
 5  73  51  62  -3   3   0 0.00  0.0    0 17.7 30 220   M    M   0        36 230
 6  67  49  58  -7   7   0 0.00  0.0    0 17.3 25 220   M    M   1        34 250
 7  71  51  61  -5   4   0 0.00  0.0    0 20.1 33 220   M    M   0        44 240
 8  84  52  68   2   0   3 0.00  0.0    0 16.9 29 250   M    M   0        36 250
 9  74  53  64  -2   1   0 0.00  0.0    0 16.6 35 240   M    M   0        45 240
10  60  51  56 -11   9   0    T  0.0    0  5.5 20  70   M    M  10 1      23 240
11  79  51  65  -2   0   0 0.01  0.0    0  5.3 17  80   M    M   5        22  80
12  88  50  69   2   0   4 0.00  0.0    0  8.1 24 240   M    M   0        30 250
13  86  60  73   5   0   8 0.00  0.0    0 14.5 26 250   M    M   0        31 250
14  83  56  70   2   0   5 0.00  0.0    0 11.7 23 220   M    M   0        30 220
15  74  53  64  -4   1   0 0.00  0.0    0 15.5 26 240   M    M   1        31 240
16  65  48  57 -11   8   0 0.03    M    0 18.3 31 280   M    M   9 1      38 270
17  64  46  55 -14  10   0 0.00  0.0    0 20.3 36 270   M    M   1        44 270
18  73  38  56 -13   9   0 0.02    M    0 12.0 29 240   M    M   3        35 230
19  60  46  53 -16  12   0 0.47    M    0 16.6 29 240   M    M   8 1      37 240
20  62  44  53 -16  12   0 0.00  0.0    0 25.5 43 280   M    M   1 8      49 280
21  63  48  56 -14   9   0 0.00  0.0    0 25.3 41 280   M    M   2 8      48 280
22  63  45  54 -16  11   0    T    M    0 15.8 31 250   M    M   3        37 250
23  63  50  57 -13   8   0    T  0.0    0 18.1 31 240   M    M   8        38 240
24  76  41  59 -11   6   0 0.00  0.0    0  8.1 18 250   M    M   1        23 240
================================================================================
SM 1750 1170       118  23  0.53     0.0 347.4          M       53
================================================================================
AV 72.9 48.8                              14.5 FASTST   M    M   2    MAX(MPH)
                                 MISC ---->    43   M                 49    M
================================================================================
NOTES:
# LAST OF SEVERAL OCCURRENCES

COLUMN 17 PEAK WIND IN M.P.H.

PRELIMINARY LOCAL CLIMATOLOGICAL DATA (WS FORM: F-6) , PAGE 2

                                          STATION:  LANCASTER FOX FIELD CA
                                          MONTH:    MAY
                                          YEAR:     2019
                                          LATITUDE:   34 43 N
                                          LONGITUDE: 118 13 W

[TEMPERATURE DATA]      [PRECIPITATION DATA]       SYMBOLS USED IN COLUMN 16

AVERAGE MONTHLY: 60.8   TOTAL FOR MONTH:   0.53    1 = FOG OR MIST
DPTR FM NORMAL:  -6.4   DPTR FM NORMAL:    0.45    2 = FOG REDUCING VISIBILITY
HIGHEST:    88 ON 12    GRTST 24HR  0.47 ON 19-19      TO 1/4 MILE OR LESS
LOWEST:     38 ON 18                               3 = THUNDER
                        SNOW, ICE PELLETS, HAIL    4 = ICE PELLETS
                        TOTAL MONTH:   0.0 INCH    5 = HAIL
                        GRTST 24HR     0.0         6 = FREEZING RAIN OR DRIZZLE
                        GRTST DEPTH:   0           7 = DUSTSTORM OR SANDSTORM:
                                                       VSBY 1/2 MILE OR LESS
                                                   8 = SMOKE OR HAZE
[NO. OF DAYS WITH]      [WEATHER - DAYS WITH]      9 = BLOWING SNOW
                                                   X = TORNADO
MAX 32 OR BELOW:   0    0.01 INCH OR MORE:   4
MAX 90 OR ABOVE:   0    0.10 INCH OR MORE:   1
MIN 32 OR BELOW:   0    0.50 INCH OR MORE:   0
MIN  0 OR BELOW:   0    1.00 INCH OR MORE:   0

[HDD (BASE 65) ]
TOTAL THIS MO.   118    CLEAR  (SCALE 0-3)  17
DPTR FM NORMAL    65    PTCLDY (SCALE 4-7)   5
TOTAL FM JUL 1  3018    CLOUDY (SCALE 8-10)  2
DPTR FM NORMAL    97

[CDD (BASE 65) ]
TOTAL THIS MO.    23
DPTR FM NORMAL   -84    [PRESSURE DATA]
TOTAL FM JAN 1    67    HIGHEST SLP M ON M
DPTR FM NORMAL   -70    LOWEST  SLP 29.66 ON 22

[REMARKS]
